{"id":5999,"date":"2023-03-06T21:14:57","date_gmt":"2023-03-07T00:14:57","guid":{"rendered":"https:\/\/portal.unisepe.com.br\/saolourenco\/?page_id=5999"},"modified":"2023-03-06T21:14:57","modified_gmt":"2023-03-07T00:14:57","slug":"cte","status":"publish","type":"page","link":"https:\/\/portal.unisepe.com.br\/saolourenco\/cte\/","title":{"rendered":"CTE"},"content":{"rendered":"<p>O Centro de Tecnologia Educacional \u00e9 o setor respons\u00e1vel pela manuten\u00e7\u00e3o e suporte t\u00e9cnico para discentes e docentes do Portal Acad\u00eamico da IES.<\/p>\n<p>Contato<\/p>\n<p>Tel: (35) 3332-2002<\/p>\n<p>e-mail: cte@faculdadesaolourenco.com.br<\/p>\n","protected":false},"excerpt":{"rendered":"<p>O Centro de Tecnologia Educacional \u00e9 o setor respons\u00e1vel pela manuten\u00e7\u00e3o e suporte t\u00e9cnico para discentes e docentes do Portal Acad\u00eamico da IES. Contato Tel: (35) 3332-2002 e-mail: cte@faculdadesaolourenco.com.br<\/p>\n","protected":false},"author":4,"featured_media":0,"parent":0,"menu_order":0,"comment_status":"closed","ping_status":"closed","template":"","meta":{"footnotes":""},"categories":[],"tags":[],"class_list":["post-5999","page","type-page","status-publish","hentry"],"_links":{"self":[{"href":"https:\/\/portal.unisepe.com.br\/saolourenco\/wp-json\/wp\/v2\/pages\/5999","targetHints":{"allow":["GET"]}}],"collection":[{"href":"https:\/\/portal.unisepe.com.br\/saolourenco\/wp-json\/wp\/v2\/pages"}],"about":[{"href":"https:\/\/portal.unisepe.com.br\/saolourenco\/wp-json\/wp\/v2\/types\/page"}],"author":[{"embeddable":true,"href":"https:\/\/portal.unisepe.com.br\/saolourenco\/wp-json\/wp\/v2\/users\/4"}],"replies":[{"embeddable":true,"href":"https:\/\/portal.unisepe.com.br\/saolourenco\/wp-json\/wp\/v2\/comments?post=5999"}],"version-history":[{"count":1,"href":"https:\/\/portal.unisepe.com.br\/saolourenco\/wp-json\/wp\/v2\/pages\/5999\/revisions"}],"predecessor-version":[{"id":6000,"href":"https:\/\/portal.unisepe.com.br\/saolourenco\/wp-json\/wp\/v2\/pages\/5999\/revisions\/6000"}],"wp:attachment":[{"href":"https:\/\/portal.unisepe.com.br\/saolourenco\/wp-json\/wp\/v2\/media?parent=5999"}],"wp:term":[{"taxonomy":"category","embeddable":true,"href":"https:\/\/portal.unisepe.com.br\/saolourenco\/wp-json\/wp\/v2\/categories?post=5999"},{"taxonomy":"post_tag","embeddable":true,"href":"https:\/\/portal.unisepe.com.br\/saolourenco\/wp-json\/wp\/v2\/tags?post=5999"}],"curies":[{"name":"wp","href":"https:\/\/api.w.org\/{rel}","templated":true}]}}