{"id":6301,"date":"2023-05-17T18:38:53","date_gmt":"2023-05-17T21:38:53","guid":{"rendered":"https:\/\/portal.unisepe.com.br\/saolourenco\/?page_id=6301"},"modified":"2023-05-17T18:39:23","modified_gmt":"2023-05-17T21:39:23","slug":"2021-2","status":"publish","type":"page","link":"https:\/\/portal.unisepe.com.br\/saolourenco\/biblioteca\/repositorio-2\/nutricao\/2021-2\/","title":{"rendered":"2021"},"content":{"rendered":"<h1 style=\"text-align: center\"><strong>TCC 2021<\/strong><\/h1>\n<p>&nbsp;<\/p>\n<p>&nbsp;<\/p>\n<ol>\n<li style=\"text-align: left\"><span style=\"color: #3366ff\"><em><strong><a href=\"https:\/\/portal.unisepe.com.br\/saolourenco\/wp-content\/uploads\/sites\/10005\/2023\/05\/A-IMPORT\u00c2NCIA-DO-EQUIL\u00cdBRIO-DOS-MACRONUTRIENTES-PARA-A-HIPERTROFIA-MUSCULAR.pdf\" style=\"color: #3366ff\">A IMPORT\u00c2NCIA DO EQUIL\u00cdBRIO DOS MACRONUTRIENTES PARA A HIPERTROFIA MUSCULAR<\/a> <\/strong><\/em><\/span><\/li>\n<li style=\"text-align: left\"><span style=\"color: #3366ff\"><em><strong><a href=\"https:\/\/portal.unisepe.com.br\/saolourenco\/wp-content\/uploads\/sites\/10005\/2023\/05\/C\u00c2NCER-DE-C\u00d3LON-E-A-INFLU\u00caNCIA-DOS-PROBI\u00d3TICOS-NA-MANUTEN\u00c7\u00c3O-DA-MICROBIOTA-INTESTINAL.pdf\" style=\"color: #3366ff\">C\u00c2NCER DE C\u00d3LON E A INFLU\u00caNCIA DOS PROBI\u00d3TICOS NA MANUTEN\u00c7\u00c3O DA MICROBIOTA INTESTINAL<\/a> <\/strong><\/em><\/span><\/li>\n<li style=\"text-align: left\"><span style=\"color: #3366ff\"><em><strong><a href=\"https:\/\/portal.unisepe.com.br\/saolourenco\/wp-content\/uploads\/sites\/10005\/2023\/05\/CONSEQU\u00caNCIAS-DO-ESTRESSE-NO-COMPORTAMENTO.pdf\" style=\"color: #3366ff\">CONSEQU\u00caNCIAS DO ESTRESSE NO COMPORTAMENTO<\/a> <\/strong><\/em><\/span><\/li>\n<li style=\"text-align: left\"><span style=\"color: #3366ff\"><em><strong><a href=\"https:\/\/portal.unisepe.com.br\/saolourenco\/wp-content\/uploads\/sites\/10005\/2023\/05\/ESTRAT\u00c9GIA-NUTRICIONAL-PARA-PACIENTES-COM-DOEN\u00c7A-RENAL-CR\u00d4NICA-EM-HEMODI\u00c1LISE.pdf\" style=\"color: #3366ff\">ESTRAT\u00c9GIA NUTRICIONAL PARA PACIENTES COM DOEN\u00c7A RENAL CR\u00d4NICA EM HEMODI\u00c1LISE<\/a> <\/strong><\/em><\/span><\/li>\n<li style=\"text-align: left\"><span style=\"color: #3366ff\"><em><strong><a href=\"https:\/\/portal.unisepe.com.br\/saolourenco\/wp-content\/uploads\/sites\/10005\/2023\/05\/IMPLANTA\u00c7\u00c3O-DE-NORMA-GLOBAL-FOOD-SAFETY-INITIATIVE-GFSI-EM-UMA-IND\u00daSTRIA-DE-PEQUENO-PORTE-DO-SETOR-ALIMENT\u00cdCIO-NO-SUL-DE-MINAS-GERAIS.pdf\" style=\"color: #3366ff\">IMPLANTA\u00c7\u00c3O DE NORMA GLOBAL FOOD SAFETY INITIATIVE (GFSI) EM UMA IND\u00daSTRIA DE PEQUENO PORTE DO SETOR ALIMENT\u00cdCIO NO SUL DE MINAS GERAIS<\/a><\/strong><\/em><\/span><\/li>\n<li style=\"text-align: left\"><span style=\"color: #3366ff\"><em><strong> <a href=\"https:\/\/portal.unisepe.com.br\/saolourenco\/wp-content\/uploads\/sites\/10005\/2023\/05\/LILIANE-DAISE-HELENA-CARNEIRO-SANTOS.pdf\" style=\"color: #3366ff\">O IMPACTO DA PANDEMIA NOS TRANSTORNOS ALIMENTARES<\/a><\/strong><\/em><\/span><\/li>\n<li style=\"text-align: left\"><span style=\"color: #3366ff\"><em><strong><a href=\"https:\/\/portal.unisepe.com.br\/saolourenco\/wp-content\/uploads\/sites\/10005\/2023\/05\/O-IMPACTO-DA-SUPLEMENTA\u00c7\u00c3O-DE-BETA-ALANINA-NO-RENDIMENTO-DO-ATLETA-DE-ALTA-PERFORMANCE.pdf\" style=\"color: #3366ff\">O IMPACTO DA SUPLEMENTA\u00c7\u00c3O DE BETA-ALANINA NO RENDIMENTO DO ATLETA DE ALTA PERFORMANCE<\/a> <\/strong><\/em><\/span><\/li>\n<li style=\"text-align: left\"><span style=\"color: #3366ff\"><em><strong><a href=\"https:\/\/portal.unisepe.com.br\/saolourenco\/wp-content\/uploads\/sites\/10005\/2023\/05\/REVIS\u00c3O-BIBLIOGR\u00c1FICA-SOBRE-A-ASSOCIA\u00c7\u00c3O-ENTRE-A-PERDA-PONDERAL-DE-PESO-E-O-TRATAMENTO-DE-C\u00c2NCER.pdf\" style=\"color: #3366ff\">REVIS\u00c3O BIBLIOGR\u00c1FICA SOBRE A ASSOCIA\u00c7\u00c3O ENTRE A PERDA PONDERAL DE PESO E O TRATAMENTO DE C\u00c2NCER<\/a> <\/strong><\/em><\/span><\/li>\n<li style=\"text-align: left\"><span style=\"color: #3366ff\"><em><strong><a href=\"https:\/\/portal.unisepe.com.br\/saolourenco\/wp-content\/uploads\/sites\/10005\/2023\/05\/REVIS\u00c3O-BIBLIOGR\u00c1FICA-SOBRE-A-INFLU\u00caNCIA-DA-M\u00cdDIA-NA-PERCEP\u00c7\u00c3O-CORPORAL-ENTRE-ADOLESCENTES.pdf\" style=\"color: #3366ff\">REVIS\u00c3O BIBLIOGR\u00c1FICA SOBRE A INFLU\u00caNCIA DA M\u00cdDIA NA PERCEP\u00c7\u00c3O CORPORAL ENTRE ADOLESCENTES<\/a> <\/strong><\/em><\/span><\/li>\n<li style=\"text-align: left\"><span style=\"color: #3366ff\"><em><strong><a href=\"https:\/\/portal.unisepe.com.br\/saolourenco\/wp-content\/uploads\/sites\/10005\/2023\/05\/REVIS\u00c3O-BIBLIOGR\u00c1FICA-SOBRE-OS-M\u00c9TODOS-DE.pdf\" style=\"color: #3366ff\">REVIS\u00c3O BIBLIOGR\u00c1FICA SOBRE OS M\u00c9TODOS DE DIAGN\u00d3STICO DE DESNUTRI\u00c7\u00c3O DO PACIENTE HOSPITALIZADO\u00a0<\/a><\/strong><\/em><\/span><\/li>\n<\/ol>\n","protected":false},"excerpt":{"rendered":"<p>TCC 2021 &nbsp; &nbsp; A IMPORT\u00c2NCIA DO EQUIL\u00cdBRIO DOS MACRONUTRIENTES PARA A HIPERTROFIA MUSCULAR C\u00c2NCER DE C\u00d3LON E A INFLU\u00caNCIA DOS PROBI\u00d3TICOS NA MANUTEN\u00c7\u00c3O DA MICROBIOTA INTESTINAL CONSEQU\u00caNCIAS DO ESTRESSE NO COMPORTAMENTO ESTRAT\u00c9GIA NUTRICIONAL PARA PACIENTES COM DOEN\u00c7A RENAL CR\u00d4NICA EM HEMODI\u00c1LISE IMPLANTA\u00c7\u00c3O DE NORMA GLOBAL FOOD SAFETY INITIATIVE (GFSI)<\/p>\n","protected":false},"author":4,"featured_media":0,"parent":6288,"menu_order":0,"comment_status":"closed","ping_status":"closed","template":"templates\/template-pagina_menu_vertical.php","meta":{"footnotes":""},"categories":[],"tags":[],"class_list":["post-6301","page","type-page","status-publish","hentry"],"_links":{"self":[{"href":"https:\/\/portal.unisepe.com.br\/saolourenco\/wp-json\/wp\/v2\/pages\/6301","targetHints":{"allow":["GET"]}}],"collection":[{"href":"https:\/\/portal.unisepe.com.br\/saolourenco\/wp-json\/wp\/v2\/pages"}],"about":[{"href":"https:\/\/portal.unisepe.com.br\/saolourenco\/wp-json\/wp\/v2\/types\/page"}],"author":[{"embeddable":true,"href":"https:\/\/portal.unisepe.com.br\/saolourenco\/wp-json\/wp\/v2\/users\/4"}],"replies":[{"embeddable":true,"href":"https:\/\/portal.unisepe.com.br\/saolourenco\/wp-json\/wp\/v2\/comments?post=6301"}],"version-history":[{"count":3,"href":"https:\/\/portal.unisepe.com.br\/saolourenco\/wp-json\/wp\/v2\/pages\/6301\/revisions"}],"predecessor-version":[{"id":6315,"href":"https:\/\/portal.unisepe.com.br\/saolourenco\/wp-json\/wp\/v2\/pages\/6301\/revisions\/6315"}],"up":[{"embeddable":true,"href":"https:\/\/portal.unisepe.com.br\/saolourenco\/wp-json\/wp\/v2\/pages\/6288"}],"wp:attachment":[{"href":"https:\/\/portal.unisepe.com.br\/saolourenco\/wp-json\/wp\/v2\/media?parent=6301"}],"wp:term":[{"taxonomy":"category","embeddable":true,"href":"https:\/\/portal.unisepe.com.br\/saolourenco\/wp-json\/wp\/v2\/categories?post=6301"},{"taxonomy":"post_tag","embeddable":true,"href":"https:\/\/portal.unisepe.com.br\/saolourenco\/wp-json\/wp\/v2\/tags?post=6301"}],"curies":[{"name":"wp","href":"https:\/\/api.w.org\/{rel}","templated":true}]}}