{"id":799,"date":"2016-07-14T22:28:24","date_gmt":"2016-07-14T22:28:24","guid":{"rendered":"http:\/\/www.fvr.edu.br\/fvr\/site\/?page_id=799"},"modified":"2025-04-22T19:51:47","modified_gmt":"2025-04-22T22:51:47","slug":"manuais-institucionais","status":"publish","type":"page","link":"https:\/\/portal.unisepe.com.br\/saolourenco\/manuais-editais-e-regulamentos\/manuais-institucionais\/","title":{"rendered":"Manuais Institucionais"},"content":{"rendered":"<p><strong>Manuais Institucionais<\/strong><\/p>\n<p>&nbsp;<\/p>\n<ul>\n<li><a href=\"https:\/\/portal.unisepe.com.br\/saolourenco\/wp-content\/uploads\/sites\/10005\/2025\/04\/Resolucao-02-2025-TCC-DIREITO.pdf\" target=\"_blank\" rel=\"noopener\">Resolu\u00e7\u00e3o 02-2025 TCC &#8211; DIREITO<\/a><\/li>\n<li><a href=\"https:\/\/portal.unisepe.com.br\/wp-content\/uploads\/2024\/02\/UNISEPE-SECRETARIA-VIRUTAL-DISCENTE-.pdf\" target=\"_blank\" rel=\"noopener noreferrer\">Manual Secretaria Virtual<\/a><\/li>\n<li><a href=\"http:\/\/portal.unisepe.com.br\/saolourenco\/wp-content\/uploads\/sites\/10005\/2018\/09\/manual_de_normas.pdf\" target=\"_blank\" rel=\"noopener noreferrer\">Manual de Normas<\/a><\/li>\n<li><a href=\"http:\/\/portal.unisepe.com.br\/saolourenco\/wp-content\/uploads\/sites\/10005\/2018\/09\/Manual-de-Procedimentos-Atividades-Complementares.pdf\" target=\"_blank\" rel=\"noopener noreferrer\">Manual de Procedimentos Atividades Complementares<\/a><\/li>\n<li><a href=\"https:\/\/portal.unisepe.com.br\/saolourenco\/wp-content\/uploads\/sites\/10005\/2022\/05\/ALUNO-MANUAL-REMATRICULA.pdf\" target=\"_blank\" rel=\"noopener noreferrer\">Manual de Rematr\u00edcula<\/a><\/li>\n<li><a href=\"http:\/\/portal.unisepe.com.br\/saolourenco\/wp-content\/uploads\/sites\/10005\/2018\/09\/manual_do_artigo_cientifico.pdf\" target=\"_blank\" rel=\"noopener noreferrer\">Manual do Artigo Cient\u00edfico<\/a><\/li>\n<li><a href=\"http:\/\/portal.unisepe.com.br\/saolourenco\/wp-content\/uploads\/sites\/10005\/2018\/09\/manual_de_relatorio_cientifico.pdf\" target=\"_blank\" rel=\"noopener noreferrer\">Manual do Relat\u00f3rio Cient\u00edfico<\/a><\/li>\n<li><a href=\"https:\/\/portal.unisepe.com.br\/saolourenco\/wp-content\/uploads\/sites\/10005\/2022\/03\/biosseguran\u00e7a.pdf\" target=\"_blank\" rel=\"noopener noreferrer\">Manual Institucional de Biosseguran\u00e7a<\/a><\/li>\n<li><a href=\"http:\/\/portal.unisepe.com.br\/saolourenco\/wp-content\/uploads\/sites\/10005\/2020\/07\/Renova\u00e7\u00e3o_Benef\u00edcio.pdf\" target=\"_blank\" rel=\"noopener noreferrer\">Manual Renova\u00e7\u00e3o de Benef\u00edcios<\/a><\/li>\n<\/ul>\n<p><strong>Normas<\/strong><\/p>\n<ul>\n<li><a href=\"https:\/\/portal.unisepe.com.br\/saolourenco\/wp-content\/uploads\/sites\/10005\/2022\/05\/UNISEPE-NORMAS-PARA-USO-DE-INTERNET.pdf\" target=\"_blank\" rel=\"noopener noreferrer\">Normas para uso de internet<\/a><\/li>\n<\/ul>\n<p><strong>Informativos<\/strong><\/p>\n<ul>\n<li><a href=\"https:\/\/portal.unisepe.com.br\/saolourenco\/wp-content\/uploads\/sites\/10005\/2018\/12\/slide_aviso_virus_2018_SLourenco.pdf\" target=\"_blank\" rel=\"noopener noreferrer\">Informativo &#8211; Identificando Boletos Unisepe para n\u00e3o ser v\u00edtima de v\u00edrus<\/a><\/li>\n<\/ul>\n<p><strong>Regulamentos<\/strong><\/p>\n<ul>\n<li><a href=\"https:\/\/portal.unisepe.com.br\/saolourenco\/wp-content\/uploads\/sites\/10005\/2022\/03\/ManualLaboratorios.pdf\" target=\"_blank\" rel=\"noopener noreferrer\">Regulamento de todos\u00a0 Laborat\u00f3rios.<\/a><\/li>\n<li><a href=\"https:\/\/portal.unisepe.com.br\/saolourenco\/wp-content\/uploads\/sites\/10005\/2022\/03\/RegLaboratorios.pdf\" target=\"_blank\" rel=\"noopener noreferrer\">Regulamento Institucional de Pol\u00edticas de Uso e Funcionamento dos Laborat\u00f3rios de Inform\u00e1tica<\/a><\/li>\n<\/ul>\n","protected":false},"excerpt":{"rendered":"<p>Manuais Institucionais &nbsp; Resolu\u00e7\u00e3o 02-2025 TCC &#8211; DIREITO Manual Secretaria Virtual Manual de Normas Manual de Procedimentos Atividades Complementares Manual de Rematr\u00edcula Manual do Artigo Cient\u00edfico Manual do Relat\u00f3rio Cient\u00edfico Manual Institucional de Biosseguran\u00e7a Manual Renova\u00e7\u00e3o de Benef\u00edcios Normas Normas para uso de internet Informativos Informativo &#8211; Identificando Boletos Unisepe<\/p>\n","protected":false},"author":1,"featured_media":0,"parent":788,"menu_order":0,"comment_status":"closed","ping_status":"closed","template":"templates\/template-pagina_menu_vertical.php","meta":{"footnotes":""},"categories":[],"tags":[],"class_list":["post-799","page","type-page","status-publish","hentry"],"_links":{"self":[{"href":"https:\/\/portal.unisepe.com.br\/saolourenco\/wp-json\/wp\/v2\/pages\/799","targetHints":{"allow":["GET"]}}],"collection":[{"href":"https:\/\/portal.unisepe.com.br\/saolourenco\/wp-json\/wp\/v2\/pages"}],"about":[{"href":"https:\/\/portal.unisepe.com.br\/saolourenco\/wp-json\/wp\/v2\/types\/page"}],"author":[{"embeddable":true,"href":"https:\/\/portal.unisepe.com.br\/saolourenco\/wp-json\/wp\/v2\/users\/1"}],"replies":[{"embeddable":true,"href":"https:\/\/portal.unisepe.com.br\/saolourenco\/wp-json\/wp\/v2\/comments?post=799"}],"version-history":[{"count":23,"href":"https:\/\/portal.unisepe.com.br\/saolourenco\/wp-json\/wp\/v2\/pages\/799\/revisions"}],"predecessor-version":[{"id":6736,"href":"https:\/\/portal.unisepe.com.br\/saolourenco\/wp-json\/wp\/v2\/pages\/799\/revisions\/6736"}],"up":[{"embeddable":true,"href":"https:\/\/portal.unisepe.com.br\/saolourenco\/wp-json\/wp\/v2\/pages\/788"}],"wp:attachment":[{"href":"https:\/\/portal.unisepe.com.br\/saolourenco\/wp-json\/wp\/v2\/media?parent=799"}],"wp:term":[{"taxonomy":"category","embeddable":true,"href":"https:\/\/portal.unisepe.com.br\/saolourenco\/wp-json\/wp\/v2\/categories?post=799"},{"taxonomy":"post_tag","embeddable":true,"href":"https:\/\/portal.unisepe.com.br\/saolourenco\/wp-json\/wp\/v2\/tags?post=799"}],"curies":[{"name":"wp","href":"https:\/\/api.w.org\/{rel}","templated":true}]}}