{"id":10398,"date":"2024-10-07T17:10:46","date_gmt":"2024-10-07T20:10:46","guid":{"rendered":"https:\/\/portal.unisepe.com.br\/unifia\/?page_id=10398"},"modified":"2025-10-30T19:13:06","modified_gmt":"2025-10-30T22:13:06","slug":"viii-jornada-cientifica-do-unifia-2024","status":"publish","type":"page","link":"https:\/\/portal.unisepe.com.br\/unifia\/jornada-cientifica-unifia\/viii-jornada-cientifica-do-unifia-2024\/","title":{"rendered":"VIII Jornada Cient\u00edfica do UNIFIA &#8211; 2024"},"content":{"rendered":"<p><img loading=\"lazy\" decoding=\"async\" src=\"https:\/\/portal.unisepe.com.br\/unifia\/wp-content\/uploads\/sites\/10001\/2024\/10\/Logo-da-Jornada-Cient\u00edfica-2024.jpg\" alt=\"\" width=\"301\" height=\"301\" class=\"alignleft wp-image-10397\" srcset=\"https:\/\/portal.unisepe.com.br\/unifia\/wp-content\/uploads\/sites\/10001\/2024\/10\/Logo-da-Jornada-Cient\u00edfica-2024.jpg 500w, https:\/\/portal.unisepe.com.br\/unifia\/wp-content\/uploads\/sites\/10001\/2024\/10\/Logo-da-Jornada-Cient\u00edfica-2024-300x300.jpg 300w, https:\/\/portal.unisepe.com.br\/unifia\/wp-content\/uploads\/sites\/10001\/2024\/10\/Logo-da-Jornada-Cient\u00edfica-2024-150x150.jpg 150w, https:\/\/portal.unisepe.com.br\/unifia\/wp-content\/uploads\/sites\/10001\/2024\/10\/Logo-da-Jornada-Cient\u00edfica-2024-225x225.jpg 225w\" sizes=\"auto, (max-width: 301px) 100vw, 301px\" \/><span style=\"color: #000000\"><strong>VIII Jornada Cient\u00edfica do UNIFIA &#8211; 2024<\/strong><\/span><\/p>\n<p>O Centro Universit\u00e1rio Amparense \u2013 UNIFIA atrav\u00e9s da Coordena\u00e7\u00e3o de Pesquisa e Extens\u00e3o \u2013 CPEX, tem como tradi\u00e7\u00e3o a realiza\u00e7\u00e3o da <strong>VIII Jornada Cient\u00edfica<\/strong>, evento que tem como objetivo o est\u00edmulo \u00e0 produ\u00e7\u00e3o cient\u00edfica e tecnol\u00f3gica de discentes e docentes, al\u00e9m da socializa\u00e7\u00e3o de trabalhos e pesquisas com o meio acad\u00eamico.<\/p>\n<p>Em 2024 ser\u00e1 realizada a oitava edi\u00e7\u00e3o do evento que contar\u00e1 com apresenta\u00e7\u00f5es de trabalhos na forma de p\u00f4ster.<\/p>\n<p>A <strong>VIII Jornada Cient\u00edfica do UNIFIA &#8211; 2024<\/strong> ser\u00e1 realizada no campus do Centro Universit\u00e1rio Amparense &#8211; UNIFIA localizado na Rodovia Jo\u00e3o Beira SP95 &#8211; Km 46,5 &#8211; Bairro Modelo &#8211; Amparo\/SP CEP: 13905-529 no <strong>dia 18 de novembro de 2024 a partir das 19 horas \u00e0s 22 horas.<\/strong><\/p>\n<p>&nbsp;<\/p>\n<p>&nbsp;<\/p>\n<p>&nbsp;<\/p>\n<ol>\n<li><strong><a href=\"https:\/\/portal.unisepe.com.br\/unifia\/wp-content\/uploads\/sites\/10001\/2024\/10\/REGULAMENTO-JORNADA-CIENT\u00cdFICA_7-10-24_2024.pdf\" target=\"_blank\" rel=\"noopener noreferrer\"> Regulamento da VIII Jornada Cient\u00edfica do UNIFIA &#8211; 2024<\/a><\/strong><\/li>\n<li><strong><a href=\"https:\/\/forms.gle\/dTAMSLePeNzmVnme8\" target=\"_blank\" rel=\"noopener noreferrer\"> Link das inscri\u00e7\u00f5es dos Resumos dos Trabalhos &#8211; 04 a 31 de outubro de 2024 <\/a><\/strong><\/li>\n<li><strong><a href=\"https:\/\/portal.unisepe.com.br\/unifia\/wp-content\/uploads\/sites\/10001\/2024\/10\/MODELO-DO-POSTER_JORNADA-CIENT\u00cdFICA_2024.pptx\" target=\"_blank\" rel=\"noopener noreferrer\"> Modelo do P\u00f4ster (70 X 90 cm)\u00a0&#8211; para download\u00a0<\/a><\/strong><\/li>\n<li><strong><a href=\"https:\/\/docs.google.com\/spreadsheets\/d\/11QRVGu1Vo7yhQ4iEP2XZWZW66wqa4fb0\/edit?gid=1828111121#gid=1828111121\" target=\"_blank\" rel=\"noopener noreferrer\">Gradeamento das apresenta\u00e7\u00f5es dos trabalhos &#8211; a partir do dia 11 de novembro de 2024<\/a><\/strong><\/li>\n<li><strong>Divulga\u00e7\u00e3o e Premia\u00e7\u00e3o dos melhores trabalhos &#8211; a partir do dia 19 de novembro de 2024<\/strong><\/li>\n<li><strong> Anais da VIII Jornada Cient\u00edfica do UNIFIA &#8211; a partir do dia 10 de dezembro de 2024<\/strong><\/li>\n<li><strong> Cronograma da VIII Jornada Cient\u00edfica do UNIFIA &#8211; 2024<\/strong><\/li>\n<\/ol>\n<p><img decoding=\"async\" src=\"https:\/\/portal.unisepe.com.br\/unifia\/wp-content\/uploads\/sites\/10001\/2024\/10\/Cronograma-da-VIII-Jornada-Cient\u00edfica-do-UNIFIA.jpg\" class=\"alignleft\" \/><\/p>\n","protected":false},"excerpt":{"rendered":"<p>VIII Jornada Cient\u00edfica do UNIFIA &#8211; 2024 O Centro Universit\u00e1rio Amparense \u2013 UNIFIA atrav\u00e9s da Coordena\u00e7\u00e3o de Pesquisa e Extens\u00e3o \u2013 CPEX, tem como tradi\u00e7\u00e3o a realiza\u00e7\u00e3o da VIII Jornada Cient\u00edfica, evento que tem como objetivo o est\u00edmulo \u00e0 produ\u00e7\u00e3o cient\u00edfica e tecnol\u00f3gica de discentes e docentes, al\u00e9m da socializa\u00e7\u00e3o<\/p>\n","protected":false},"author":2,"featured_media":10397,"parent":10403,"menu_order":0,"comment_status":"closed","ping_status":"closed","template":"templates\/template-pagina_menu_vertical.php","meta":{"footnotes":""},"categories":[],"tags":[],"class_list":["post-10398","page","type-page","status-publish","has-post-thumbnail","hentry"],"_links":{"self":[{"href":"https:\/\/portal.unisepe.com.br\/unifia\/wp-json\/wp\/v2\/pages\/10398","targetHints":{"allow":["GET"]}}],"collection":[{"href":"https:\/\/portal.unisepe.com.br\/unifia\/wp-json\/wp\/v2\/pages"}],"about":[{"href":"https:\/\/portal.unisepe.com.br\/unifia\/wp-json\/wp\/v2\/types\/page"}],"author":[{"embeddable":true,"href":"https:\/\/portal.unisepe.com.br\/unifia\/wp-json\/wp\/v2\/users\/2"}],"replies":[{"embeddable":true,"href":"https:\/\/portal.unisepe.com.br\/unifia\/wp-json\/wp\/v2\/comments?post=10398"}],"version-history":[{"count":9,"href":"https:\/\/portal.unisepe.com.br\/unifia\/wp-json\/wp\/v2\/pages\/10398\/revisions"}],"predecessor-version":[{"id":11124,"href":"https:\/\/portal.unisepe.com.br\/unifia\/wp-json\/wp\/v2\/pages\/10398\/revisions\/11124"}],"up":[{"embeddable":true,"href":"https:\/\/portal.unisepe.com.br\/unifia\/wp-json\/wp\/v2\/pages\/10403"}],"wp:featuredmedia":[{"embeddable":true,"href":"https:\/\/portal.unisepe.com.br\/unifia\/wp-json\/wp\/v2\/media\/10397"}],"wp:attachment":[{"href":"https:\/\/portal.unisepe.com.br\/unifia\/wp-json\/wp\/v2\/media?parent=10398"}],"wp:term":[{"taxonomy":"category","embeddable":true,"href":"https:\/\/portal.unisepe.com.br\/unifia\/wp-json\/wp\/v2\/categories?post=10398"},{"taxonomy":"post_tag","embeddable":true,"href":"https:\/\/portal.unisepe.com.br\/unifia\/wp-json\/wp\/v2\/tags?post=10398"}],"curies":[{"name":"wp","href":"https:\/\/api.w.org\/{rel}","templated":true}]}}