{"id":11232,"date":"2025-12-08T14:41:27","date_gmt":"2025-12-08T17:41:27","guid":{"rendered":"https:\/\/portal.unisepe.com.br\/unifia\/?page_id=11232"},"modified":"2025-12-08T15:13:51","modified_gmt":"2025-12-08T18:13:51","slug":"direito-2025","status":"publish","type":"page","link":"https:\/\/portal.unisepe.com.br\/unifia\/biblioteca\/repositorios\/direito\/direito-2025\/","title":{"rendered":"DIREITO &#8211; 2025"},"content":{"rendered":"<h2 style=\"text-align: center\"><strong>TCC<\/strong><\/h2>\n<p>&nbsp;<\/p>\n<ul>\n<li><em><strong><a href=\"https:\/\/portal.unisepe.com.br\/unifia\/wp-content\/uploads\/sites\/10001\/2025\/12\/Douglas-Fortunato-Aspectos-da-Judicializacao-da-Saude-no-Brasil-Os-Remedios-de-Alto-Custo-e-Principio-da-Reserva-do-Possivel.pdf\" rel=\"attachment wp-att-6112\">ASPECTOS DA JUDICIALIZA\u00c7\u00c3O DA SA\u00daDE NO BRASIL, OS REM\u00c9DIOS DE ALTO CUSTO E PRINC\u00cdPIO DA RESERVA DO POSS\u00cdVEL<\/a><\/strong><\/em><\/li>\n<\/ul>\n<hr \/>\n<ul>\n<li><em><strong><a href=\"https:\/\/portal.unisepe.com.br\/unifia\/wp-content\/uploads\/sites\/10001\/2025\/12\/Jose-Arthur-Sanches-de-Castro-DESCONSIDERACAO-DA-PESSOA-JURIDICA-NO-PROCESSO-DE-FALENCIA.pdf\" rel=\"attachment wp-att-6112\">DESCONSIDERA\u00c7\u00c3O DA PESSOA JUR\u00cdDICA NO PROCESSO DE FAL\u00caNCIA<\/a><\/strong><\/em><\/li>\n<\/ul>\n<hr \/>\n<ul>\n<li><em><strong><a href=\"https:\/\/portal.unisepe.com.br\/unifia\/wp-content\/uploads\/sites\/10001\/2025\/12\/Leandro-Machado-Leme-Pontes-Legitima-Defesa-e-o-uso-progressivo-da-forca-pela-Policia-Militar-de-SP-Suas-peculiarildades-e-Diferencas.pdf\" rel=\"attachment wp-att-6112\">LEG\u00cdTIMA DEFESA E O USO PROGRESSIVO DA FOR\u00c7A PELA POL\u00cdCIA MILITAR DE SP: SUAS PECULIARIDADES E DIFEREN\u00c7AS<br \/>\n<\/a><\/strong><\/em><\/li>\n<\/ul>\n<hr \/>\n<ul>\n<li><em><strong><a href=\"https:\/\/portal.unisepe.com.br\/unifia\/wp-content\/uploads\/sites\/10001\/2025\/12\/Rafael-Martins-O-Policial-Militar-na-linha-de-frente-dos-Direitos-Humanos.pdf\" rel=\"attachment wp-att-6112\">O POLICIAL MILITAR NA LINHA DE FRENTE DOS DIREITOS HUMANOS: A LEGITIMIDADE DA A\u00c7\u00c3O POLICIAL DENTRO DA LEI<\/a><\/strong><\/em><\/li>\n<\/ul>\n<hr \/>\n<ul>\n<li><em><strong><a href=\"https:\/\/portal.unisepe.com.br\/unifia\/wp-content\/uploads\/sites\/10001\/2025\/12\/Vinicius-Montini-Pontes-A-Responsabilidade-do-Empregador-em-casos-de-Assedio-Moral-no-Ambiente-de-Trabalho.pdf\" rel=\"attachment wp-att-6112\">A RESPONSABILIDADE DO EMPREGADOR EM CASOS DE ASS\u00c9DIO MORAL NO AMBIENTE DE TRABALHO<\/a><\/strong><\/em><\/li>\n<\/ul>\n<hr \/>\n","protected":false},"excerpt":{"rendered":"<p>TCC &nbsp; ASPECTOS DA JUDICIALIZA\u00c7\u00c3O DA SA\u00daDE NO BRASIL, OS REM\u00c9DIOS DE ALTO CUSTO E PRINC\u00cdPIO DA RESERVA DO POSS\u00cdVEL DESCONSIDERA\u00c7\u00c3O DA PESSOA JUR\u00cdDICA NO PROCESSO DE FAL\u00caNCIA LEG\u00cdTIMA DEFESA E O USO PROGRESSIVO DA FOR\u00c7A PELA POL\u00cdCIA MILITAR DE SP: SUAS PECULIARIDADES E DIFEREN\u00c7AS O POLICIAL MILITAR NA LINHA<\/p>\n","protected":false},"author":2,"featured_media":0,"parent":9823,"menu_order":0,"comment_status":"closed","ping_status":"closed","template":"templates\/template-pagina_menu_vertical.php","meta":{"footnotes":""},"categories":[],"tags":[],"class_list":["post-11232","page","type-page","status-publish","hentry"],"_links":{"self":[{"href":"https:\/\/portal.unisepe.com.br\/unifia\/wp-json\/wp\/v2\/pages\/11232","targetHints":{"allow":["GET"]}}],"collection":[{"href":"https:\/\/portal.unisepe.com.br\/unifia\/wp-json\/wp\/v2\/pages"}],"about":[{"href":"https:\/\/portal.unisepe.com.br\/unifia\/wp-json\/wp\/v2\/types\/page"}],"author":[{"embeddable":true,"href":"https:\/\/portal.unisepe.com.br\/unifia\/wp-json\/wp\/v2\/users\/2"}],"replies":[{"embeddable":true,"href":"https:\/\/portal.unisepe.com.br\/unifia\/wp-json\/wp\/v2\/comments?post=11232"}],"version-history":[{"count":1,"href":"https:\/\/portal.unisepe.com.br\/unifia\/wp-json\/wp\/v2\/pages\/11232\/revisions"}],"predecessor-version":[{"id":11240,"href":"https:\/\/portal.unisepe.com.br\/unifia\/wp-json\/wp\/v2\/pages\/11232\/revisions\/11240"}],"up":[{"embeddable":true,"href":"https:\/\/portal.unisepe.com.br\/unifia\/wp-json\/wp\/v2\/pages\/9823"}],"wp:attachment":[{"href":"https:\/\/portal.unisepe.com.br\/unifia\/wp-json\/wp\/v2\/media?parent=11232"}],"wp:term":[{"taxonomy":"category","embeddable":true,"href":"https:\/\/portal.unisepe.com.br\/unifia\/wp-json\/wp\/v2\/categories?post=11232"},{"taxonomy":"post_tag","embeddable":true,"href":"https:\/\/portal.unisepe.com.br\/unifia\/wp-json\/wp\/v2\/tags?post=11232"}],"curies":[{"name":"wp","href":"https:\/\/api.w.org\/{rel}","templated":true}]}}