{"id":11255,"date":"2025-12-08T19:00:50","date_gmt":"2025-12-08T22:00:50","guid":{"rendered":"https:\/\/portal.unisepe.com.br\/unifia\/?page_id=11255"},"modified":"2025-12-08T19:03:15","modified_gmt":"2025-12-08T22:03:15","slug":"enfermagem-2024","status":"publish","type":"page","link":"https:\/\/portal.unisepe.com.br\/unifia\/biblioteca\/repositorios\/enfermagem\/enfermagem-2024\/","title":{"rendered":"ENFERMAGEM &#8211; 2024"},"content":{"rendered":"<h2 style=\"text-align: center\"><strong>TCC<\/strong><\/h2>\n<p>&nbsp;<\/p>\n<ul>\n<li><a href=\"https:\/\/portal.unisepe.com.br\/unifia\/wp-content\/uploads\/sites\/10001\/2025\/12\/EDUCACAO-PERMANENTE-NAS-PRATICA-DE-SERVICO-EM-URGENCIA-E-EMERGENCIA.pdf\"><strong>EDUCA\u00c7\u00c3O PERMANENTE NAS PR\u00c1TICA DE SERVI\u00c7O EM URG\u00caNCIA E EMERG\u00caNCIA<\/strong><\/a><br \/>\n<hr \/>\n<\/li>\n<li><a href=\"https:\/\/portal.unisepe.com.br\/unifia\/wp-content\/uploads\/sites\/10001\/2025\/12\/SARCOPENIA-EM-IDOSOS-E-A-ATUACAO-DA-ENFERMAGEM-NA-PREVENCAO.pdf\"><strong>SARCOPENIA EM IDOSOS E A ATUA\u00c7\u00c3O DA ENFERMAGEM NA PREVEN\u00c7\u00c3O, <\/strong><strong>AVALIA\u00c7\u00c3O E INTERVEN\u00c7\u00c3O<\/strong><\/a><\/li>\n<\/ul>\n","protected":false},"excerpt":{"rendered":"<p>TCC &nbsp; EDUCA\u00c7\u00c3O PERMANENTE NAS PR\u00c1TICA DE SERVI\u00c7O EM URG\u00caNCIA E EMERG\u00caNCIA SARCOPENIA EM IDOSOS E A ATUA\u00c7\u00c3O DA ENFERMAGEM NA PREVEN\u00c7\u00c3O, AVALIA\u00c7\u00c3O E INTERVEN\u00c7\u00c3O<\/p>\n","protected":false},"author":2,"featured_media":0,"parent":8594,"menu_order":0,"comment_status":"closed","ping_status":"closed","template":"templates\/template-pagina_menu_vertical.php","meta":{"footnotes":""},"categories":[],"tags":[],"class_list":["post-11255","page","type-page","status-publish","hentry"],"_links":{"self":[{"href":"https:\/\/portal.unisepe.com.br\/unifia\/wp-json\/wp\/v2\/pages\/11255","targetHints":{"allow":["GET"]}}],"collection":[{"href":"https:\/\/portal.unisepe.com.br\/unifia\/wp-json\/wp\/v2\/pages"}],"about":[{"href":"https:\/\/portal.unisepe.com.br\/unifia\/wp-json\/wp\/v2\/types\/page"}],"author":[{"embeddable":true,"href":"https:\/\/portal.unisepe.com.br\/unifia\/wp-json\/wp\/v2\/users\/2"}],"replies":[{"embeddable":true,"href":"https:\/\/portal.unisepe.com.br\/unifia\/wp-json\/wp\/v2\/comments?post=11255"}],"version-history":[{"count":2,"href":"https:\/\/portal.unisepe.com.br\/unifia\/wp-json\/wp\/v2\/pages\/11255\/revisions"}],"predecessor-version":[{"id":11260,"href":"https:\/\/portal.unisepe.com.br\/unifia\/wp-json\/wp\/v2\/pages\/11255\/revisions\/11260"}],"up":[{"embeddable":true,"href":"https:\/\/portal.unisepe.com.br\/unifia\/wp-json\/wp\/v2\/pages\/8594"}],"wp:attachment":[{"href":"https:\/\/portal.unisepe.com.br\/unifia\/wp-json\/wp\/v2\/media?parent=11255"}],"wp:term":[{"taxonomy":"category","embeddable":true,"href":"https:\/\/portal.unisepe.com.br\/unifia\/wp-json\/wp\/v2\/categories?post=11255"},{"taxonomy":"post_tag","embeddable":true,"href":"https:\/\/portal.unisepe.com.br\/unifia\/wp-json\/wp\/v2\/tags?post=11255"}],"curies":[{"name":"wp","href":"https:\/\/api.w.org\/{rel}","templated":true}]}}