{"id":11262,"date":"2025-12-08T19:42:39","date_gmt":"2025-12-08T22:42:39","guid":{"rendered":"https:\/\/portal.unisepe.com.br\/unifia\/?page_id=11262"},"modified":"2025-12-08T19:43:11","modified_gmt":"2025-12-08T22:43:11","slug":"estetica-e-cosmetica-2024","status":"publish","type":"page","link":"https:\/\/portal.unisepe.com.br\/unifia\/biblioteca\/repositorios\/estetica-e-cosmetica\/estetica-e-cosmetica-2024\/","title":{"rendered":"EST\u00c9TICA E COSM\u00c9TICA &#8211; 2024"},"content":{"rendered":"<h2 style=\"text-align: center\"><strong>TCC<\/strong><\/h2>\n<p>&nbsp;<\/p>\n<ul>\n<li><em><strong><a href=\"https:\/\/portal.unisepe.com.br\/unifia\/wp-content\/uploads\/sites\/10001\/2025\/12\/RADIOFREQUENCIA-NA-FLACIDEZ-POS-PARTO.pdf\" rel=\"attachment wp-att-6112\">RADIOFREQU\u00caNCIA NA FLACIDEZ P\u00d3S-PARTO<\/a><\/strong><\/em><\/li>\n<\/ul>\n<hr \/>\n<ul>\n<li><em><strong><a href=\"https:\/\/portal.unisepe.com.br\/unifia\/wp-content\/uploads\/sites\/10001\/2025\/12\/A-RELACAO-ENTRE-PROCEDIMENTOS-ESTETICOS-E-AUTOESTIMA-IMPACTOS-NA-AUTOIMAGEM-E-BEM-ESTAR-SOCIAL.pdf\" rel=\"attachment wp-att-6112\">A RELA\u00c7\u00c3O ENTRE PROCEDIMENTOS EST\u00c9TICOS E AUTOESTIMA: IMPACTOS NA AUTOIMAGEM E BEM-ESTAR SOCIAL<\/a><\/strong><\/em><\/li>\n<\/ul>\n<hr \/>\n<ul>\n<li><em><strong><a href=\"https:\/\/portal.unisepe.com.br\/unifia\/wp-content\/uploads\/sites\/10001\/2025\/12\/REJUVENECIMENTO-INTIMO-COM-RADIOFREQUENCIA.pdf\" rel=\"attachment wp-att-6112\">REJUVENECIMENTO INTIMO COM RADIOFREQUENCIA<\/a><\/strong><\/em><\/li>\n<\/ul>\n<hr \/>\n<ul>\n<li><em><strong><a href=\"https:\/\/portal.unisepe.com.br\/unifia\/wp-content\/uploads\/sites\/10001\/2025\/12\/LIPEDEMA-O-QUE-E-E-COMO-IDENTIFICAR.pdf\" rel=\"attachment wp-att-6112\">LIPEDEMA: O QUE \u00c9 E COMO IDENTIFICAR?<\/a><\/strong><\/em><\/li>\n<\/ul>\n<hr \/>\n<ul>\n<li><em><strong><a href=\"https:\/\/portal.unisepe.com.br\/unifia\/wp-content\/uploads\/sites\/10001\/2025\/12\/DISFUNCOES-CAPILARES-E-SEUS-RESPECTIVOS-TRATAMENTOS.pdf\" rel=\"attachment wp-att-6112\">DISFUN\u00c7\u00d5ES CAPILARES E SEUS RESPECTIVOS TRATAMENTOS<\/a><\/strong><\/em><\/li>\n<\/ul>\n<hr \/>\n<ul>\n<li><em><strong><a href=\"https:\/\/portal.unisepe.com.br\/unifia\/wp-content\/uploads\/sites\/10001\/2025\/12\/O-uso-do-PDRN-na-Estetica-Regenerativa-Luiza.pdf\" rel=\"attachment wp-att-6112\">O USO DO PDRN NA EST\u00c9TICA REGENERATIVA<\/a><\/strong><\/em><\/li>\n<\/ul>\n<hr \/>\n<ul>\n<li><em><strong><a href=\"https:\/\/portal.unisepe.com.br\/unifia\/wp-content\/uploads\/sites\/10001\/2025\/12\/DRENAGEM-LINFATICA-E-SEUS-BENEFICIOS-NOS-TRATAMENTOS.pdf\" rel=\"attachment wp-att-6112\">DRENAGEM LINFATICA E SEUS BENEFICIOS NOS TRATAMENTOS<\/a><\/strong><\/em><\/li>\n<\/ul>\n<hr \/>\n","protected":false},"excerpt":{"rendered":"<p>TCC &nbsp; RADIOFREQU\u00caNCIA NA FLACIDEZ P\u00d3S-PARTO A RELA\u00c7\u00c3O ENTRE PROCEDIMENTOS EST\u00c9TICOS E AUTOESTIMA: IMPACTOS NA AUTOIMAGEM E BEM-ESTAR SOCIAL REJUVENECIMENTO INTIMO COM RADIOFREQUENCIA LIPEDEMA: O QUE \u00c9 E COMO IDENTIFICAR? DISFUN\u00c7\u00d5ES CAPILARES E SEUS RESPECTIVOS TRATAMENTOS O USO DO PDRN NA EST\u00c9TICA REGENERATIVA DRENAGEM LINFATICA E SEUS BENEFICIOS NOS TRATAMENTOS<\/p>\n","protected":false},"author":2,"featured_media":0,"parent":9911,"menu_order":0,"comment_status":"closed","ping_status":"closed","template":"templates\/template-pagina_menu_vertical.php","meta":{"footnotes":""},"categories":[],"tags":[],"class_list":["post-11262","page","type-page","status-publish","hentry"],"_links":{"self":[{"href":"https:\/\/portal.unisepe.com.br\/unifia\/wp-json\/wp\/v2\/pages\/11262","targetHints":{"allow":["GET"]}}],"collection":[{"href":"https:\/\/portal.unisepe.com.br\/unifia\/wp-json\/wp\/v2\/pages"}],"about":[{"href":"https:\/\/portal.unisepe.com.br\/unifia\/wp-json\/wp\/v2\/types\/page"}],"author":[{"embeddable":true,"href":"https:\/\/portal.unisepe.com.br\/unifia\/wp-json\/wp\/v2\/users\/2"}],"replies":[{"embeddable":true,"href":"https:\/\/portal.unisepe.com.br\/unifia\/wp-json\/wp\/v2\/comments?post=11262"}],"version-history":[{"count":1,"href":"https:\/\/portal.unisepe.com.br\/unifia\/wp-json\/wp\/v2\/pages\/11262\/revisions"}],"predecessor-version":[{"id":11270,"href":"https:\/\/portal.unisepe.com.br\/unifia\/wp-json\/wp\/v2\/pages\/11262\/revisions\/11270"}],"up":[{"embeddable":true,"href":"https:\/\/portal.unisepe.com.br\/unifia\/wp-json\/wp\/v2\/pages\/9911"}],"wp:attachment":[{"href":"https:\/\/portal.unisepe.com.br\/unifia\/wp-json\/wp\/v2\/media?parent=11262"}],"wp:term":[{"taxonomy":"category","embeddable":true,"href":"https:\/\/portal.unisepe.com.br\/unifia\/wp-json\/wp\/v2\/categories?post=11262"},{"taxonomy":"post_tag","embeddable":true,"href":"https:\/\/portal.unisepe.com.br\/unifia\/wp-json\/wp\/v2\/tags?post=11262"}],"curies":[{"name":"wp","href":"https:\/\/api.w.org\/{rel}","templated":true}]}}