{"id":11369,"date":"2026-01-02T17:59:01","date_gmt":"2026-01-02T20:59:01","guid":{"rendered":"https:\/\/portal.unisepe.com.br\/unifia\/?page_id=11369"},"modified":"2026-04-10T14:08:59","modified_gmt":"2026-04-10T17:08:59","slug":"ano-2026","status":"publish","type":"page","link":"https:\/\/portal.unisepe.com.br\/unifia\/educacao-em-foco\/ano-2026\/","title":{"rendered":"Ano 2026"},"content":{"rendered":"<h6>Artigos<\/h6>\n<p>&nbsp;<\/p>\n<ul>\n<li><a href=\"https:\/\/portal.unisepe.com.br\/unifia\/wp-content\/uploads\/sites\/10001\/2026\/04\/FILOSOFIA-PLURALIDADE-E-EXPERIENCIA-COTIDIANA-UMA-LEITURA-CRITICA-DE-REFLEXOES-FILOSOFIA-E-COTIDIANO-pag-01-a-04.pdf\" target=\"_blank\" rel=\"noopener noreferrer\">FILOSOFIA, PLURALIDADE E EXPERI\u00caNCIA COTIDIANA: UMA LEITURA CR\u00cdTICA DE REFLEX\u00d5ES, FILOSOFIA E COTIDIANO &#8211; p\u00e1g 01 \u00e0 04<\/a><br \/>\n<em>Rog\u00e9rio Duarte Fernandes dos Passos<br \/>\n<\/em><\/li>\n<\/ul>\n<hr \/>\n","protected":false},"excerpt":{"rendered":"<p>Artigos &nbsp; FILOSOFIA, PLURALIDADE E EXPERI\u00caNCIA COTIDIANA: UMA LEITURA CR\u00cdTICA DE REFLEX\u00d5ES, FILOSOFIA E COTIDIANO &#8211; p\u00e1g 01 \u00e0 04 Rog\u00e9rio Duarte Fernandes dos Passos<\/p>\n","protected":false},"author":2,"featured_media":0,"parent":2819,"menu_order":0,"comment_status":"closed","ping_status":"closed","template":"templates\/template-pagina_tab_menu_vertical.php","meta":{"footnotes":""},"categories":[],"tags":[],"class_list":["post-11369","page","type-page","status-publish","hentry"],"_links":{"self":[{"href":"https:\/\/portal.unisepe.com.br\/unifia\/wp-json\/wp\/v2\/pages\/11369","targetHints":{"allow":["GET"]}}],"collection":[{"href":"https:\/\/portal.unisepe.com.br\/unifia\/wp-json\/wp\/v2\/pages"}],"about":[{"href":"https:\/\/portal.unisepe.com.br\/unifia\/wp-json\/wp\/v2\/types\/page"}],"author":[{"embeddable":true,"href":"https:\/\/portal.unisepe.com.br\/unifia\/wp-json\/wp\/v2\/users\/2"}],"replies":[{"embeddable":true,"href":"https:\/\/portal.unisepe.com.br\/unifia\/wp-json\/wp\/v2\/comments?post=11369"}],"version-history":[{"count":3,"href":"https:\/\/portal.unisepe.com.br\/unifia\/wp-json\/wp\/v2\/pages\/11369\/revisions"}],"predecessor-version":[{"id":11571,"href":"https:\/\/portal.unisepe.com.br\/unifia\/wp-json\/wp\/v2\/pages\/11369\/revisions\/11571"}],"up":[{"embeddable":true,"href":"https:\/\/portal.unisepe.com.br\/unifia\/wp-json\/wp\/v2\/pages\/2819"}],"wp:attachment":[{"href":"https:\/\/portal.unisepe.com.br\/unifia\/wp-json\/wp\/v2\/media?parent=11369"}],"wp:term":[{"taxonomy":"category","embeddable":true,"href":"https:\/\/portal.unisepe.com.br\/unifia\/wp-json\/wp\/v2\/categories?post=11369"},{"taxonomy":"post_tag","embeddable":true,"href":"https:\/\/portal.unisepe.com.br\/unifia\/wp-json\/wp\/v2\/tags?post=11369"}],"curies":[{"name":"wp","href":"https:\/\/api.w.org\/{rel}","templated":true}]}}