{"id":1818,"date":"2017-11-14T09:52:30","date_gmt":"2017-11-14T11:52:30","guid":{"rendered":"http:\/\/www.fvr.edu.br\/?page_id=1818"},"modified":"2020-10-29T17:40:30","modified_gmt":"2020-10-29T20:40:30","slug":"biomedicina","status":"publish","type":"page","link":"https:\/\/portal.unisepe.com.br\/unifia\/biomedicina\/","title":{"rendered":"Biomedicina"},"content":{"rendered":"<p><img loading=\"lazy\" decoding=\"async\" class=\"wp-image-1817 alignleft\" src=\"http:\/\/portal.unisepe.com.br\/unifia\/wp-content\/uploads\/sites\/10001\/2019\/05\/logo-BIOMEDICINA.png\" alt=\"\" width=\"121\" height=\"116\" \/><\/p>\n<p><span style=\"font-size: 0.95em\">O Curso DE BIOMEDICINA formatado por essa institui\u00e7\u00e3o de ensino<\/span><\/p>\n<p>superior apresenta 3240 horas divididas em 08 semestres (4 anos). A estrutura curricular\u00a0 permite a forma\u00e7\u00e3o de Biom\u00e9dicos generalistas, qualificados para o exerc\u00edcio da Biomedicina com atua\u00e7\u00e3o em an\u00e1lise cl\u00ednicas. Ao Biom\u00e9dico compete, portanto, atuar em equipes de sa\u00fade,\u00a0 nas atividades complementares de diagn\u00f3stico. O Biom\u00e9dico tamb\u00e9m poder\u00e1 atuar em an\u00e1lises ambientais, ind\u00fastrias, an\u00e1lises bromatol\u00f3gicas, biologia molecular, reprodu\u00e7\u00e3o humana, citologia onc\u00f3tica, banco de sangue, imagenologia.<\/p>\n<p>&nbsp;<\/p>\n<p><iframe loading=\"lazy\" title=\"BIOMEDICINA FEIRA DE PROFISS\u00d5ES AMPARO 2020 2\" width=\"500\" height=\"281\" src=\"https:\/\/www.youtube.com\/embed\/KL4ChFVzBFQ?list=PLf9h9rNyGnnrIVvd2-T_IuN90Vyj8a9u2\" frameborder=\"0\" allow=\"accelerometer; autoplay; clipboard-write; encrypted-media; gyroscope; picture-in-picture; web-share\" referrerpolicy=\"strict-origin-when-cross-origin\" allowfullscreen><\/iframe><\/p>\n<h2>Saiba mais<\/h2>\n<p>&nbsp;<\/p>\n<p><iframe loading=\"lazy\" title=\"BIOMEDICINA ALINE GRITTI   FINAL\" width=\"500\" height=\"281\" src=\"https:\/\/www.youtube.com\/embed\/ye3F_zGqvqg?feature=oembed\" frameborder=\"0\" allow=\"accelerometer; autoplay; clipboard-write; encrypted-media; gyroscope; picture-in-picture; web-share\" referrerpolicy=\"strict-origin-when-cross-origin\" allowfullscreen><\/iframe><\/p>\n<p><iframe loading=\"lazy\" title=\"BIOMEDICINA   QUIMICA   NUTRI\u00c7\u00c3O   ENFERMAGEM   ROMANO\" width=\"500\" height=\"281\" src=\"https:\/\/www.youtube.com\/embed\/us6ktrNajQU?feature=oembed\" frameborder=\"0\" allow=\"accelerometer; autoplay; clipboard-write; encrypted-media; gyroscope; picture-in-picture; web-share\" referrerpolicy=\"strict-origin-when-cross-origin\" allowfullscreen><\/iframe><\/p>\n<h2>\u00c1rea de atua\u00e7\u00e3o e atribui\u00e7\u00f5es do Biom\u00e9dico<\/h2>\n<p>&nbsp;<\/p>\n<p><iframe loading=\"lazy\" title=\"BIOMEDICINA - JOICE BEIRA\" width=\"500\" height=\"281\" src=\"https:\/\/www.youtube.com\/embed\/eR9uCmbT74g?feature=oembed\" frameborder=\"0\" allow=\"accelerometer; autoplay; clipboard-write; encrypted-media; gyroscope; picture-in-picture; web-share\" referrerpolicy=\"strict-origin-when-cross-origin\" allowfullscreen><\/iframe><\/p>\n<p>&nbsp;<\/p>\n<h2>Voc\u00ea tamb\u00e9m pode ser parte desta hist\u00f3ria de sucesso! Venha para o UNIFIA<\/h2>\n<p><iframe loading=\"lazy\" title=\"Story Let\u00edcia Biomedicina\" width=\"500\" height=\"281\" src=\"https:\/\/www.youtube.com\/embed\/F-vX_qluJ8w?feature=oembed\" frameborder=\"0\" allow=\"accelerometer; autoplay; clipboard-write; encrypted-media; gyroscope; picture-in-picture; web-share\" referrerpolicy=\"strict-origin-when-cross-origin\" allowfullscreen><\/iframe><\/p>\n<p><strong>Perfil de egresso<\/strong><\/p>\n<p style=\"text-align: justify\">Profissional Biom\u00e9dico generalista, cl\u00ednico, humanista, cr\u00edtico, reflexivo e \u00e9tico. Profissional qualificado para o exerc\u00edcio da Biomedicina, com base no rigor cient\u00edfico e intelectual e pautado em princ\u00edpios \u00e9ticos. Capaz de intervir sobre os problemas\/situa\u00e7\u00f5es de sa\u00fade-doen\u00e7a mais prevalentes no perfil epidemiol\u00f3gico nacional, com \u00eanfase na sua regi\u00e3o de atua\u00e7\u00e3o, identificando as dimens\u00f5es bio-psico-sociais dos seus determinantes. Capacitado a atuar, com senso de responsabilidade social e compromisso com a cidadania, como promotor da sa\u00fade integral do ser humano e responsabilidade com o Meio Ambiente.<\/p>\n<p style=\"text-align: justify\">Consciente dos direitos e deveres preconizados pelo C\u00f3digo de \u00c9tica da Profiss\u00e3o de Biom\u00e9dicos e pela Lei do Exerc\u00edcio Profissional da Biomedicina, agente de transforma\u00e7\u00e3o no processo de desenvolvimento humano, pol\u00edtico e social; preparado para desenvolver a pr\u00e1xis fundamentada nos princ\u00edpios e diretrizes das pol\u00edticas p\u00fablicas de sa\u00fade no trabalho multiprofissional e interdisciplinar. Instrumentalizado para desenvolver pesquisa na \u00e1rea da Sa\u00fade e Diagn\u00f3sticos. Caracterizando assim o profissional Biom\u00e9dico rapidamente absorvido no mercado de trabalho, devido \u00e0 crescente necessidade de profissionais da sa\u00fade com este perfil.<\/p>\n<p><img loading=\"lazy\" decoding=\"async\" class=\" wp-image-1817 alignleft\" src=\"http:\/\/portal.unisepe.com.br\/unifia\/wp-content\/uploads\/sites\/10001\/2019\/10\/Selo-Biomedicina.png\" alt=\"\" width=\"445\" height=\"592\" \/><\/p>\n<p>&nbsp;<\/p>\n<p>&nbsp;<\/p>\n","protected":false},"excerpt":{"rendered":"<p>O Curso DE BIOMEDICINA formatado por essa institui\u00e7\u00e3o de ensino superior apresenta 3240 horas divididas em 08 semestres (4 anos). A estrutura curricular\u00a0 permite a forma\u00e7\u00e3o de Biom\u00e9dicos generalistas, qualificados para o exerc\u00edcio da Biomedicina com atua\u00e7\u00e3o em an\u00e1lise cl\u00ednicas. Ao Biom\u00e9dico compete, portanto, atuar em equipes de sa\u00fade,\u00a0 nas<\/p>\n","protected":false},"author":1,"featured_media":0,"parent":0,"menu_order":0,"comment_status":"closed","ping_status":"closed","template":"templates\/template-curso_menu_vertical.php","meta":{"footnotes":""},"categories":[],"tags":[],"class_list":["post-1818","page","type-page","status-publish","hentry"],"_links":{"self":[{"href":"https:\/\/portal.unisepe.com.br\/unifia\/wp-json\/wp\/v2\/pages\/1818","targetHints":{"allow":["GET"]}}],"collection":[{"href":"https:\/\/portal.unisepe.com.br\/unifia\/wp-json\/wp\/v2\/pages"}],"about":[{"href":"https:\/\/portal.unisepe.com.br\/unifia\/wp-json\/wp\/v2\/types\/page"}],"author":[{"embeddable":true,"href":"https:\/\/portal.unisepe.com.br\/unifia\/wp-json\/wp\/v2\/users\/1"}],"replies":[{"embeddable":true,"href":"https:\/\/portal.unisepe.com.br\/unifia\/wp-json\/wp\/v2\/comments?post=1818"}],"version-history":[{"count":16,"href":"https:\/\/portal.unisepe.com.br\/unifia\/wp-json\/wp\/v2\/pages\/1818\/revisions"}],"predecessor-version":[{"id":6899,"href":"https:\/\/portal.unisepe.com.br\/unifia\/wp-json\/wp\/v2\/pages\/1818\/revisions\/6899"}],"wp:attachment":[{"href":"https:\/\/portal.unisepe.com.br\/unifia\/wp-json\/wp\/v2\/media?parent=1818"}],"wp:term":[{"taxonomy":"category","embeddable":true,"href":"https:\/\/portal.unisepe.com.br\/unifia\/wp-json\/wp\/v2\/categories?post=1818"},{"taxonomy":"post_tag","embeddable":true,"href":"https:\/\/portal.unisepe.com.br\/unifia\/wp-json\/wp\/v2\/tags?post=1818"}],"curies":[{"name":"wp","href":"https:\/\/api.w.org\/{rel}","templated":true}]}}