{"id":2650,"date":"2018-06-06T19:35:56","date_gmt":"2018-06-06T22:35:56","guid":{"rendered":"http:\/\/portal.unisepe.com.br\/unifia\/?page_id=2650"},"modified":"2026-01-26T14:29:57","modified_gmt":"2026-01-26T17:29:57","slug":"revistas-eletronicas","status":"publish","type":"page","link":"https:\/\/portal.unisepe.com.br\/unifia\/revistas-eletronicas\/","title":{"rendered":"Revistas Eletr\u00f4nicas"},"content":{"rendered":"<ul>\n<li style=\"text-align: left\"><a href=\"http:\/\/portal.unisepe.com.br\/unifia\/direito-em-foco\/\" target=\"_blank\" rel=\"noopener noreferrer\">Direito em Foco &#8211; Todas as Edi\u00e7\u00f5es<\/a><\/li>\n<li style=\"text-align: left\"><a href=\"http:\/\/portal.unisepe.com.br\/unifia\/educacao-em-foco\/\" target=\"_blank\" rel=\"noopener noreferrer\">Educa\u00e7\u00e3o em Foco &#8211; Todas as Edi\u00e7\u00f5es<\/a><\/li>\n<li style=\"text-align: left\"><a href=\"http:\/\/portal.unisepe.com.br\/unifia\/gestao-em-foco\/\" target=\"_blank\" rel=\"noopener noreferrer\">Gest\u00e3o em Foco &#8211; \u00a0Todas as Edi\u00e7\u00f5es<\/a><\/li>\n<li style=\"text-align: left\"><a href=\"http:\/\/portal.unisepe.com.br\/unifia\/saude-em-foco\/\" target=\"_blank\" rel=\"noopener noreferrer\">Sa\u00fade em Foco &#8211; \u00a0Todas as Edi\u00e7\u00f5es<\/a><\/li>\n<li style=\"text-align: left\"><a href=\"http:\/\/portal.unisepe.com.br\/unifia\/anais-peruibe\/\" target=\"_blank\" rel=\"noopener noreferrer\">Anais Peru\u00edbe &#8211; Todas as Edi\u00e7\u00f5es<\/a><\/li>\n<li style=\"text-align: left\"><a href=\"http:\/\/portal.unisepe.com.br\/unifia\/anais-sao-lourenco\/\" target=\"_blank\" rel=\"noopener noreferrer\">Anais S\u00e3o Louren\u00e7o &#8211; Todas as Edi\u00e7\u00f5es<\/a><\/li>\n<li style=\"text-align: left\"><a href=\"http:\/\/portal.unisepe.com.br\/unifia\/anais-unifia\/\" target=\"_blank\" rel=\"noopener noreferrer\">Anais UNIFIA &#8211; Todas as Edi\u00e7\u00f5es<\/a><\/li>\n<li style=\"text-align: left\"><a href=\"https:\/\/portal.unisepe.com.br\/unifia\/anais-centro-universitario-vale-do-ribeira-univr-registro-sp\/\" target=\"_blank\" rel=\"noopener noreferrer\">Anais Centro Universit\u00e1rio Vale do Ribeira \u2013 UniVr \u2013 Registro\/SP &#8211; Todas as Edi\u00e7\u00f5es<\/a><\/li>\n<li><a href=\"https:\/\/portal.unisepe.com.br\/unifia\/wp-content\/uploads\/sites\/10001\/2025\/01\/resumo-publicacoes-2024.pdf\" target=\"_blank\" rel=\"noopener noreferrer\">Resumo Publica\u00e7\u00f5es Revistas Unisepe &#8211; 2024<\/a><\/li>\n<li><a href=\"https:\/\/portal.unisepe.com.br\/unifia\/wp-content\/uploads\/sites\/10001\/2026\/01\/resumo-das-revistas-2025.pdf\" target=\"_blank\" rel=\"noopener noreferrer\">Resumo Publica\u00e7\u00f5es Revistas Unisepe &#8211; 2025<\/a><\/li>\n<\/ul>\n<p style=\"text-align: center\"><a href=\"https:\/\/scholar.google.com.br\" target=\"_blank\" rel=\"noopener noreferrer\"><img loading=\"lazy\" decoding=\"async\" class=\"aligncenter wp-image-2710 \" src=\"http:\/\/portal.unisepe.com.br\/unifia\/wp-content\/uploads\/sites\/10001\/2018\/06\/google_academico.gif\" alt=\"\" width=\"221\" height=\"88\" \/><\/a><\/p>\n","protected":false},"excerpt":{"rendered":"<p>Direito em Foco &#8211; Todas as Edi\u00e7\u00f5es Educa\u00e7\u00e3o em Foco &#8211; Todas as Edi\u00e7\u00f5es Gest\u00e3o em Foco &#8211; \u00a0Todas as Edi\u00e7\u00f5es Sa\u00fade em Foco &#8211; \u00a0Todas as Edi\u00e7\u00f5es Anais Peru\u00edbe &#8211; Todas as Edi\u00e7\u00f5es Anais S\u00e3o Louren\u00e7o &#8211; Todas as Edi\u00e7\u00f5es Anais UNIFIA &#8211; Todas as Edi\u00e7\u00f5es Anais Centro Universit\u00e1rio<\/p>\n","protected":false},"author":2,"featured_media":0,"parent":0,"menu_order":0,"comment_status":"closed","ping_status":"closed","template":"templates\/template-pagina_menu_vertical.php","meta":{"footnotes":""},"categories":[],"tags":[],"class_list":["post-2650","page","type-page","status-publish","hentry"],"_links":{"self":[{"href":"https:\/\/portal.unisepe.com.br\/unifia\/wp-json\/wp\/v2\/pages\/2650","targetHints":{"allow":["GET"]}}],"collection":[{"href":"https:\/\/portal.unisepe.com.br\/unifia\/wp-json\/wp\/v2\/pages"}],"about":[{"href":"https:\/\/portal.unisepe.com.br\/unifia\/wp-json\/wp\/v2\/types\/page"}],"author":[{"embeddable":true,"href":"https:\/\/portal.unisepe.com.br\/unifia\/wp-json\/wp\/v2\/users\/2"}],"replies":[{"embeddable":true,"href":"https:\/\/portal.unisepe.com.br\/unifia\/wp-json\/wp\/v2\/comments?post=2650"}],"version-history":[{"count":31,"href":"https:\/\/portal.unisepe.com.br\/unifia\/wp-json\/wp\/v2\/pages\/2650\/revisions"}],"predecessor-version":[{"id":11425,"href":"https:\/\/portal.unisepe.com.br\/unifia\/wp-json\/wp\/v2\/pages\/2650\/revisions\/11425"}],"wp:attachment":[{"href":"https:\/\/portal.unisepe.com.br\/unifia\/wp-json\/wp\/v2\/media?parent=2650"}],"wp:term":[{"taxonomy":"category","embeddable":true,"href":"https:\/\/portal.unisepe.com.br\/unifia\/wp-json\/wp\/v2\/categories?post=2650"},{"taxonomy":"post_tag","embeddable":true,"href":"https:\/\/portal.unisepe.com.br\/unifia\/wp-json\/wp\/v2\/tags?post=2650"}],"curies":[{"name":"wp","href":"https:\/\/api.w.org\/{rel}","templated":true}]}}