{"id":2661,"date":"2018-06-06T19:42:17","date_gmt":"2018-06-06T22:42:17","guid":{"rendered":"http:\/\/portal.unisepe.com.br\/unifia\/?page_id=2661"},"modified":"2018-06-06T19:52:16","modified_gmt":"2018-06-06T22:52:16","slug":"politica-de-privacidade","status":"publish","type":"page","link":"https:\/\/portal.unisepe.com.br\/unifia\/revistas-eletronicas\/politica-de-privacidade\/","title":{"rendered":"Pol\u00edtica de Privacidade"},"content":{"rendered":"<p align=\"justify\">Os nomes e endere\u00e7os informados nesta revista ser\u00e3o usados exclusivamente para os servi\u00e7os prestados por esta publica\u00e7\u00e3o, n\u00e3o sendo disponibilizados para outras finalidades ou a terceiros.<\/p>\n<p align=\"justify\">A submiss\u00e3o de texto implica a transfer\u00eancia de direitos exclusivos de publica\u00e7\u00e3o. Ao publicar o texto, a Revista Eletr\u00f4nica da UNISEPE se reserva o direito de manter sempre dispon\u00edvel o trabalho e de informar ao autor sempre que ocorrerem situa\u00e7\u00f5es que impliquem em mudan\u00e7a de endere\u00e7o dos trabalhos, procurando, sempre que poss\u00edvel garantir o redirecionamento da obra para o\u00a0novo endere\u00e7o.<\/p>\n<p align=\"justify\">\u00c9 vedada a reprodu\u00e7\u00e3o total ou parcial do conte\u00fado da Revista Eletr\u00f4nica da em qualquer meio de comunica\u00e7\u00e3o, seja eletr\u00f4nico ou impresso, sem a devida autoriza\u00e7\u00e3o do Conselho Editorial.<\/p>\n","protected":false},"excerpt":{"rendered":"<p>Os nomes e endere\u00e7os informados nesta revista ser\u00e3o usados exclusivamente para os servi\u00e7os prestados por esta publica\u00e7\u00e3o, n\u00e3o sendo disponibilizados para outras finalidades ou a terceiros. A submiss\u00e3o de texto implica a transfer\u00eancia de direitos exclusivos de publica\u00e7\u00e3o. Ao publicar o texto, a Revista Eletr\u00f4nica da UNISEPE se reserva o<\/p>\n","protected":false},"author":2,"featured_media":0,"parent":2650,"menu_order":0,"comment_status":"closed","ping_status":"closed","template":"templates\/template-pagina_menu_vertical.php","meta":{"footnotes":""},"categories":[],"tags":[],"class_list":["post-2661","page","type-page","status-publish","hentry"],"_links":{"self":[{"href":"https:\/\/portal.unisepe.com.br\/unifia\/wp-json\/wp\/v2\/pages\/2661","targetHints":{"allow":["GET"]}}],"collection":[{"href":"https:\/\/portal.unisepe.com.br\/unifia\/wp-json\/wp\/v2\/pages"}],"about":[{"href":"https:\/\/portal.unisepe.com.br\/unifia\/wp-json\/wp\/v2\/types\/page"}],"author":[{"embeddable":true,"href":"https:\/\/portal.unisepe.com.br\/unifia\/wp-json\/wp\/v2\/users\/2"}],"replies":[{"embeddable":true,"href":"https:\/\/portal.unisepe.com.br\/unifia\/wp-json\/wp\/v2\/comments?post=2661"}],"version-history":[{"count":2,"href":"https:\/\/portal.unisepe.com.br\/unifia\/wp-json\/wp\/v2\/pages\/2661\/revisions"}],"predecessor-version":[{"id":2679,"href":"https:\/\/portal.unisepe.com.br\/unifia\/wp-json\/wp\/v2\/pages\/2661\/revisions\/2679"}],"up":[{"embeddable":true,"href":"https:\/\/portal.unisepe.com.br\/unifia\/wp-json\/wp\/v2\/pages\/2650"}],"wp:attachment":[{"href":"https:\/\/portal.unisepe.com.br\/unifia\/wp-json\/wp\/v2\/media?parent=2661"}],"wp:term":[{"taxonomy":"category","embeddable":true,"href":"https:\/\/portal.unisepe.com.br\/unifia\/wp-json\/wp\/v2\/categories?post=2661"},{"taxonomy":"post_tag","embeddable":true,"href":"https:\/\/portal.unisepe.com.br\/unifia\/wp-json\/wp\/v2\/tags?post=2661"}],"curies":[{"name":"wp","href":"https:\/\/api.w.org\/{rel}","templated":true}]}}