{"id":2788,"date":"2018-06-07T17:21:28","date_gmt":"2018-06-07T20:21:28","guid":{"rendered":"http:\/\/portal.unisepe.com.br\/unifia\/?page_id=2788"},"modified":"2018-06-07T17:56:33","modified_gmt":"2018-06-07T20:56:33","slug":"ano-2016","status":"publish","type":"page","link":"https:\/\/portal.unisepe.com.br\/unifia\/direito-em-foco\/ano-2016\/","title":{"rendered":"Ano 2016"},"content":{"rendered":"<h6>Artigos<\/h6>\n<p>&nbsp;<\/p>\n<ul>\n<li><a href=\"http:\/\/portal.unisepe.com.br\/unifia\/wp-content\/uploads\/sites\/10001\/2018\/06\/001_invasao_poder_judiciario.pdf\" target=\"_blank\" rel=\"noopener\">A INVAS\u00c3O DO PODER JUDICI\u00c1RIO NA COMPET\u00caNCIA DO EXECUTIVO: A JUDICIALIZA\u00c7\u00c3O DO DIREITO SOCIAL \u00c0 SA\u00daDE, A ESCASSEZ DE RECURSOS E O ATENDIMENTO DO M\u00cdNIMO EXISTENCIAL NO ORDENAMENTO JUR\u00cdDICO BRASILEIRO &#8211; p\u00e1g 1 \u00e0 22<\/a><br \/>\n<em>Edson Camara de Drummond Alves Junior<\/em><\/li>\n<\/ul>\n<hr \/>\n<ul>\n<li><a href=\"http:\/\/portal.unisepe.com.br\/unifia\/wp-content\/uploads\/sites\/10001\/2018\/06\/002_inconstitucionalidade_acordo_delacao.pdf\" target=\"_blank\" rel=\"noopener\">A INCONSTITUCIONALIDADE DOS ACORDOS DE DELA\u00c7\u00c3O PREMIADA EM FACE DO PRINC\u00cdPIO DO DEVIDO PROCESSO LEGAL &#8211; p\u00e1g 23 \u00e0 45<\/a><br \/>\n<em>Priscila Carine de Jesus Santos<\/em><br \/>\n<em>Paulo Afonso Ribeiro Daher Junior<\/em><br \/>\n<em>Wagner Saraiva Ferreira Lemgruber Boechat<\/em><br \/>\n<em>Mariane Silva Par\u00f3dia<\/em><br \/>\n<em>Malu Maria de Lourdes Mendes Pereira<\/em><\/li>\n<\/ul>\n<hr \/>\n<ul>\n<li><a href=\"http:\/\/portal.unisepe.com.br\/unifia\/wp-content\/uploads\/sites\/10001\/2018\/06\/003_onus_prova_cpc.pdf\" target=\"_blank\" rel=\"noopener\">O \u00d4NUS DA PROVA DO NOVO CPC &#8211; p\u00e1g 46 \u00e0 56<\/a><br \/>\n<em>Alessandra Ribeiro Rezende Vilela<\/em><br \/>\n<em>Carlos Jos\u00e9 De Carvalho Neto<\/em><br \/>\n<em>Wagner Saraiva Ferreira Lemgruber Boechat<\/em><br \/>\n<em>Mariane Silva Par\u00f3dia<\/em><br \/>\n<em>Malu Maria de Lourdes Mendes Pereira<\/em><\/li>\n<\/ul>\n<hr \/>\n<ul>\n<li><a href=\"http:\/\/portal.unisepe.com.br\/unifia\/wp-content\/uploads\/sites\/10001\/2018\/06\/004_delitos_penas_cessare_beccaria.pdf\" target=\"_blank\" rel=\"noopener\">&#8220;DOS DELITOS E DAS PENAS&#8221; DE CESSARE BECCARIA E DIREITO BRASILEIRO CONTEMPOR\u00c2NEO: UMA RESENHA CR\u00cdTICA &#8211; p\u00e1g 57 \u00e0 67<\/a><br \/>\n<em>Marisol Faria do Nascimento Gomes<\/em><br \/>\n<em>Rafael Balde da Silva<\/em><br \/>\n<em>Wagner Saraiva Ferreira Lemgruber Boechat<\/em><br \/>\n<em>Mariane Silva Par\u00f3dia<\/em><br \/>\n<em>Malu Maria de Lourdes Mendes Pereira<\/em><\/li>\n<\/ul>\n<hr \/>\n<ul>\n<li><a href=\"http:\/\/portal.unisepe.com.br\/unifia\/wp-content\/uploads\/sites\/10001\/2018\/06\/005_embriaguez_volante_lei_seca.pdf\" target=\"_blank\" rel=\"noopener\">EMBRIAGUEZ AO VOLANTE \u00c0 LUZ DA NOVA LEI SECA &#8211; p\u00e1g 68 \u00e0 90<\/a><br \/>\n<em>Marcelo Aparecido Carvalho Leite<\/em><br \/>\n<em>Edson Camara de Drummond Alves Junior<\/em><\/li>\n<\/ul>\n<hr \/>\n<ul>\n<li><a href=\"http:\/\/portal.unisepe.com.br\/unifia\/wp-content\/uploads\/sites\/10001\/2018\/06\/006_acoes_cumprimento_setenca.pdf\" target=\"_blank\" rel=\"noopener\">A\u00c7\u00d5ES DE PROCEDIMENTO C\u00cdVEL, CUMPRIMENTO DE SENTEN\u00c7A &#8211; p\u00e1g 91 \u00e0 114<\/a><br \/>\n<em>Guilherme Fernando Eleuterio Da Silva<\/em><br \/>\n<em>Wagner Saraiva Ferreira Lemgruber Boechat<\/em><br \/>\n<em>Mariane Silva Par\u00f3dia<\/em><br \/>\n<em>Malu Maria De Lourdes Mendes Pereira<\/em><\/li>\n<\/ul>\n<hr \/>\n<ul>\n<li><a href=\"http:\/\/portal.unisepe.com.br\/unifia\/wp-content\/uploads\/sites\/10001\/2018\/06\/007_lei_maria_penha.pdf\" target=\"_blank\" rel=\"noopener\">EVOLU\u00c7\u00c3O DO SISTEMA DE GARANTIA DE DIREITOS NO COMBATE \u00c0 VIOL\u00caNCIA DOM\u00c9STICA E FAMILIAR NO MUNIC\u00cdPIO DE CAMPINAS &#8211; p\u00e1g 115 \u00e0 134<\/a><br \/>\n<em>Simone de Oliveira Prates<\/em><br \/>\n<em>Silmara Cristina Ramos Quintana<\/em><\/li>\n<\/ul>\n<hr \/>\n<ul>\n<li><a href=\"http:\/\/portal.unisepe.com.br\/unifia\/wp-content\/uploads\/sites\/10001\/2018\/06\/008_intervencao.pdf\" target=\"_blank\" rel=\"noopener\">A INTERVEN\u00c7\u00c3O (HUMANIT\u00c1RIA?) NO IRAQUE &#8211; p\u00e1g 135 \u00e0 147<\/a><br \/>\n<em>Carolina Maria Fontes Villela<\/em><br \/>\n<em>Ilsara Caroline de Souza<\/em><br \/>\n<em>Malu Maria De Lourdes M. Pereira<\/em><br \/>\n<em>Mariane S. Par\u00f3diaWagner S. F. L. Boechat<\/em><\/li>\n<\/ul>\n","protected":false},"excerpt":{"rendered":"<p>Artigos &nbsp; A INVAS\u00c3O DO PODER JUDICI\u00c1RIO NA COMPET\u00caNCIA DO EXECUTIVO: A JUDICIALIZA\u00c7\u00c3O DO DIREITO SOCIAL \u00c0 SA\u00daDE, A ESCASSEZ DE RECURSOS E O ATENDIMENTO DO M\u00cdNIMO EXISTENCIAL NO ORDENAMENTO JUR\u00cdDICO BRASILEIRO &#8211; p\u00e1g 1 \u00e0 22 Edson Camara de Drummond Alves Junior A INCONSTITUCIONALIDADE DOS ACORDOS DE DELA\u00c7\u00c3O PREMIADA<\/p>\n","protected":false},"author":2,"featured_media":0,"parent":2722,"menu_order":0,"comment_status":"closed","ping_status":"closed","template":"templates\/template-pagina_menu_vertical.php","meta":{"footnotes":""},"categories":[],"tags":[],"class_list":["post-2788","page","type-page","status-publish","hentry"],"_links":{"self":[{"href":"https:\/\/portal.unisepe.com.br\/unifia\/wp-json\/wp\/v2\/pages\/2788","targetHints":{"allow":["GET"]}}],"collection":[{"href":"https:\/\/portal.unisepe.com.br\/unifia\/wp-json\/wp\/v2\/pages"}],"about":[{"href":"https:\/\/portal.unisepe.com.br\/unifia\/wp-json\/wp\/v2\/types\/page"}],"author":[{"embeddable":true,"href":"https:\/\/portal.unisepe.com.br\/unifia\/wp-json\/wp\/v2\/users\/2"}],"replies":[{"embeddable":true,"href":"https:\/\/portal.unisepe.com.br\/unifia\/wp-json\/wp\/v2\/comments?post=2788"}],"version-history":[{"count":3,"href":"https:\/\/portal.unisepe.com.br\/unifia\/wp-json\/wp\/v2\/pages\/2788\/revisions"}],"predecessor-version":[{"id":2799,"href":"https:\/\/portal.unisepe.com.br\/unifia\/wp-json\/wp\/v2\/pages\/2788\/revisions\/2799"}],"up":[{"embeddable":true,"href":"https:\/\/portal.unisepe.com.br\/unifia\/wp-json\/wp\/v2\/pages\/2722"}],"wp:attachment":[{"href":"https:\/\/portal.unisepe.com.br\/unifia\/wp-json\/wp\/v2\/media?parent=2788"}],"wp:term":[{"taxonomy":"category","embeddable":true,"href":"https:\/\/portal.unisepe.com.br\/unifia\/wp-json\/wp\/v2\/categories?post=2788"},{"taxonomy":"post_tag","embeddable":true,"href":"https:\/\/portal.unisepe.com.br\/unifia\/wp-json\/wp\/v2\/tags?post=2788"}],"curies":[{"name":"wp","href":"https:\/\/api.w.org\/{rel}","templated":true}]}}