{"id":285,"date":"2016-07-09T00:51:13","date_gmt":"2016-07-09T00:51:13","guid":{"rendered":"http:\/\/www.fvr.edu.br\/fvr\/site\/?page_id=285"},"modified":"2025-04-11T19:44:12","modified_gmt":"2025-04-11T22:44:12","slug":"biblioteca","status":"publish","type":"page","link":"https:\/\/portal.unisepe.com.br\/unifia\/biblioteca\/","title":{"rendered":"Biblioteca"},"content":{"rendered":"<p style=\"text-align: justify\"><strong><img loading=\"lazy\" decoding=\"async\" class=\"size-full wp-image-2424 alignleft\" src=\"http:\/\/portal.unisepe.com.br\/unifia\/wp-content\/uploads\/sites\/10001\/2018\/06\/biblioteca_unifia.jpg\" alt=\"\" width=\"240\" height=\"159\" \/><\/strong><\/p>\n<p>A Biblioteca Josephina de Martin Bernardes do Centro Universit\u00e1rio Amparense- <strong>UNIFIA<\/strong>, \u00e9 de car\u00e1ter universit\u00e1rio e tem como objetivo contribuir para a capacita\u00e7\u00e3o do estudante e para a forma\u00e7\u00e3o cont\u00ednua dos professores. Constitui-se em interface entre o usu\u00e1rio e a informa\u00e7\u00e3o usando os recursos inform\u00e1ticos e os princ\u00edpios de pesquisa bibliogr\u00e1fica, otimizando a busca e a recupera\u00e7\u00e3o da informa\u00e7\u00e3o influindo no desempenho da comunidade acad\u00eamica contribuindo com novas produ\u00e7\u00f5es do conhecimento com apoio das normas documentais.<\/p>\n<p><span>Totalmente informatizada de acordo com as normas de cataloga\u00e7\u00e3o AACR2 e a Classifica\u00e7\u00e3o Decimal Dewey. O sistema utilizado para cataloga\u00e7\u00e3o, consultas e circula\u00e7\u00e3o do acervo \u00e9 o PERGAMUM, que permite que os alunos e professores fa\u00e7am consultas online nos computadores. O servi\u00e7o garante mais agilidade na procura e sele\u00e7\u00e3o do material bibliogr\u00e1fico.<\/span><\/p>\n<p><span>Atualmente, o acervo bibliogr\u00e1fico conta aproximadamente com mais de <\/span><span><strong>37<\/strong><\/span><span> mil exemplares de livros e revistas, nas diversas \u00e1reas dos cursos oferecidos.<\/span><\/p>\n<p>A Biblioteca conta com 2 plataformas de Acervo Digital para as \u00e1reas de Direito e Psicologia, os alunos fazem acesso direto pelo Portal do Acad\u00eamico.<\/p>\n<p><span>A atualiza\u00e7\u00e3o dos t\u00edtulos \u00e9 sistem\u00e1tica e permanente, feita por indica\u00e7\u00e3o de alunos, professores e atendendo as exig\u00eancias do\u00a0Minist\u00e9rio da Educa\u00e7\u00e3o. <\/span><\/p>\n<p><span>A biblioteca, \u00e9 muito procurada por estudantes e profissionais de toda regi\u00e3o, atende alunos e ex-alunos, o n\u00famero de usu\u00e1rios cresce assustadoramente.<\/span><\/p>\n<p><span>A biblioteca proporciona sem d\u00favida o mais poderoso instrumento de cultura j\u00e1 concebido pelo homem. As informa\u00e7\u00f5es contidas nos livros s\u00e3o origin\u00e1rias das mentes privilegiadas de renomados autores. As m\u00e1quinas indispens\u00e1veis a difus\u00e3o de informa\u00e7\u00f5es. Os servi\u00e7os prestados s\u00e3o de grande valia para o ensino, colaborando para o grau de desenvolvimento intelectual dos alunos, a fim de proporcionar a liberdade do pensamento e a transforma\u00e7\u00e3o social de uma sociedade evolu\u00edda e aut\u00f4noma de hoje e do futuro<\/span><span>.<\/span><\/p>\n<p>A biblioteca funciona com 1 bibliotec\u00e1ria e 1 auxiliar de biblioteca, sendo a bibliotec\u00e1ria respons\u00e1vel: Fernanda Pereira de Castro \u2013 CRB8-10395.<\/p>\n<p>O hor\u00e1rio de funcionamento \u00e9 de <span>Segunda \u00e0 Sexta de 18hs \u00e0s 22hs.<\/span><\/p>\n<p><strong>\u00a0<\/strong><\/p>\n<p><strong>\u00a0<\/strong><\/p>\n<p><strong>ACERVO<\/strong><\/p>\n<p>Discrimina-se no quadro abaixo o acervo da biblioteca por \u00e1rea de conhecimento, tomando como base a Classifica\u00e7\u00e3o Decimal de Dewey \u2013 CDD:<\/p>\n<p style=\"text-align: justify\"><strong>\u00a0<\/strong><\/p>\n<table style=\"height: 545px\" width=\"713\">\n<tbody>\n<tr>\n<td width=\"340\"><strong>\u00c1reas de Conhecimento<\/strong><\/td>\n<td width=\"132\"><strong>T\u00edtulos<\/strong><\/td>\n<td width=\"132\"><strong>Exemplares<\/strong><\/td>\n<\/tr>\n<tr>\n<td width=\"340\">Ci\u00eancias Exatas e da Terra<\/td>\n<td width=\"132\">1260<\/td>\n<td width=\"132\">4.680<\/td>\n<\/tr>\n<tr>\n<td width=\"340\">Ci\u00eancias Agr\u00e1rias<\/td>\n<td width=\"132\">56<\/td>\n<td width=\"132\">239<\/td>\n<\/tr>\n<tr>\n<td width=\"340\">Ci\u00eancias Biol\u00f3gicas<\/td>\n<td width=\"132\">235<\/td>\n<td width=\"132\">869<\/td>\n<\/tr>\n<tr>\n<td width=\"340\">Engenharias<\/td>\n<td width=\"132\">371<\/td>\n<td width=\"132\">2.266<\/td>\n<\/tr>\n<tr>\n<td width=\"340\">Ci\u00eancias de Sa\u00fade<\/td>\n<td width=\"132\">1.228<\/td>\n<td width=\"132\">4.462<\/td>\n<\/tr>\n<tr>\n<td width=\"340\">Ci\u00eancias Sociais Aplicadas<\/td>\n<td width=\"132\">4.002<\/td>\n<td width=\"132\">12.003<\/td>\n<\/tr>\n<tr>\n<td width=\"340\">Ci\u00eancias Humanas<\/td>\n<td width=\"132\">4.661<\/td>\n<td width=\"132\">8.535<\/td>\n<\/tr>\n<tr>\n<td width=\"340\">Lingu\u00edstica, Letras e Artes<\/td>\n<td width=\"132\">3.295<\/td>\n<td width=\"132\">5.428<\/td>\n<\/tr>\n<tr>\n<td width=\"340\"><strong>Total<\/strong><\/td>\n<td width=\"132\">15.108<\/td>\n<td width=\"132\">38.512<\/td>\n<\/tr>\n<\/tbody>\n<\/table>\n<p>&nbsp;<\/p>\n<p>&nbsp;<\/p>\n","protected":false},"excerpt":{"rendered":"<p>A Biblioteca Josephina de Martin Bernardes do Centro Universit\u00e1rio Amparense- UNIFIA, \u00e9 de car\u00e1ter universit\u00e1rio e tem como objetivo contribuir para a capacita\u00e7\u00e3o do estudante e para a forma\u00e7\u00e3o cont\u00ednua dos professores. Constitui-se em interface entre o usu\u00e1rio e a informa\u00e7\u00e3o usando os recursos inform\u00e1ticos e os princ\u00edpios de pesquisa<\/p>\n","protected":false},"author":1,"featured_media":0,"parent":0,"menu_order":0,"comment_status":"closed","ping_status":"closed","template":"templates\/template-pagina_menu_vertical.php","meta":{"footnotes":""},"categories":[],"tags":[],"class_list":["post-285","page","type-page","status-publish","hentry"],"_links":{"self":[{"href":"https:\/\/portal.unisepe.com.br\/unifia\/wp-json\/wp\/v2\/pages\/285","targetHints":{"allow":["GET"]}}],"collection":[{"href":"https:\/\/portal.unisepe.com.br\/unifia\/wp-json\/wp\/v2\/pages"}],"about":[{"href":"https:\/\/portal.unisepe.com.br\/unifia\/wp-json\/wp\/v2\/types\/page"}],"author":[{"embeddable":true,"href":"https:\/\/portal.unisepe.com.br\/unifia\/wp-json\/wp\/v2\/users\/1"}],"replies":[{"embeddable":true,"href":"https:\/\/portal.unisepe.com.br\/unifia\/wp-json\/wp\/v2\/comments?post=285"}],"version-history":[{"count":11,"href":"https:\/\/portal.unisepe.com.br\/unifia\/wp-json\/wp\/v2\/pages\/285\/revisions"}],"predecessor-version":[{"id":10804,"href":"https:\/\/portal.unisepe.com.br\/unifia\/wp-json\/wp\/v2\/pages\/285\/revisions\/10804"}],"wp:attachment":[{"href":"https:\/\/portal.unisepe.com.br\/unifia\/wp-json\/wp\/v2\/media?parent=285"}],"wp:term":[{"taxonomy":"category","embeddable":true,"href":"https:\/\/portal.unisepe.com.br\/unifia\/wp-json\/wp\/v2\/categories?post=285"},{"taxonomy":"post_tag","embeddable":true,"href":"https:\/\/portal.unisepe.com.br\/unifia\/wp-json\/wp\/v2\/tags?post=285"}],"curies":[{"name":"wp","href":"https:\/\/api.w.org\/{rel}","templated":true}]}}