{"id":2873,"date":"2018-06-11T16:34:23","date_gmt":"2018-06-11T19:34:23","guid":{"rendered":"http:\/\/portal.unisepe.com.br\/unifia\/?page_id=2873"},"modified":"2018-06-11T16:57:16","modified_gmt":"2018-06-11T19:57:16","slug":"ano-2013","status":"publish","type":"page","link":"https:\/\/portal.unisepe.com.br\/unifia\/educacao-em-foco\/ano-2013\/","title":{"rendered":"Ano 2013"},"content":{"rendered":"<h6>Artigos<\/h6>\n<p>&nbsp;<\/p>\n<ul>\n<li><a href=\"http:\/\/portal.unisepe.com.br\/unifia\/wp-content\/uploads\/sites\/10001\/2018\/06\/1assedio_moral.pdf\" target=\"_blank\" rel=\"noopener\">Ass\u00e9dio Moral no Ambiente Organizacional<\/a><br \/>\n<em>Cleberson Disessa<\/em><\/li>\n<\/ul>\n<hr \/>\n<ul>\n<li><a href=\"http:\/\/portal.unisepe.com.br\/unifia\/wp-content\/uploads\/sites\/10001\/2018\/06\/2abordagem_transversal.pdf\" target=\"_blank\" rel=\"noopener\">Abordagem Transversal do tema Orquid\u00e1ceas em G\u00eaneros Liter\u00e1rios: L\u00edngua Portuguesa e estados Geogr\u00e1ficos.<\/a><br \/>\n<em>Ivan Carlos Zampin &#8211; Prof. Dr. em Geografia formado pela Unesp Rio Claro; atua na Rede Estadual de Educa\u00e7\u00e3o do Estado de S\u00e3o Paulo<\/em><br \/>\n<em>Felipe de Camargo Costa &#8211; Professor Graduado em Licenciatura Plena em Letras Portugu\u00eas e Ingl\u00eas e Literaturas pelas Faculdades Integradas Claretianas, atua na Rede Estadual de Ensino de S\u00e3o Paulo.<\/em><br \/>\n<em>Sidnei Lopes Ribeiro &#8211; Prof. Dr. em Geoci\u00eancias formado pela Unesp Rio Claro; atua na Rede Estadual de Educa\u00e7\u00e3o do Estado de S\u00e3o Paulo.<\/em><\/li>\n<\/ul>\n<hr \/>\n<ul>\n<li><a href=\"http:\/\/portal.unisepe.com.br\/unifia\/wp-content\/uploads\/sites\/10001\/2018\/06\/3matematica_ludica.pdf\" target=\"_blank\" rel=\"noopener\">Matem\u00e1tica L\u00fadica Ensino M\u00e9dio e Fundamental<\/a><br \/>\n<em>JONAS LARANJEIRA SARAIVA DA SILVA<\/em><br \/>\n<em>JOIL RAMOS EVANGELISTA<\/em><br \/>\n<em>RAFAEL BATISTA DOS SANTOS<\/em><br \/>\n<em>PAULO MUNIZ MENDES<\/em><\/li>\n<\/ul>\n<hr \/>\n<ul>\n<li><a href=\"http:\/\/portal.unisepe.com.br\/unifia\/wp-content\/uploads\/sites\/10001\/2018\/06\/4ensino_geografia.pdf\" target=\"_blank\" rel=\"noopener\">O Ensino de Geografia no Estado de S\u00e3o Paulo na D\u00e9cada de 1950 com base na obra de Aroldo de Azevedo: Ci\u00eancia Neutra<\/a><br \/>\n<em>Sidnei Lopes Ribeiro<\/em><br \/>\n<em>Ivan Carlos Zampin<\/em><\/li>\n<\/ul>\n<hr \/>\n<ul>\n<li><a href=\"http:\/\/portal.unisepe.com.br\/unifia\/wp-content\/uploads\/sites\/10001\/2018\/06\/5ensino_historia.pdf\" target=\"_blank\" rel=\"noopener\">Hist\u00f3ria e Ensino de Hist\u00f3ria: Perspectivas e Abordagens<\/a><br \/>\n<em>Jonatas Roque Ribeiro<\/em><\/li>\n<\/ul>\n<hr \/>\n","protected":false},"excerpt":{"rendered":"<p>Artigos &nbsp; Ass\u00e9dio Moral no Ambiente Organizacional Cleberson Disessa Abordagem Transversal do tema Orquid\u00e1ceas em G\u00eaneros Liter\u00e1rios: L\u00edngua Portuguesa e estados Geogr\u00e1ficos. Ivan Carlos Zampin &#8211; Prof. Dr. em Geografia formado pela Unesp Rio Claro; atua na Rede Estadual de Educa\u00e7\u00e3o do Estado de S\u00e3o Paulo Felipe de Camargo Costa<\/p>\n","protected":false},"author":2,"featured_media":0,"parent":2819,"menu_order":0,"comment_status":"closed","ping_status":"closed","template":"templates\/template-pagina_menu_vertical.php","meta":{"footnotes":""},"categories":[],"tags":[],"class_list":["post-2873","page","type-page","status-publish","hentry"],"_links":{"self":[{"href":"https:\/\/portal.unisepe.com.br\/unifia\/wp-json\/wp\/v2\/pages\/2873","targetHints":{"allow":["GET"]}}],"collection":[{"href":"https:\/\/portal.unisepe.com.br\/unifia\/wp-json\/wp\/v2\/pages"}],"about":[{"href":"https:\/\/portal.unisepe.com.br\/unifia\/wp-json\/wp\/v2\/types\/page"}],"author":[{"embeddable":true,"href":"https:\/\/portal.unisepe.com.br\/unifia\/wp-json\/wp\/v2\/users\/2"}],"replies":[{"embeddable":true,"href":"https:\/\/portal.unisepe.com.br\/unifia\/wp-json\/wp\/v2\/comments?post=2873"}],"version-history":[{"count":3,"href":"https:\/\/portal.unisepe.com.br\/unifia\/wp-json\/wp\/v2\/pages\/2873\/revisions"}],"predecessor-version":[{"id":2881,"href":"https:\/\/portal.unisepe.com.br\/unifia\/wp-json\/wp\/v2\/pages\/2873\/revisions\/2881"}],"up":[{"embeddable":true,"href":"https:\/\/portal.unisepe.com.br\/unifia\/wp-json\/wp\/v2\/pages\/2819"}],"wp:attachment":[{"href":"https:\/\/portal.unisepe.com.br\/unifia\/wp-json\/wp\/v2\/media?parent=2873"}],"wp:term":[{"taxonomy":"category","embeddable":true,"href":"https:\/\/portal.unisepe.com.br\/unifia\/wp-json\/wp\/v2\/categories?post=2873"},{"taxonomy":"post_tag","embeddable":true,"href":"https:\/\/portal.unisepe.com.br\/unifia\/wp-json\/wp\/v2\/tags?post=2873"}],"curies":[{"name":"wp","href":"https:\/\/api.w.org\/{rel}","templated":true}]}}