{"id":2882,"date":"2018-06-11T16:58:54","date_gmt":"2018-06-11T19:58:54","guid":{"rendered":"http:\/\/portal.unisepe.com.br\/unifia\/?page_id=2882"},"modified":"2018-06-11T17:20:54","modified_gmt":"2018-06-11T20:20:54","slug":"ano-2014","status":"publish","type":"page","link":"https:\/\/portal.unisepe.com.br\/unifia\/educacao-em-foco\/ano-2014\/","title":{"rendered":"Ano 2014"},"content":{"rendered":"<h6>Artigos<\/h6>\n<p>&nbsp;<\/p>\n<ul>\n<li><a href=\"http:\/\/portal.unisepe.com.br\/unifia\/wp-content\/uploads\/sites\/10001\/2018\/06\/1politicas_publicas.pdf\" target=\"_blank\" rel=\"noopener\">AS POL\u00cdTICAS P\u00daBLICAS DO BANCO MUNDIAL PARA A EDUCA\u00c7\u00c3O BRASILEIRA<\/a><br \/>\n<em>Mirivan Carneiro Rios<\/em><\/li>\n<\/ul>\n<hr \/>\n<ul>\n<li><a href=\"http:\/\/portal.unisepe.com.br\/unifia\/wp-content\/uploads\/sites\/10001\/2018\/06\/2educacao_ambiental.pdf\" target=\"_blank\" rel=\"noopener\">EDUCA\u00c7\u00c3O AMBIENTAL:APRENDER A COMPARTILHAR POR MEIO DA M\u00cdDIA IMPRESSA E DA INTERNET<\/a><br \/>\n<em>Mirivan Carneiro Rios<\/em><br \/>\n<em>Orestes Zivieri Neto<\/em><\/li>\n<\/ul>\n<hr \/>\n<ul>\n<li><a href=\"http:\/\/portal.unisepe.com.br\/unifia\/wp-content\/uploads\/sites\/10001\/2018\/06\/3inter_moral_etica.pdf\" target=\"_blank\" rel=\"noopener\">A INTERDISCIPLINARIDADE EM EDUCA\u00c7\u00c3O AMBIENTAL,GEOGRAFIA, BIOLOGIA, MORAL E \u00c9TICA, TENDO COMO AN\u00c1LISE A APLICA\u00c7\u00c3O DID\u00c1TICA E PEDAG\u00d3GICA DE ORQU\u00cdDEAS NO ENSINO M\u00c9DIO.<\/a><br \/>\n<em>ZAMPIN, Ivan Carlos<\/em><br \/>\n<em>OLIVEIRA, Fatima Bento de<\/em><\/li>\n<\/ul>\n<hr \/>\n<ul>\n<li><a href=\"http:\/\/portal.unisepe.com.br\/unifia\/wp-content\/uploads\/sites\/10001\/2018\/06\/4transdisciplinaridade.pdf\" target=\"_blank\" rel=\"noopener\">DEBATENDO A TRANSDISCIPLINARIDADE NA FORMA\u00c7\u00c3O PROFISSIONAL NA ENFERMAGEM<\/a><br \/>\n<em>Carmencita Ignatti<\/em><br \/>\n<em>Denise Maria Almada de O. Pinto<\/em><br \/>\n<em>Walmeiry Simone da Silva<\/em><\/li>\n<\/ul>\n<hr \/>\n<ul>\n<li><a href=\"http:\/\/portal.unisepe.com.br\/unifia\/wp-content\/uploads\/sites\/10001\/2018\/06\/5familia_e_escola.pdf\" target=\"_blank\" rel=\"noopener\">FAM\u00cdLIA E ESCOLA: DOIS CONTEXTOS INSEPAR\u00c1VEIS \u00c0 APRENDIZAGEM<\/a><br \/>\n<em>Cruz, Maria Beatriz Zanarella<\/em><br \/>\n<em>Rocha, Giovana Cristina da<\/em><\/li>\n<\/ul>\n<hr \/>\n<ul>\n<li><a href=\"http:\/\/portal.unisepe.com.br\/unifia\/wp-content\/uploads\/sites\/10001\/2018\/06\/6quilombos_urbanos.pdf\" target=\"_blank\" rel=\"noopener\">QUILOMBOS URBANOS: A RESIST\u00caNCIA CULTURAL NEGRA NAS FAVELAS DE S\u00c3O PAULO<\/a><br \/>\n<em>Claudia Irene de Oliveira Hengler<\/em><br \/>\n<em>Marlene Alves Salvador<\/em><\/li>\n<\/ul>\n<hr \/>\n<ul>\n<li><a href=\"http:\/\/portal.unisepe.com.br\/unifia\/wp-content\/uploads\/sites\/10001\/2018\/06\/7educacao_terceira_idade.pdf\" target=\"_blank\" rel=\"noopener\">EDUCA\u00c7\u00c3O NA TERCEIRA IDADE \u2013 UM NOVO APRENDIZADO<\/a><br \/>\n<em>Regiane Ap. de O. Bayczar<\/em><\/li>\n<\/ul>\n<hr \/>\n<ul>\n<li><a href=\"http:\/\/portal.unisepe.com.br\/unifia\/wp-content\/uploads\/sites\/10001\/2018\/06\/8positivismo.pdf\" target=\"_blank\" rel=\"noopener\">POSITIVISMO E BACHARELISMO: CONTEXTO E EMBATE INTELECTUAL NO BRASIL AO FINAL DO S\u00c9CULO XIX<\/a><br \/>\n<em>Andr\u00e9 Luciano Sim\u00e3o<\/em><\/li>\n<\/ul>\n<hr \/>\n<ul>\n<li><a href=\"http:\/\/portal.unisepe.com.br\/unifia\/wp-content\/uploads\/sites\/10001\/2018\/06\/9dificuldades_prof_superior.pdf\" target=\"_blank\" rel=\"noopener\">AS DIFICULDADES VIVENCIADAS PELOS PROFESSORES DO ENSINO SUPERIOR FRENTE \u00c0 TRANSI\u00c7\u00c3O PARADIGM\u00c1TICA DA EDUCA\u00c7\u00c3O: DESAFIOS E POSSIBILIDADES<\/a><br \/>\n<em>Fleuri C\u00e2ndido Queiroz<\/em><br \/>\n<em>Indira Coelho de Souza<\/em><br \/>\n<em>Jo\u00e3o Carlos Farber<\/em><br \/>\n<em>Miguel Luz<\/em><br \/>\n<em>Patr\u00edcia Regina de Moraes<\/em><\/li>\n<\/ul>\n<hr \/>\n<ul>\n<li><a href=\"http:\/\/portal.unisepe.com.br\/unifia\/wp-content\/uploads\/sites\/10001\/2018\/06\/10chapeuzinho_vermelho.pdf\" target=\"_blank\" rel=\"noopener\">CHAPEUZINHO VERMELHO: CONTO DE FADAS OU CONTO DE MEDOS?<\/a><br \/>\n<em>Edmar Lucas Ferreira<\/em><\/li>\n<\/ul>\n<hr \/>\n","protected":false},"excerpt":{"rendered":"<p>Artigos &nbsp; AS POL\u00cdTICAS P\u00daBLICAS DO BANCO MUNDIAL PARA A EDUCA\u00c7\u00c3O BRASILEIRA Mirivan Carneiro Rios EDUCA\u00c7\u00c3O AMBIENTAL:APRENDER A COMPARTILHAR POR MEIO DA M\u00cdDIA IMPRESSA E DA INTERNET Mirivan Carneiro Rios Orestes Zivieri Neto A INTERDISCIPLINARIDADE EM EDUCA\u00c7\u00c3O AMBIENTAL,GEOGRAFIA, BIOLOGIA, MORAL E \u00c9TICA, TENDO COMO AN\u00c1LISE A APLICA\u00c7\u00c3O DID\u00c1TICA E PEDAG\u00d3GICA<\/p>\n","protected":false},"author":2,"featured_media":0,"parent":2819,"menu_order":0,"comment_status":"closed","ping_status":"closed","template":"templates\/template-pagina_menu_vertical.php","meta":{"footnotes":""},"categories":[],"tags":[],"class_list":["post-2882","page","type-page","status-publish","hentry"],"_links":{"self":[{"href":"https:\/\/portal.unisepe.com.br\/unifia\/wp-json\/wp\/v2\/pages\/2882","targetHints":{"allow":["GET"]}}],"collection":[{"href":"https:\/\/portal.unisepe.com.br\/unifia\/wp-json\/wp\/v2\/pages"}],"about":[{"href":"https:\/\/portal.unisepe.com.br\/unifia\/wp-json\/wp\/v2\/types\/page"}],"author":[{"embeddable":true,"href":"https:\/\/portal.unisepe.com.br\/unifia\/wp-json\/wp\/v2\/users\/2"}],"replies":[{"embeddable":true,"href":"https:\/\/portal.unisepe.com.br\/unifia\/wp-json\/wp\/v2\/comments?post=2882"}],"version-history":[{"count":4,"href":"https:\/\/portal.unisepe.com.br\/unifia\/wp-json\/wp\/v2\/pages\/2882\/revisions"}],"predecessor-version":[{"id":2896,"href":"https:\/\/portal.unisepe.com.br\/unifia\/wp-json\/wp\/v2\/pages\/2882\/revisions\/2896"}],"up":[{"embeddable":true,"href":"https:\/\/portal.unisepe.com.br\/unifia\/wp-json\/wp\/v2\/pages\/2819"}],"wp:attachment":[{"href":"https:\/\/portal.unisepe.com.br\/unifia\/wp-json\/wp\/v2\/media?parent=2882"}],"wp:term":[{"taxonomy":"category","embeddable":true,"href":"https:\/\/portal.unisepe.com.br\/unifia\/wp-json\/wp\/v2\/categories?post=2882"},{"taxonomy":"post_tag","embeddable":true,"href":"https:\/\/portal.unisepe.com.br\/unifia\/wp-json\/wp\/v2\/tags?post=2882"}],"curies":[{"name":"wp","href":"https:\/\/api.w.org\/{rel}","templated":true}]}}