{"id":2897,"date":"2018-06-11T17:21:41","date_gmt":"2018-06-11T20:21:41","guid":{"rendered":"http:\/\/portal.unisepe.com.br\/unifia\/?page_id=2897"},"modified":"2018-06-11T17:26:34","modified_gmt":"2018-06-11T20:26:34","slug":"ano-2015","status":"publish","type":"page","link":"https:\/\/portal.unisepe.com.br\/unifia\/educacao-em-foco\/ano-2015\/","title":{"rendered":"Ano 2015"},"content":{"rendered":"<h6>Artigos<\/h6>\n<p>&nbsp;<\/p>\n<ul>\n<li><a href=\"http:\/\/portal.unisepe.com.br\/unifia\/wp-content\/uploads\/sites\/10001\/2018\/06\/1ensino_sociedadesustentavel.pdf\" target=\"_blank\" rel=\"noopener\">ENSINO E EDUCA\u00c7\u00c3O PARA UMA SOCIEDADE SUSTENT\u00c1VEL: A EFETUA\u00c7\u00c3O ALOPOI\u00c9TICA PARA A HIST\u00d3RIA DO FUTURO &#8211; p\u00e1g 1 \u00e0 12<\/a><br \/>\n<em>Reynaldo F. L. de Mello<\/em><\/li>\n<\/ul>\n<hr \/>\n<ul>\n<li><a href=\"http:\/\/portal.unisepe.com.br\/unifia\/wp-content\/uploads\/sites\/10001\/2018\/06\/2economia_esmola.pdf\" target=\"_blank\" rel=\"noopener\">ECONOMIA DA ESMOLA: UMA INTRODU\u00c7\u00c3O \u00c0 ECONOMIA DO D\u00cdZIMO &#8211; p\u00e1g 13 \u00e0 30<\/a><br \/>\n<em>Reynaldo F. L. de Mello<\/em><\/li>\n<\/ul>\n<hr \/>\n<ul>\n<li><a href=\"http:\/\/portal.unisepe.com.br\/unifia\/wp-content\/uploads\/sites\/10001\/2018\/06\/3importancia_pesquisa_paraformacaocientifica.pdf\" target=\"_blank\" rel=\"noopener\">A IMPORT\u00c2NCIA DA PESQUISA COMO PRINC\u00cdPIO EDUCATIVO PARA A FORMA\u00c7\u00c3O CIENT\u00cdFICA DE EDUCANDOS DO ENSINO SUPERIOR &#8211; p\u00e1g 31 \u00e0 40<\/a><br \/>\n<em>Alessandra Cristiane dos Santos Nervo<\/em><br \/>\n<em>F\u00e1bio Lustosa Ferreira<\/em><\/li>\n<\/ul>\n<hr \/>\n<ul>\n<li><a href=\"http:\/\/portal.unisepe.com.br\/unifia\/wp-content\/uploads\/sites\/10001\/2018\/06\/4olhar_dislexia.pdf\" target=\"_blank\" rel=\"noopener\">UM OLHAR \u00cdNTIMO PARA A DISLEXIA &#8211; p\u00e1g 41 \u00e0 45<\/a><br \/>\n<em>Gabriela Flore Martins de Sousa<\/em><br \/>\n<em>Daniella Cristina Peres Dias<\/em><br \/>\n<em>Mariluci Costa C\u00e2ndido<\/em><br \/>\n<em>Sim\u00e9a Ceballos<\/em><br \/>\n<em>Vera L\u00facia de M. R. de Souza<\/em><\/li>\n<\/ul>\n<hr \/>\n","protected":false},"excerpt":{"rendered":"<p>Artigos &nbsp; ENSINO E EDUCA\u00c7\u00c3O PARA UMA SOCIEDADE SUSTENT\u00c1VEL: A EFETUA\u00c7\u00c3O ALOPOI\u00c9TICA PARA A HIST\u00d3RIA DO FUTURO &#8211; p\u00e1g 1 \u00e0 12 Reynaldo F. L. de Mello ECONOMIA DA ESMOLA: UMA INTRODU\u00c7\u00c3O \u00c0 ECONOMIA DO D\u00cdZIMO &#8211; p\u00e1g 13 \u00e0 30 Reynaldo F. L. de Mello A IMPORT\u00c2NCIA DA PESQUISA<\/p>\n","protected":false},"author":2,"featured_media":0,"parent":2819,"menu_order":0,"comment_status":"closed","ping_status":"closed","template":"templates\/template-pagina_menu_vertical.php","meta":{"footnotes":""},"categories":[],"tags":[],"class_list":["post-2897","page","type-page","status-publish","hentry"],"_links":{"self":[{"href":"https:\/\/portal.unisepe.com.br\/unifia\/wp-json\/wp\/v2\/pages\/2897","targetHints":{"allow":["GET"]}}],"collection":[{"href":"https:\/\/portal.unisepe.com.br\/unifia\/wp-json\/wp\/v2\/pages"}],"about":[{"href":"https:\/\/portal.unisepe.com.br\/unifia\/wp-json\/wp\/v2\/types\/page"}],"author":[{"embeddable":true,"href":"https:\/\/portal.unisepe.com.br\/unifia\/wp-json\/wp\/v2\/users\/2"}],"replies":[{"embeddable":true,"href":"https:\/\/portal.unisepe.com.br\/unifia\/wp-json\/wp\/v2\/comments?post=2897"}],"version-history":[{"count":3,"href":"https:\/\/portal.unisepe.com.br\/unifia\/wp-json\/wp\/v2\/pages\/2897\/revisions"}],"predecessor-version":[{"id":2904,"href":"https:\/\/portal.unisepe.com.br\/unifia\/wp-json\/wp\/v2\/pages\/2897\/revisions\/2904"}],"up":[{"embeddable":true,"href":"https:\/\/portal.unisepe.com.br\/unifia\/wp-json\/wp\/v2\/pages\/2819"}],"wp:attachment":[{"href":"https:\/\/portal.unisepe.com.br\/unifia\/wp-json\/wp\/v2\/media?parent=2897"}],"wp:term":[{"taxonomy":"category","embeddable":true,"href":"https:\/\/portal.unisepe.com.br\/unifia\/wp-json\/wp\/v2\/categories?post=2897"},{"taxonomy":"post_tag","embeddable":true,"href":"https:\/\/portal.unisepe.com.br\/unifia\/wp-json\/wp\/v2\/tags?post=2897"}],"curies":[{"name":"wp","href":"https:\/\/api.w.org\/{rel}","templated":true}]}}