{"id":2955,"date":"2018-06-11T21:39:11","date_gmt":"2018-06-12T00:39:11","guid":{"rendered":"http:\/\/portal.unisepe.com.br\/unifia\/?page_id=2955"},"modified":"2018-06-11T21:40:34","modified_gmt":"2018-06-12T00:40:34","slug":"ano-2010","status":"publish","type":"page","link":"https:\/\/portal.unisepe.com.br\/unifia\/gestao-em-foco\/ano-2010\/","title":{"rendered":"Ano 2010"},"content":{"rendered":"<h6>Artigos<\/h6>\n<p>&nbsp;<\/p>\n<ul>\n<li><a href=\"http:\/\/portal.unisepe.com.br\/unifia\/wp-content\/uploads\/sites\/10001\/2018\/06\/esgoto.pdf\" target=\"_blank\" rel=\"noopener\">Influ\u00eancia do Lan\u00e7amento de Esgoto Org\u00e2nico nas Caracter\u00edsticas Limnol\u00f3gicas de C\u00f3rregos Afluentes do Rio Camundacaia Amparo\/SP &#8211; Etapa 1&#8243;<\/a><br \/>\n<em>Marilia Gazza Alves. &#8211; Centro Universit\u00e1rio Amparense UNIFIA<\/em><br \/>\n<em>Andr\u00e9 Alberto. &#8211; Centro Universit\u00e1rio Amparense UNIFIA<\/em><br \/>\n<em>Basilio Gomes Ribeiro Filho. &#8211; Centro Universit\u00e1rio Amparense UNIFIA<\/em><br \/>\n<em>Emilio Carlos Nardini.<\/em><\/li>\n<\/ul>\n","protected":false},"excerpt":{"rendered":"<p>Artigos &nbsp; Influ\u00eancia do Lan\u00e7amento de Esgoto Org\u00e2nico nas Caracter\u00edsticas Limnol\u00f3gicas de C\u00f3rregos Afluentes do Rio Camundacaia Amparo\/SP &#8211; Etapa 1&#8243; Marilia Gazza Alves. &#8211; Centro Universit\u00e1rio Amparense UNIFIA Andr\u00e9 Alberto. &#8211; Centro Universit\u00e1rio Amparense UNIFIA Basilio Gomes Ribeiro Filho. &#8211; Centro Universit\u00e1rio Amparense UNIFIA Emilio Carlos Nardini.<\/p>\n","protected":false},"author":2,"featured_media":0,"parent":2940,"menu_order":0,"comment_status":"closed","ping_status":"closed","template":"templates\/template-pagina_menu_vertical.php","meta":{"footnotes":""},"categories":[],"tags":[],"class_list":["post-2955","page","type-page","status-publish","hentry"],"_links":{"self":[{"href":"https:\/\/portal.unisepe.com.br\/unifia\/wp-json\/wp\/v2\/pages\/2955","targetHints":{"allow":["GET"]}}],"collection":[{"href":"https:\/\/portal.unisepe.com.br\/unifia\/wp-json\/wp\/v2\/pages"}],"about":[{"href":"https:\/\/portal.unisepe.com.br\/unifia\/wp-json\/wp\/v2\/types\/page"}],"author":[{"embeddable":true,"href":"https:\/\/portal.unisepe.com.br\/unifia\/wp-json\/wp\/v2\/users\/2"}],"replies":[{"embeddable":true,"href":"https:\/\/portal.unisepe.com.br\/unifia\/wp-json\/wp\/v2\/comments?post=2955"}],"version-history":[{"count":3,"href":"https:\/\/portal.unisepe.com.br\/unifia\/wp-json\/wp\/v2\/pages\/2955\/revisions"}],"predecessor-version":[{"id":2959,"href":"https:\/\/portal.unisepe.com.br\/unifia\/wp-json\/wp\/v2\/pages\/2955\/revisions\/2959"}],"up":[{"embeddable":true,"href":"https:\/\/portal.unisepe.com.br\/unifia\/wp-json\/wp\/v2\/pages\/2940"}],"wp:attachment":[{"href":"https:\/\/portal.unisepe.com.br\/unifia\/wp-json\/wp\/v2\/media?parent=2955"}],"wp:term":[{"taxonomy":"category","embeddable":true,"href":"https:\/\/portal.unisepe.com.br\/unifia\/wp-json\/wp\/v2\/categories?post=2955"},{"taxonomy":"post_tag","embeddable":true,"href":"https:\/\/portal.unisepe.com.br\/unifia\/wp-json\/wp\/v2\/tags?post=2955"}],"curies":[{"name":"wp","href":"https:\/\/api.w.org\/{rel}","templated":true}]}}