{"id":3917,"date":"2018-06-30T11:39:13","date_gmt":"2018-06-30T14:39:13","guid":{"rendered":"http:\/\/portal.unisepe.com.br\/unifia\/?page_id=3917"},"modified":"2025-04-10T15:03:22","modified_gmt":"2025-04-10T18:03:22","slug":"gestao-da-qualidade","status":"publish","type":"page","link":"https:\/\/portal.unisepe.com.br\/unifia\/gestao-da-qualidade\/","title":{"rendered":"Gest\u00e3o da Qualidade"},"content":{"rendered":"<p><img loading=\"lazy\" decoding=\"async\" class=\"size-full wp-image-3920 alignleft\" src=\"http:\/\/portal.unisepe.com.br\/unifia\/wp-content\/uploads\/sites\/10001\/2018\/06\/qualidade.png\" alt=\"\" width=\"94\" height=\"90\" \/>O tecn\u00f3logo com essa forma\u00e7\u00e3o acompanha os processos de produ\u00e7\u00e3o industrial, a rotina de trabalho e a presta\u00e7\u00e3o de servi\u00e7os em empresas de diversos setores, em busca de maior qualidade e produtividade. Trabalha tanto em f\u00e1bricas quanto em estabelecimentos comerciais, institui\u00e7\u00f5es financeiras e empresas prestadoras de servi\u00e7os, para garantir que sejam cumpridos padr\u00f5es de normaliza\u00e7\u00e3o e metrologia internacionais. Pode especializar-se em auditorias para \u00f3rg\u00e3os internacionais que emitem as certifica\u00e7\u00f5es de qualidade, trabalhar em laborat\u00f3rios de metrologia ou voltar-se para a \u00e1rea de recursos humanos.<\/p>\n<p>&nbsp;<\/p>\n<p><iframe loading=\"lazy\" title=\"GEST\u00c3O DA QUALIDADE FEIRA DE PROFISS\u00d5ES AMPARO 2020 2\" width=\"500\" height=\"281\" src=\"https:\/\/www.youtube.com\/embed\/ImF3-urWyGI?list=PLf9h9rNyGnnrIVvd2-T_IuN90Vyj8a9u2\" frameborder=\"0\" allow=\"accelerometer; autoplay; clipboard-write; encrypted-media; gyroscope; picture-in-picture; web-share\" referrerpolicy=\"strict-origin-when-cross-origin\" allowfullscreen><\/iframe><\/p>\n<p>&nbsp;<\/p>\n<h2>Saiba mais<\/h2>\n<p><iframe loading=\"lazy\" title=\"GEST\u00c3O DA QUALIDADE V\u00cdDEO 2\" width=\"500\" height=\"281\" src=\"https:\/\/www.youtube.com\/embed\/0Sj1fI6_4YY?feature=oembed\" frameborder=\"0\" allow=\"accelerometer; autoplay; clipboard-write; encrypted-media; gyroscope; picture-in-picture; web-share\" referrerpolicy=\"strict-origin-when-cross-origin\" allowfullscreen><\/iframe><\/p>\n<p>&nbsp;<\/p>\n<p><iframe loading=\"lazy\" title=\"IND\u00daSTRIA 4 0   FINAL\" width=\"500\" height=\"281\" src=\"https:\/\/www.youtube.com\/embed\/j059SeYT6Jk?feature=oembed\" frameborder=\"0\" allow=\"accelerometer; autoplay; clipboard-write; encrypted-media; gyroscope; picture-in-picture; web-share\" referrerpolicy=\"strict-origin-when-cross-origin\" allowfullscreen><\/iframe><\/p>\n<p><iframe loading=\"lazy\" title=\"QUALIDADE 4 JEFERSON\" width=\"500\" height=\"281\" src=\"https:\/\/www.youtube.com\/embed\/F-BwFNJgR4E?feature=oembed\" frameborder=\"0\" allow=\"accelerometer; autoplay; clipboard-write; encrypted-media; gyroscope; picture-in-picture; web-share\" referrerpolicy=\"strict-origin-when-cross-origin\" allowfullscreen><\/iframe><\/p>\n<p>&nbsp;<\/p>\n<p class=\"style10\"><strong>Diferenciais do Curso<\/strong><\/p>\n<p class=\"style19\" align=\"justify\">Conv\u00eanios e Parcerias: Contato com institui\u00e7\u00f5es de renome e prest\u00edgio no mercado, visando a troca de experi\u00eancias e enriquecimento da viv\u00eancia acad\u00eamica.<\/p>\n<p class=\"style19\" align=\"justify\">Oficinas e Palestras: O UNIFIA promove a realiza\u00e7\u00e3o de eventos onde profissionais atuantes nas \u00e1reas das diversas disciplinas dos cursos apresentam suas experi\u00eancias e desafios profissionais.<\/p>\n<p class=\"style19\" align=\"justify\">Cursos Extens\u00e3o: As extens\u00f5es aprimoram o curr\u00edculo do aluno e diversificam seus conhecimentos, desta forma ofertamos semestralmente cursos voltados \u00e0 complementa\u00e7\u00e3o da forma\u00e7\u00e3o curricular profissional discente.<\/p>\n<p class=\"style19\" align=\"justify\">Visitas T\u00e9cnicas: Os programas de visita\u00e7\u00e3o t\u00e9cnica retiram o aluno da sala de aula e os levam ao contato direto com grandes empresas do mercado. Dentre as institui\u00e7\u00f5es visitadas destacam-se Bovespa, Nestl\u00e9, Heineken, entre outras.<\/p>\n<p class=\"style19\" align=\"justify\">Aluno \u201cSelo Ouro\u201d: Visa motivar os alunos com alto potencial e comprovado esfor\u00e7o discente.<\/p>\n<p class=\"style19\" align=\"justify\">Benef\u00edcios AACC\u2019s: As atividades complementares exigidas pelo MEC passam a ser planejadas e direcionadas para que os alunos maximizem seu aproveitamento e qualidade.<\/p>\n<p class=\"style10\"><strong>Atua\u00e7\u00e3o Profissional<\/strong><\/p>\n<p class=\"style17\">O Tecn\u00f3logo de Gest\u00e3o da Qualidade acompanha os processos de produ\u00e7\u00e3o industrial, a rotina de trabalho e a presta\u00e7\u00e3o de servi\u00e7os em empresas de diversos setores, em busca de maior qualidade e produtividade. Trabalha tanto em f\u00e1bricas quanto em estabelecimentos comerciais, institui\u00e7\u00f5es financeiras e empresas prestadoras de servi\u00e7os, para garantir que sejam cumpridos padr\u00f5es de normaliza\u00e7\u00e3o e metrologia internacionais.<\/p>\n<p class=\"style17\">Pode especializar-se em auditorias para \u00f3rg\u00e3os internacionais que emitem as certifica\u00e7\u00f5es de qualidade, como as da s\u00e9rie ISO, trabalhar em laborat\u00f3rios de metrologia ou voltar-se para a \u00e1rea de recursos humanos, desenvolvendo pol\u00edticas de integra\u00e7\u00e3o, atualiza\u00e7\u00e3o e reciclagem de quadro de funcion\u00e1rios.<\/p>\n<p class=\"style17\">Quem mais contrata esse tecn\u00f3logo s\u00e3o ind\u00fastrias, especialmente as das \u00e1reas automobil\u00edstica, petroqu\u00edmica, eletroeletr\u00f4nica e aliment\u00edcia, e empresas prestadoras de servi\u00e7os, que buscam obter certifica\u00e7\u00e3o de qualidade.<\/p>\n<p class=\"style17\">Mesmo empresas de pequeno e m\u00e9dio portes t\u00eam necessidade da implanta\u00e7\u00e3o e manuten\u00e7\u00e3o de um sistema de gest\u00e3o da qualidade. O profissional \u00e9 contratado para supervisionar a implanta\u00e7\u00e3o das normas de qualidade e depois dar suporte \u00e0 companhia para que elas continuem sendo seguidas.<\/p>\n<p class=\"style17\">Com o mercado cada vez mais concorrido, as exig\u00eancias aumentaram, e a necessidade de um sistema de gest\u00e3o espalhou-se ao longo da cadeia produtiva, abrindo espa\u00e7o para a contrata\u00e7\u00e3o do tecn\u00f3logo de Gest\u00e3o da Qualidade.<\/p>\n","protected":false},"excerpt":{"rendered":"<p>O tecn\u00f3logo com essa forma\u00e7\u00e3o acompanha os processos de produ\u00e7\u00e3o industrial, a rotina de trabalho e a presta\u00e7\u00e3o de servi\u00e7os em empresas de diversos setores, em busca de maior qualidade e produtividade. Trabalha tanto em f\u00e1bricas quanto em estabelecimentos comerciais, institui\u00e7\u00f5es financeiras e empresas prestadoras de servi\u00e7os, para garantir que<\/p>\n","protected":false},"author":2,"featured_media":0,"parent":0,"menu_order":0,"comment_status":"closed","ping_status":"closed","template":"templates\/template-curso_menu_vertical.php","meta":{"footnotes":""},"categories":[],"tags":[],"class_list":["post-3917","page","type-page","status-publish","hentry"],"_links":{"self":[{"href":"https:\/\/portal.unisepe.com.br\/unifia\/wp-json\/wp\/v2\/pages\/3917","targetHints":{"allow":["GET"]}}],"collection":[{"href":"https:\/\/portal.unisepe.com.br\/unifia\/wp-json\/wp\/v2\/pages"}],"about":[{"href":"https:\/\/portal.unisepe.com.br\/unifia\/wp-json\/wp\/v2\/types\/page"}],"author":[{"embeddable":true,"href":"https:\/\/portal.unisepe.com.br\/unifia\/wp-json\/wp\/v2\/users\/2"}],"replies":[{"embeddable":true,"href":"https:\/\/portal.unisepe.com.br\/unifia\/wp-json\/wp\/v2\/comments?post=3917"}],"version-history":[{"count":9,"href":"https:\/\/portal.unisepe.com.br\/unifia\/wp-json\/wp\/v2\/pages\/3917\/revisions"}],"predecessor-version":[{"id":7007,"href":"https:\/\/portal.unisepe.com.br\/unifia\/wp-json\/wp\/v2\/pages\/3917\/revisions\/7007"}],"wp:attachment":[{"href":"https:\/\/portal.unisepe.com.br\/unifia\/wp-json\/wp\/v2\/media?parent=3917"}],"wp:term":[{"taxonomy":"category","embeddable":true,"href":"https:\/\/portal.unisepe.com.br\/unifia\/wp-json\/wp\/v2\/categories?post=3917"},{"taxonomy":"post_tag","embeddable":true,"href":"https:\/\/portal.unisepe.com.br\/unifia\/wp-json\/wp\/v2\/tags?post=3917"}],"curies":[{"name":"wp","href":"https:\/\/api.w.org\/{rel}","templated":true}]}}