{"id":4465,"date":"2018-07-17T16:06:42","date_gmt":"2018-07-17T19:06:42","guid":{"rendered":"http:\/\/portal.unisepe.com.br\/unifia\/?page_id=4465"},"modified":"2024-05-23T13:51:04","modified_gmt":"2024-05-23T16:51:04","slug":"projeto-pedagogico","status":"publish","type":"page","link":"https:\/\/portal.unisepe.com.br\/unifia\/psicologia\/projeto-pedagogico\/","title":{"rendered":"Projeto Pedag\u00f3gico"},"content":{"rendered":"<p><a href=\"https:\/\/portal.unisepe.com.br\/unifia\/wp-content\/uploads\/sites\/10001\/2024\/05\/PSICOLOGIA-2024.pdf\">PPC &#8211; Psicologia 2024<\/a><\/p>\n<p><a href=\"https:\/\/portal.unisepe.com.br\/unifia\/wp-content\/uploads\/sites\/10001\/2024\/05\/Psicologia-forma\u00e7\u00e3o-pedag\u00f3gica-2024.pdf\" target=\"_blank\" rel=\"noopener noreferrer\">PPC &#8211; Forma\u00e7\u00e3o Pedag\u00f3gica 2024<\/a><\/p>\n","protected":false},"excerpt":{"rendered":"<p>PPC &#8211; Psicologia 2024 PPC &#8211; Forma\u00e7\u00e3o Pedag\u00f3gica 2024<\/p>\n","protected":false},"author":2,"featured_media":0,"parent":533,"menu_order":0,"comment_status":"closed","ping_status":"closed","template":"templates\/template-pagina_menu_vertical.php","meta":{"footnotes":""},"categories":[],"tags":[],"class_list":["post-4465","page","type-page","status-publish","hentry"],"_links":{"self":[{"href":"https:\/\/portal.unisepe.com.br\/unifia\/wp-json\/wp\/v2\/pages\/4465","targetHints":{"allow":["GET"]}}],"collection":[{"href":"https:\/\/portal.unisepe.com.br\/unifia\/wp-json\/wp\/v2\/pages"}],"about":[{"href":"https:\/\/portal.unisepe.com.br\/unifia\/wp-json\/wp\/v2\/types\/page"}],"author":[{"embeddable":true,"href":"https:\/\/portal.unisepe.com.br\/unifia\/wp-json\/wp\/v2\/users\/2"}],"replies":[{"embeddable":true,"href":"https:\/\/portal.unisepe.com.br\/unifia\/wp-json\/wp\/v2\/comments?post=4465"}],"version-history":[{"count":6,"href":"https:\/\/portal.unisepe.com.br\/unifia\/wp-json\/wp\/v2\/pages\/4465\/revisions"}],"predecessor-version":[{"id":10088,"href":"https:\/\/portal.unisepe.com.br\/unifia\/wp-json\/wp\/v2\/pages\/4465\/revisions\/10088"}],"up":[{"embeddable":true,"href":"https:\/\/portal.unisepe.com.br\/unifia\/wp-json\/wp\/v2\/pages\/533"}],"wp:attachment":[{"href":"https:\/\/portal.unisepe.com.br\/unifia\/wp-json\/wp\/v2\/media?parent=4465"}],"wp:term":[{"taxonomy":"category","embeddable":true,"href":"https:\/\/portal.unisepe.com.br\/unifia\/wp-json\/wp\/v2\/categories?post=4465"},{"taxonomy":"post_tag","embeddable":true,"href":"https:\/\/portal.unisepe.com.br\/unifia\/wp-json\/wp\/v2\/tags?post=4465"}],"curies":[{"name":"wp","href":"https:\/\/api.w.org\/{rel}","templated":true}]}}