{"id":661,"date":"2016-07-14T00:53:28","date_gmt":"2016-07-14T00:53:28","guid":{"rendered":"http:\/\/www.fvr.edu.br\/fvr\/site\/?page_id=661"},"modified":"2016-07-14T00:53:28","modified_gmt":"2016-07-14T00:53:28","slug":"bolsas-institucionais","status":"publish","type":"page","link":"https:\/\/portal.unisepe.com.br\/unifia\/bolsas-e-financiamento\/bolsas-institucionais\/","title":{"rendered":"Bolsas institucionais"},"content":{"rendered":"<p>O objetivo principal do Programa de Bolsas do Grupo UNISEPE \u00e9 o de contribuir para a expans\u00e3o do acesso ao ensino superior pelo financiamento da educa\u00e7\u00e3o \u00e0s pessoas que dificilmente teriam acesso ao ensino superior.<br \/>\nEste programa \u00e9 de \u00e2mbito institucional.<br \/>\n<strong>Bolsa de estudo<\/strong> \u2014 \u00c9 um benef\u00edcio concedido ao estudante, na forma de desconto parcial ou integral sobre os valores cobrados pela Faculdade para apoio financeiro, com vistas a custear as despesas de forma\u00e7\u00e3o e de subsist\u00eancia durante um determinado per\u00edodo letivo.<br \/>\nPodem ser:<\/p>\n<ul>\n<li><strong>Bolsa de Estudo Integral<\/strong> \u2013 destinada a estudantes que possuam risco de vulnerabilidade social, renda familiar, por pessoa, at\u00e9 um sal\u00e1rio-m\u00ednimo e meio ou por determina\u00e7\u00f5es estabelecidas pelas conven\u00e7\u00f5es coletivas.<\/li>\n<li><strong>Bolsa de Estudo Parcial<\/strong> &#8211; destinada a estudantes que possuam renda familiar, por pessoa, at\u00e9 tr\u00eas sal\u00e1rios-m\u00ednimos e estejam vinculados a algum Programa de Bolsa de Estudos vigente. Os descontos podem variar e s\u00e3o calculados em cima do valor integral das mensalidades. Concedidas somente para curso de gradua\u00e7\u00e3o.<\/li>\n<\/ul>\n<p>&nbsp;<\/p>\n<h4 class=\"texto_destacado\"><span style=\"text-decoration: underline\"><strong>BOM FILHO A CASA RETORNA<\/strong><\/span><\/h4>\n<p>&nbsp;<\/p>\n<p><strong>O que \u00e9 a bolsa Bom Filho a Casa Retorna?<\/strong><\/p>\n<p>\u00c9 uma bolsa concedida aos ex-alunos que tenham conclu\u00eddo curso superior.<br \/>\nA bolsa \u00e9 exclusiva para os cursos de gradua\u00e7\u00e3o.<br \/>\nOs descontos s\u00e3o concedidos na mensalidade integral dos cursos escolhidos e sempre s\u00e3o divulgados semestralmente.<\/p>\n<h4><span style=\"text-decoration: underline\"><strong>CONV\u00caNIO EMPRESA<\/strong><\/span><\/h4>\n<p>S\u00e3o bolsas de estudos, exclusiva para cursos de gradua\u00e7\u00e3o, concedidas para alunos de empresas, institui\u00e7\u00f5es p\u00fablicas ou privadas previamente conveniadas.<br \/>\nConsiste em descontos em percentuais (%) sobre o valor integral da mensalidade.<br \/>\nEntende-se por Empresas Conveniadas aquelas que formalizar\u00e3o sua ades\u00e3o por meio de convenio.<\/p>\n<h4><span style=\"text-decoration: underline\"><strong>PROERS<\/strong><\/span><\/h4>\n<p>&nbsp;<\/p>\n<p>S\u00e3o descontos concedidos aos alunos que desenvolvam atividades junto aos projetos de extens\u00e3o.<br \/>\nObjetivo possibilitar a realiza\u00e7\u00e3o de curso superior de gradua\u00e7\u00e3o, a alunos que, tendo comprovada situa\u00e7\u00e3o de vulnerabilidade venha \u00e0 participar de Projeto Acad\u00eamico vinculado ao Curso de Gradua\u00e7\u00e3o pretendido aliados \u00e0s Linhas de Extens\u00e3o preconizadas pela IES.<\/p>\n<p>&nbsp;<\/p>\n<p><strong>Comunicados:<\/strong><\/p>\n<ul>\n<li><a href=\"\/wp-content\/uploads\/2016\/07\/2016-COMUNICADO-ISE-002-PROCEDIMENTOS_PROERS2017.pdf\" target=\"_blank\">COMUNICADO N\u00ba. 002\/2016<\/a><\/li>\n<\/ul>\n","protected":false},"excerpt":{"rendered":"<p>O objetivo principal do Programa de Bolsas do Grupo UNISEPE \u00e9 o de contribuir para a expans\u00e3o do acesso ao ensino superior pelo financiamento da educa\u00e7\u00e3o \u00e0s pessoas que dificilmente teriam acesso ao ensino superior. Este programa \u00e9 de \u00e2mbito institucional. Bolsa de estudo \u2014 \u00c9 um benef\u00edcio concedido ao<\/p>\n","protected":false},"author":1,"featured_media":0,"parent":647,"menu_order":0,"comment_status":"closed","ping_status":"closed","template":"templates\/template-pagina_menu_vertical.php","meta":{"footnotes":""},"categories":[],"tags":[],"class_list":["post-661","page","type-page","status-publish","hentry"],"_links":{"self":[{"href":"https:\/\/portal.unisepe.com.br\/unifia\/wp-json\/wp\/v2\/pages\/661","targetHints":{"allow":["GET"]}}],"collection":[{"href":"https:\/\/portal.unisepe.com.br\/unifia\/wp-json\/wp\/v2\/pages"}],"about":[{"href":"https:\/\/portal.unisepe.com.br\/unifia\/wp-json\/wp\/v2\/types\/page"}],"author":[{"embeddable":true,"href":"https:\/\/portal.unisepe.com.br\/unifia\/wp-json\/wp\/v2\/users\/1"}],"replies":[{"embeddable":true,"href":"https:\/\/portal.unisepe.com.br\/unifia\/wp-json\/wp\/v2\/comments?post=661"}],"version-history":[{"count":0,"href":"https:\/\/portal.unisepe.com.br\/unifia\/wp-json\/wp\/v2\/pages\/661\/revisions"}],"up":[{"embeddable":true,"href":"https:\/\/portal.unisepe.com.br\/unifia\/wp-json\/wp\/v2\/pages\/647"}],"wp:attachment":[{"href":"https:\/\/portal.unisepe.com.br\/unifia\/wp-json\/wp\/v2\/media?parent=661"}],"wp:term":[{"taxonomy":"category","embeddable":true,"href":"https:\/\/portal.unisepe.com.br\/unifia\/wp-json\/wp\/v2\/categories?post=661"},{"taxonomy":"post_tag","embeddable":true,"href":"https:\/\/portal.unisepe.com.br\/unifia\/wp-json\/wp\/v2\/tags?post=661"}],"curies":[{"name":"wp","href":"https:\/\/api.w.org\/{rel}","templated":true}]}}