{"id":8226,"date":"2022-11-11T14:10:33","date_gmt":"2022-11-11T17:10:33","guid":{"rendered":"https:\/\/portal.unisepe.com.br\/unifia\/?page_id=8226"},"modified":"2023-11-23T13:30:54","modified_gmt":"2023-11-23T16:30:54","slug":"ano-2023","status":"publish","type":"page","link":"https:\/\/portal.unisepe.com.br\/unifia\/gestao-em-foco\/ano-2023\/","title":{"rendered":"Ano 2023"},"content":{"rendered":"<h6>Artigos<\/h6>\n<p>&nbsp;<\/p>\n<ul>\n<li><a href=\"https:\/\/portal.unisepe.com.br\/unifia\/wp-content\/uploads\/sites\/10001\/2023\/01\/EVOLU\u00c7\u00c3O-DA-LOG\u00cdSTICA-E-CADEIA-DE-SUPRIMENTOS-DE-PRODUTOS-FARMAC\u00caUTICOS-p\u00e1g-1-a-15.pdf\" target=\"_blank\" rel=\"noopener noreferrer\">EVOLU\u00c7\u00c3O DA LOG\u00cdSTICA E CADEIA DE SUPRIMENTOS DE PRODUTOS FARMAC\u00caUTICOS: UMA REVIS\u00c3O BIBLIOGR\u00c1FICA &#8211; p\u00e1g 1 \u00e0 15<\/a><br \/>\n<em>Herivelton Araujo<br \/>\nMarcos Vinicius Carraro Ramos<br \/>\n<\/em><\/li>\n<\/ul>\n<hr \/>\n<ul>\n<li><a href=\"https:\/\/portal.unisepe.com.br\/unifia\/wp-content\/uploads\/sites\/10001\/2023\/01\/CONTABILIDADE-NO-FUTEBOL-VANTAGENS-TRIBUT\u00c1RIAS-DA-MUDAN\u00c7A-DE-UMA-ASSOCIA\u00c7\u00c3O-SEM-FINS-LUCRATIVOS-PARA-UMA-SAF-p\u00e1g-16-a-60.pdf\" target=\"_blank\" rel=\"noopener noreferrer\">CONTABILIDADE NO FUTEBOL: VANTAGENS TRIBUT\u00c1RIAS DA MUDAN\u00c7A DE UMA ASSOCIA\u00c7\u00c3O SEM FINS LUCRATIVOS PARA UMA SAF &#8211; p\u00e1g 16 \u00e0 60<\/a><br \/>\n<em>Iago Dias Oliveira<br \/>\nBruna Pieroni<br \/>\nMarcos Vinicius Carraro Ramos<br \/>\n<\/em><\/li>\n<\/ul>\n<hr \/>\n<ul>\n<li><a href=\"https:\/\/portal.unisepe.com.br\/unifia\/wp-content\/uploads\/sites\/10001\/2023\/01\/unidades-de-gestao-difeenciada-e-aplicaco-a-taxa-variavel-de-insumos-na-agriculura.pdf\" target=\"_blank\" rel=\"noopener noreferrer\">UNIDADES DE GEST\u00c3O DIFERENCIADA E APLICA\u00c7\u00c3O \u00c0 TAXA VARI\u00c1VEL DE INSUMOS NA AGRICULTURA &#8211; p\u00e1g 61 \u00e0 73<\/a><br \/>\n<em>Eduardo Vicente do Prado<br \/>\n<\/em><\/li>\n<\/ul>\n<hr \/>\n<ul>\n<li><a href=\"https:\/\/portal.unisepe.com.br\/unifia\/wp-content\/uploads\/sites\/10001\/2023\/02\/REVISTA-GESTA\u0303O-EM-FOCO-CARIA.pdf\" target=\"_blank\" rel=\"noopener noreferrer\">ELEMENTOS E FUNDAMENTOS DO TURNOVER: UM ESTUDO DE CASO DE UMA IND\u00daSTRIA T\u00caXTIL DO INTERIOR DO ESTADO S\u00c3O PAULO. &#8211; p\u00e1g 74 \u00e0 89<\/a><br \/>\n<em>SOUSA, Sergio Henrique Caria<br \/>\n<\/em><\/li>\n<\/ul>\n<hr \/>\n<ul>\n<li><a href=\"https:\/\/portal.unisepe.com.br\/unifia\/wp-content\/uploads\/sites\/10001\/2023\/02\/Fatores-do-clima-organizacional-e-seus-impactos-no-grau-de-satisfa\u00e7\u00e3o-em-colaboradores-de-uma-organiza\u00e7\u00e3o.pdf\" target=\"_blank\" rel=\"noopener noreferrer\">FATORES DO CLIMA ORGANIZACIONAL E SEUS IMPACTOS NO GRAU DE SATISFA\u00c7\u00c3O EM COLABORADORES DE UMA ORGANIZA\u00c7\u00c3O &#8211; p\u00e1g 90 \u00e0 100<\/a><br \/>\n<em>TADEO, Tatiane Tais,<br \/>\nARANHA, Julia Guimar\u00e3es<br \/>\n<\/em><\/li>\n<\/ul>\n<hr \/>\n<ul>\n<li><a href=\"https:\/\/portal.unisepe.com.br\/unifia\/wp-content\/uploads\/sites\/10001\/2023\/02\/FENOTIPAGEM-DE-PLANTAS-POR-MEIO-DE-FERRAMENTAS-DIGITAIS-p\u00e1g-101-a-110.pdf\" target=\"_blank\" rel=\"noopener noreferrer\">FENOTIPAGEM DE PLANTAS POR MEIO DE FERRAMENTAS DIGITAIS &#8211; p\u00e1g 101 \u00e0 110<\/a><br \/>\n<em>Eduardo Vicente do Prado<br \/>\n<\/em><\/li>\n<\/ul>\n<hr \/>\n<ul>\n<li><a href=\"https:\/\/portal.unisepe.com.br\/unifia\/wp-content\/uploads\/sites\/10001\/2023\/03\/A-IMPORTA\u0302NCIA-DOS-MODELOS-DE-PERDAS-NA-MELHORIA-DO-DESEMPENHO-DE-UMA-TURBINA-EM-SEU-PROJETO-PRELIMINAR.pdf\" target=\"_blank\" rel=\"noopener noreferrer\">A IMPORT\u00c2NCIA DOS MODELOS DE PERDAS NA MELHORIA DO DESEMPENHO DE UMA TURBINA EM SEU PROJETO PRELIMINAR &#8211; p\u00e1g 111 \u00e0 122<\/a><br \/>\n<em>Ana Adalgiza Garcia Maia<br \/>\n<\/em><\/li>\n<\/ul>\n<hr \/>\n<ul>\n<li><a href=\"https:\/\/portal.unisepe.com.br\/unifia\/wp-content\/uploads\/sites\/10001\/2023\/03\/Barreiras-comerciais-exporta\u00e7\u00f5es-p\u00e3o-queijo-p\u00e1g-123-a-143.pdf\" target=\"_blank\" rel=\"noopener noreferrer\">BARREIRAS COMERCIAIS \u00c0 EXPORTA\u00c7\u00c3O: UMA AN\u00c1LISE JUNTO \u00c0S EMPRESAS INTEGRANTES DO ARRANJO PRODUTIVO LOCAL (APL) DO P\u00c3O DE QUEIJO DE HORTOL\u00c2NDIA &#8211; p\u00e1g 123 \u00e0 143<\/a><br \/>\n<em>Givan Aparecido Fortuoso da Silva<br \/>\nLarissa Stephani Oliveira Freitas<br \/>\nMaria Carolina M. Pomp\u00edlio da Silva<br \/>\nSarah Let\u00edcia Barbosa Ramos<br \/>\n<\/em><\/li>\n<\/ul>\n<hr \/>\n<ul>\n<li><a href=\"https:\/\/portal.unisepe.com.br\/unifia\/wp-content\/uploads\/sites\/10001\/2023\/03\/A-importa\u0302ncia-do-controle-orc\u0327amenta\u0301rio-para-uma-empresa.pdf\" target=\"_blank\" rel=\"noopener noreferrer\">A import\u00e2ncia do controle or\u00e7ament\u00e1rio para uma empresa &#8211; p\u00e1g 144 \u00e0 145<\/a><em><br \/>\nJovani Donizeti Lixandr\u00e3o<br \/>\n<\/em><\/li>\n<\/ul>\n<hr \/>\n<ul>\n<li><a href=\"https:\/\/portal.unisepe.com.br\/unifia\/wp-content\/uploads\/sites\/10001\/2023\/03\/A-necessidade-da-construc\u0327a\u0303o-do-racioci\u0301nio-em-face-a-ine\u0301rcia-do-pensamento-nas-deciso\u0303es-.pdf\" target=\"_blank\" rel=\"noopener noreferrer\">A necessidade da constru\u00e7\u00e3o do racioc\u00ednio em face a in\u00e9rcia do pensamento nas decis\u00f5es &#8211; p\u00e1g 146 \u00e0 147<\/a><em><br \/>\nJovani Donizeti Lixandr\u00e3o<br \/>\n<\/em><\/li>\n<\/ul>\n<hr \/>\n<ul>\n<li><a href=\"https:\/\/portal.unisepe.com.br\/unifia\/wp-content\/uploads\/sites\/10001\/2023\/03\/INDU\u0301STRIA-4.0-UM-ESTUDO-SOBRE-OS-IMPACTOS-NO-MERCADO-DE-TRABALHO-BRASILEIRO.pdf\" target=\"_blank\" rel=\"noopener noreferrer\">IND\u00daSTRIA 4.0: UM ESTUDO SOBRE OS IMPACTOS NO MERCADO DE TRABALHO BRASILEIRO &#8211; p\u00e1g 148 \u00e0 165<\/a><em><br \/>\nSergio Luis Sobrinho Belo<br \/>\nGabriela Leal<br \/>\n<\/em><\/li>\n<\/ul>\n<hr \/>\n<ul>\n<li><a href=\"https:\/\/portal.unisepe.com.br\/unifia\/wp-content\/uploads\/sites\/10001\/2023\/04\/DESAFIOS-NA-GEST\u00c3O-DE-CUSTOS-E-FORMA\u00c7\u00c3O-DE-PRE\u00c7OS-EM-PROPRIEDADES-RURAIS-p\u00e1g-166-a-193.pdf\" target=\"_blank\" rel=\"noopener noreferrer\">DESAFIOS NA GEST\u00c3O DE CUSTOS E FORMA\u00c7\u00c3O DE PRE\u00c7OS EM PROPRIEDADES RURAIS: UM ESTUDO DE CASO NA PECU\u00c1RIA &#8211; p\u00e1g 166 \u00e0 193<\/a><em><br \/>\nR\u00f4mulo Cardoso R\u00e9quia<br \/>\nScheila Daiana Severo Hollveg<br \/>\nPatrin\u00eas Aparecida Fran\u00e7a Zonatto<br \/>\n<\/em><\/li>\n<\/ul>\n<hr \/>\n<ul>\n<li><a href=\"https:\/\/portal.unisepe.com.br\/unifia\/wp-content\/uploads\/sites\/10001\/2023\/05\/BARREIRAS-NA-IMPLEMENTA\u00c7\u00c3O-DA-PRODU\u00c7\u00c3O-ENXUTA-NAS-ORGANIZA\u00c7\u00d5ES-INDUSTRIAIS-p\u00e1g-194-a-210.pdf\" target=\"_blank\" rel=\"noopener noreferrer\">BARREIRAS NA IMPLEMENTA\u00c7\u00c3O DA PRODU\u00c7\u00c3O ENXUTA NAS ORGANIZA\u00c7\u00d5ES INDUSTRIAIS &#8211; p\u00e1g 194 \u00e0 210<\/a><em><br \/>\nANDRADE, Denis Pires<br \/>\nANDRADE, Regiane Passariello<br \/>\n<\/em><\/li>\n<\/ul>\n<hr \/>\n<ul>\n<li><a href=\"https:\/\/portal.unisepe.com.br\/unifia\/wp-content\/uploads\/sites\/10001\/2023\/05\/Inovac\u0327a\u0303o-em-Micro-e-Pequenas-Empresas-1.pdf\" target=\"_blank\" rel=\"noopener noreferrer\">INOVA\u00c7\u00c3O EM MICRO E PEQUENAS EMPRESAS: ESTRAT\u00c9GIAS PARA GEST\u00c3O &#8211; p\u00e1g 211 \u00e0 226<\/a><em><br \/>\nAmorim, Juliana Alencar<br \/>\n<\/em><\/li>\n<\/ul>\n<hr \/>\n<ul>\n<li><a href=\"https:\/\/portal.unisepe.com.br\/unifia\/wp-content\/uploads\/sites\/10001\/2023\/05\/\u00c9TICA-APLICADA-\u00c0-ECONOMIA-REFLEX\u00d5ES-SOBRE-FRAUDE-CONT\u00c1BIL-p\u00e1g-227-\u00e0-237.pdf\" target=\"_blank\" rel=\"noopener noreferrer\">\u00c9TICA APLICADA \u00c0 ECONOMIA: REFLEX\u00d5ES SOBRE FRAUDE CONT\u00c1BIL &#8211; p\u00e1g 227 \u00e0 237<\/a><em><br \/>\nAnderson Frezzato<br \/>\nAna Luiza Morandi Breseghello<br \/>\nCec\u00edlia Helena Miranda Rosa<br \/>\nL\u00edgia Biaz\u00e3o Ricci<br \/>\nNicole Trevisoli Gallo<br \/>\n<\/em><\/li>\n<\/ul>\n<hr \/>\n<ul>\n<li><a href=\"https:\/\/portal.unisepe.com.br\/unifia\/wp-content\/uploads\/sites\/10001\/2023\/07\/desenvolvimento-e-proposicao-de-um-instrumento-de-pesquisa-sobre-custos-logisticos-com-base-na-literatura-sobre-custos-inseridos.pdf\" target=\"_blank\" rel=\"noopener noreferrer\">DESENVOLVIMENTO E PROPOSI\u00c7\u00c3O DE UM INSTRUMENTO DE PESQUISA SOBRE CUSTOS LOG\u00cdSTICOS COM BASE NA LITERATURA SOBRE CUSTOS INSERIDOS NO SETOR INDUSTRIAL &#8211; p\u00e1g 238 \u00e0 258<\/a><em><br \/>\nHenrique Figueira Costa<br \/>\nLucas Veiga \u00c1vila<br \/>\nMarceli Adriane Schvartz<br \/>\n<\/em><\/li>\n<\/ul>\n<hr \/>\n<ul>\n<li><a href=\"https:\/\/portal.unisepe.com.br\/unifia\/wp-content\/uploads\/sites\/10001\/2023\/08\/IDENTIFICA\u00c7\u00c3O-DA-VEGETA\u00c7\u00c3O-EM-UM-FRAGMENTO-FLORESTAL-NO-MUNIC\u00cdPIO-DE-RIBEIR\u00c3O-BONITO-ESTADO-DE-S\u00c3O-PAULO-p\u00e1g-259-\u00e0-268.pdf\" target=\"_blank\" rel=\"noopener noreferrer\">IDENTIFICA\u00c7\u00c3O DA VEGETA\u00c7\u00c3O EM UM FRAGMENTO FLORESTAL NO MUNIC\u00cdPIO DE RIBEIR\u00c3O BONITO, ESTADO DE S\u00c3O PAULO &#8211; p\u00e1g 259 \u00e0 268<\/a><em><br \/>\nWillian A. F. Dias<br \/>\nMariana Geraldo<br \/>\n<\/em><\/li>\n<\/ul>\n<hr \/>\n<ul>\n<li><a href=\"https:\/\/portal.unisepe.com.br\/unifia\/wp-content\/uploads\/sites\/10001\/2023\/08\/A-Contabilidade-e-a-Tecnologia-Aplicadas-no-Agronego\u0301cio-Brasileiro.pdf\" target=\"_blank\" rel=\"noopener noreferrer\">A CONTABILIDADE E A TECNOLOGIA APLICADAS NO AGRONEG\u00d3CIO BRASILEIRO &#8211; p\u00e1g 269 \u00e0 271<\/a><em><br \/>\nFelipe Maur\u00edcio dos Santos<br \/>\nDartanhan de Oliveira Paula<br \/>\n<\/em><\/li>\n<\/ul>\n<hr \/>\n<ul>\n<li><a href=\"https:\/\/portal.unisepe.com.br\/unifia\/wp-content\/uploads\/sites\/10001\/2023\/09\/01.-A-INFLU\u00caNCIA-DO-POSICIONAMENTO-DO-GESTOR-ARTIGO.pdf\" target=\"_blank\" rel=\"noopener noreferrer\">A INFLU\u00caNCIA DO POSICIONAMENTO DO GESTOR E SEUS REFLEXOS NO PROCESSO DE RECRUTAMENTO E SELE\u00c7\u00c3O &#8211; p\u00e1g 272 \u00e0 282<\/a><br \/>\n<em>Ana Maria Ramos Teixeira<br \/>\nJesiane Muniz de Castro Silva<br \/>\nSara Jaqueline Ribeiro Martins<br \/>\nIgor Gabriel Lima<br \/>\nCarolina da Silva Perez<br \/>\nRicardo Nakamura <\/em><\/li>\n<\/ul>\n<hr \/>\n<ul>\n<li><a href=\"https:\/\/portal.unisepe.com.br\/unifia\/wp-content\/uploads\/sites\/10001\/2023\/09\/02.-CAPITAL-DE-GIRO-NA-CRIA\u00c7\u00c3O-DE-GADO-ARTIGO.pdf\" target=\"_blank\" rel=\"noopener noreferrer\">UM ESTUDO SOBRE A IMPORT\u00c2NCIA DO CAPITAL DE GIRO NA CRIA\u00c7\u00c3O DE GADO DE CORTE EM PEQUENAS PROPRIEDADES &#8211; p\u00e1g 283 \u00e0 293<\/a><br \/>\n<em>Danilo Eg\u00eddio da Cruz<br \/>\nIgor Gabriel Lima<br \/>\nCarolina da Silva Perez<br \/>\nCibelle Tamiris de Oliveira<br \/>\nRicardo Nakamura<br \/>\nCamila Cassante <\/em><\/li>\n<\/ul>\n<hr \/>\n<ul>\n<li><a href=\"https:\/\/portal.unisepe.com.br\/unifia\/wp-content\/uploads\/sites\/10001\/2023\/09\/03.-DESAFIOS-DO-VALE-DO-RIBEIRA-ARTIGO-1.pdf\" target=\"_blank\" rel=\"noopener noreferrer\">DESAFIOS DO VALE DO RIBEIRA: DA AGRICULTURA A INDUSTRIA &#8211; p\u00e1g 294 \u00e0 297<\/a><br \/>\n<em>Erick Willy Weissenberg Batista<br \/>\nEduardo Martins Rao<br \/>\nOctavio Forti Neto<br \/>\nIgor Gabriel Lima<br \/>\nRicardo Nakamura<br \/>\nCarolina da Silva Perez <\/em><\/li>\n<\/ul>\n<hr \/>\n<ul>\n<li><a href=\"https:\/\/portal.unisepe.com.br\/unifia\/wp-content\/uploads\/sites\/10001\/2023\/09\/04.-EDUCA\u00c7\u00c3O-\u00c0-DIST\u00c2NCIA-ARTIGO.pdf\" target=\"_blank\" rel=\"noopener noreferrer\">ENSINO A DIST\u00c2NCIA DA MATEM\u00c1TICA EM TEMPOS DE PANDEMIA &#8211; p\u00e1g 298 \u00e0 302<\/a><br \/>\n<em>Carolina da Silva Perez<br \/>\nCecilia Armesto<br \/>\nCibelle Tamiris de Oliveira<br \/>\nRicardo Nakamura<br \/>\nEduardo Martins Rao<br \/>\nErick Willy Weissenberg Batista<br \/>\n<\/em><\/li>\n<\/ul>\n<hr \/>\n<ul>\n<li><a href=\"https:\/\/portal.unisepe.com.br\/unifia\/wp-content\/uploads\/sites\/10001\/2023\/09\/05.-EDUCA\u00c7\u00c3O-AMBIENTAL-ARTIGO.pdf\" target=\"_blank\" rel=\"noopener noreferrer\">A VIS\u00c3O DE ALUNOS E PROFESSORES SOBRE EDUCA\u00c7\u00c3O AMBIENTAL EM BUSCA DA SUSTENTABILIDADE &#8211; p\u00e1g 303 \u00e0 308<\/a><br \/>\n<em>Carolina da Silva Perez<br \/>\nCecilia Armesto<br \/>\nCibelle Tamiris de Oliveira<br \/>\nIgor Gabriel Lima<br \/>\nRicardo Nakamura<br \/>\nErick Willy Weissenberg Batista <\/em><\/li>\n<\/ul>\n<hr \/>\n<ul>\n<li><a href=\"https:\/\/portal.unisepe.com.br\/unifia\/wp-content\/uploads\/sites\/10001\/2023\/09\/06.-LEGISLA\u00c7\u00c3O-AMBIENTAL-E-AGRONEG\u00d3CIO-ARTIGO.pdf\" target=\"_blank\" rel=\"noopener noreferrer\">LEGISLA\u00c7\u00c3O AMBIENTAL E AGRONEG\u00d3CIO &#8211; p\u00e1g 309 \u00e0 314<\/a><br \/>\n<em>Quennedi Ubirajara de Paula<br \/>\nErick Willy Weissenberg Batista<br \/>\nIgor Gabriel Lima<br \/>\nEduardo Martins Rao<br \/>\nOctavio Forti Neto<br \/>\nCarolina da Silva Perez<br \/>\n<\/em><\/li>\n<\/ul>\n<hr \/>\n<ul>\n<li><a href=\"https:\/\/portal.unisepe.com.br\/unifia\/wp-content\/uploads\/sites\/10001\/2023\/09\/07.-PERCEP\u00c7\u00d5ES-SOBRE-BUBALINOCULTURA-NO-VALE-DO-RIBEIRA-ARTIGO.pdf\" target=\"_blank\" rel=\"noopener noreferrer\">PERCEP\u00c7\u00d5ES SOBRE BUBALINOCULTURA NO VALE DO RIBEIRA &#8211; p\u00e1g 315 \u00e0 317<\/a><br \/>\n<em>Erick Willy Weissenberg Batista<br \/>\nOctavio Forti Neto<br \/>\nIgor Gabriel Lima<br \/>\nCarolina da Silva Perez<br \/>\n<\/em><\/li>\n<\/ul>\n<hr \/>\n<ul>\n<li><a href=\"https:\/\/portal.unisepe.com.br\/unifia\/wp-content\/uploads\/sites\/10001\/2023\/09\/08.-UNIDADES-DE-CONSERVA\u00c7\u00c3O-ARTIGO.pdf\" target=\"_blank\" rel=\"noopener noreferrer\">UNIDADES DE CONSERVA\u00c7\u00c3O: UM DESAFIO DA POL\u00cdTICA AMBIENTAL BRASILEIRA<br \/>\n&#8211; p\u00e1g 318 \u00e0 321<\/a><br \/>\n<em> Erick Willy Weissenberg Batista<br \/>\nOctavio Forti Neto<br \/>\nCarolina da Silva Perez <\/em><\/li>\n<\/ul>\n<hr \/>\n<ul>\n<li><a href=\"https:\/\/portal.unisepe.com.br\/unifia\/wp-content\/uploads\/sites\/10001\/2023\/09\/09.-TECNOLOGIA-NO-MERCADO-DE-TRABALHO-ARTIGO-1.pdf\" target=\"_blank\" rel=\"noopener noreferrer\">TECNOLOGIA NO MERCADO DE TRABALHO<br \/>\n&#8211; p\u00e1g 322 \u00e0 326<\/a><br \/>\n<em> Mylena Gomes da Silva<br \/>\nKatia Domingues Blotta<br \/>\nMichele Abib Pernice<br \/>\nCarolina da Silva Perez<br \/>\nCibelle Tamiris de Oliveira<br \/>\nRicardo Nakamura<br \/>\n<\/em><\/li>\n<\/ul>\n<hr \/>\n<ul>\n<li><a href=\"https:\/\/portal.unisepe.com.br\/unifia\/wp-content\/uploads\/sites\/10001\/2023\/09\/10.-VARIABILIDADE-GEN\u00c9TICA-DOS-ISOLADOS-ARTIGO.pdf\" target=\"_blank\" rel=\"noopener noreferrer\">VARIABILIDADE GEN\u00c9TICA DOS ISOLADOS DE Colletotrichum spp. ASSOCIADOS AO CAFEEIRO POR AMPLIFIED FRAGMENT LENGTH POLYMORPHISM (AFLP) &#8211; p\u00e1g 327 \u00e0 333<\/a><br \/>\n<em>Cecilia Armesto<br \/>\nIgor Almeida<br \/>\nCarolina da Silva Perez<br \/>\nCibelle Tamiris de Oliveira<br \/>\nRicardo Nakamura <\/em><\/li>\n<\/ul>\n<hr \/>\n<ul>\n<li><a href=\"https:\/\/portal.unisepe.com.br\/unifia\/wp-content\/uploads\/sites\/10001\/2023\/09\/11.-A-ADAPTA\u00c7\u00c3O-DO-EMPREENDEDOR-NA-NOVA-ERA-DIGITAL-ARTIGO.pdf\" target=\"_blank\" rel=\"noopener noreferrer\">A ADAPTA\u00c7\u00c3O DO EMPREENDEDOR NA NOVA ERA DIGITAL &#8211; p\u00e1g 334 \u00e0 341<\/a><br \/>\n<em>Giovanna Paulino Fernandes<br \/>\nRafael Vilarinho Peres dos Santos<br \/>\nIgor Gabriel Lima<br \/>\nCibelle Tamiris de Oliveira<br \/>\nRicardo Nakamura<br \/>\nCarolina da Silva Perez <\/em><\/li>\n<\/ul>\n<hr \/>\n<ul>\n<li><a href=\"https:\/\/portal.unisepe.com.br\/unifia\/wp-content\/uploads\/sites\/10001\/2023\/09\/12.-REDES-SOCIAIS-COMO-FERRAMENTA-DE-MARKETING-DAS-EMPRESAS-ARTIGO-1.pdf\" target=\"_blank\" rel=\"noopener noreferrer\">REDES SOCIAIS COMO FERRAMENTA DE MARKETING DAS EMPRESAS<br \/>\n&#8211; p\u00e1g 342 \u00e0 354<\/a><br \/>\n<em> Carine Catherine de Oliveira Vass\u00e3o<br \/>\nIlsa Vass\u00e3o Fernandes<br \/>\nIgor Gabriel Lima<br \/>\nCarolina da Silva Perez<br \/>\nCibelle Tamiris de Oliveira<br \/>\nRicardo Nakamura <\/em><\/li>\n<\/ul>\n<hr \/>\n<ul>\n<li><a href=\"https:\/\/portal.unisepe.com.br\/unifia\/wp-content\/uploads\/sites\/10001\/2023\/09\/13.-A-IMPORT\u00c2NCIA-DO-SEGURO-AGR\u00cdCOLA-NA-MITIGA\u00c7\u00c3O-DE-RISCOS-ARTIGO.pdf\" target=\"_blank\" rel=\"noopener noreferrer\">A IMPORT\u00c2NCIA DO SEGURO AGR\u00cdCOLA NA MITIGA\u00c7\u00c3O DE RISCOS<br \/>\n&#8211; p\u00e1g 355 \u00e0 357<\/a><br \/>\n<em> Glaucia Midori Martins Yamamoto<br \/>\nCamila Cassante de Lima <\/em><\/li>\n<\/ul>\n<hr \/>\n<ul>\n<li><a href=\"https:\/\/portal.unisepe.com.br\/unifia\/wp-content\/uploads\/sites\/10001\/2023\/09\/14.-ATRIBUTOS-RADICULARES-DA-CANA-DE-A\u00c7\u00daCAR-ARTIGO.pdf\" target=\"_blank\" rel=\"noopener noreferrer\">ATRIBUTOS RADICULARES DA CANA-DE-A\u00c7\u00daCAR EM SISTEMAS DE PREPARO PROFUNDO CANTEIRIZADO E CONVENCIONAL DO SOLO<br \/>\n&#8211; p\u00e1g 358 \u00e0 376<\/a><br \/>\n<em> Camila Cassante de Lima <\/em><\/li>\n<\/ul>\n<hr \/>\n<ul>\n<li><a href=\"https:\/\/portal.unisepe.com.br\/unifia\/wp-content\/uploads\/sites\/10001\/2023\/09\/15.-EFEITOS-DOS-SISTEMAS-DE-PREPARO-PROFUNDO-CANTEIRIZADO-ARTIGO-1.pdf\" target=\"_blank\" rel=\"noopener noreferrer\">EFEITOS DOS SISTEMAS DE PREPARO PROFUNDO CANTEIRIZADO E CONVENCIONAL DO SOLO EM CANA DE A\u00c7\u00daCAR NA DISTRIBUI\u00c7\u00c3O DE POROS E \u00cdNDICE S<br \/>\n&#8211; p\u00e1g 377 \u00e0 392<\/a><br \/>\n<em> Camila Cassante de Lima <\/em><\/li>\n<\/ul>\n<hr \/>\n<ul>\n<li><a href=\"https:\/\/portal.unisepe.com.br\/unifia\/wp-content\/uploads\/sites\/10001\/2023\/09\/16.-INFLU\u00caNCIA-DE-PLANTAS-DE-COBERTURA-EM-PROPRIEDADES-ARTIGOS.pdf\" target=\"_blank\" rel=\"noopener noreferrer\">INFLU\u00caNCIA DE PLANTAS DE COBERTURA EM PROPRIEDADES F\u00cdSICAS DO SOLO SOB ROTA\u00c7\u00c3O DE CULTURAS EM PLANTIO DIRETO E PREPARO CONVENCIONAL<br \/>\n&#8211; p\u00e1g 393 \u00e0 412<\/a><br \/>\n<em> Camila Cassante de Lima<\/em><\/li>\n<\/ul>\n<hr \/>\n<ul>\n<li><a href=\"https:\/\/portal.unisepe.com.br\/unifia\/wp-content\/uploads\/sites\/10001\/2023\/09\/17.-IDENTIFICA\u00c7\u00c3O-DE-GENES-RESPONS\u00c1VEIS-PELA-PRODU\u00c7\u00c3O-ARTIGO-1.pdf\" target=\"_blank\" rel=\"noopener noreferrer\">IDENTIFICA\u00c7\u00c3O DE GENES RESPONS\u00c1VEIS PELA PRODU\u00c7\u00c3O DE LIPOPEPT\u00cdDEOS EM Bacillus amyloliquefaciens<br \/>\n&#8211; p\u00e1g 413 \u00e0 417<\/a><br \/>\n<em> Cecilia Armesto<br \/>\nFernando Pereira Monteiro<br \/>\nFlavio Henrique Vasconcelos de Medeiros<br \/>\nCarolina da Silva Perez<br \/>\nErick Willy Weissenberg Batista<br \/>\nCamila Cassante de Lima <\/em><\/li>\n<\/ul>\n<hr \/>\n<ul>\n<li><a href=\"https:\/\/portal.unisepe.com.br\/unifia\/wp-content\/uploads\/sites\/10001\/2023\/09\/CONTABILIDADE-E-SUA-FUN\u00c7\u00c3O-DE-MELHORAMENTO-DA-GEST\u00c3O-DA-ATIVIDADE-DE-PECU\u00c1RIA-NO-BRASIL-p\u00e1g-418-\u00e0-420.pdf\" target=\"_blank\" rel=\"noopener noreferrer\">CONTABILIDADE E SUA FUN\u00c7\u00c3O DE MELHORAMENTO DA GEST\u00c3O DA ATIVIDADE DE PECU\u00c1RIA NO BRASIL<br \/>\n&#8211; p\u00e1g 418 \u00e0 420<\/a><br \/>\n<em>Daniel Freitas Amaral Martins Ribeiro<br \/>\nGabriel Mendon\u00e7a da Silva<br \/>\nDartanhan de Oliveira Paula<br \/>\n<\/em><\/li>\n<\/ul>\n<hr \/>\n<ul>\n<li><a href=\"https:\/\/portal.unisepe.com.br\/unifia\/wp-content\/uploads\/sites\/10001\/2023\/10\/UTILIZAC_A_O-DE-RED-FLAGS-NA-PREVENC_A_O-DE-FRAUDES-FINANCEIRAS-p\u00e1g-426-a-442.pdf\" target=\"_blank\" rel=\"noopener noreferrer\">UTILIZA\u00c7\u00c3O DE RED FLAGS NA PREVEN\u00c7\u00c3O DE FRAUDES FINANCEIRAS<\/a><br \/>\n&#8211; p\u00e1g 426 \u00e0 442<em><br \/>\nLuana Vit\u00f3ria Molina Leite da Silva<br \/>\nMarco Aurelio Batista de Souza<br \/>\nSilvio Paula Ribeiro<br \/>\nNilton Cezar Carraro<br \/>\n<\/em><\/li>\n<\/ul>\n<hr \/>\n<ul>\n<li><a href=\"https:\/\/portal.unisepe.com.br\/unifia\/wp-content\/uploads\/sites\/10001\/2023\/11\/Artigo-Gest\u00e3o-em-Foco-Energia-Solar-p\u00e1g-443-a-447.pdf\" target=\"_blank\" rel=\"noopener noreferrer\">ENERGIA SOLAR NO BRASIL: O FUTURO DA SUSTENTABILIDADE?<\/a><br \/>\n&#8211; p\u00e1g 443 \u00e0 447<em><br \/>\nAlessandro Aoki<br \/>\nErik Jesus de Faria Santana<br \/>\nMaria Fernanda Damaso<br \/>\n<\/em><\/li>\n<\/ul>\n<hr \/>\n<ul>\n<li><a href=\"https:\/\/portal.unisepe.com.br\/unifia\/wp-content\/uploads\/sites\/10001\/2023\/11\/LEVANTAMENTO-DAS-PRINCIPAIS-RAZ\u00d5ES-PARA-A-SONEGA\u00c7\u00c3O-TRIBUT\u00c1RIA-POR-PRODUTORES-RURAIS-NA-REGI\u00c3O-DE-OURINHOS-\u2013-SP-p\u00e1g-448-\u00e0-465.pdf\" target=\"_blank\" rel=\"noopener noreferrer\">LEVANTAMENTO DAS PRINCIPAIS RAZ\u00d5ES PARA A SONEGA\u00c7\u00c3O TRIBUT\u00c1RIA POR PRODUTORES RURAIS NA REGI\u00c3O DE OURINHOS \u2013 SP<\/a><br \/>\n&#8211; p\u00e1g 448 \u00e0 465<em><br \/>\nAna Camila Bortotti<br \/>\nNilton Cesar Carraro<br \/>\n<\/em><\/li>\n<\/ul>\n<hr \/>\n<ul>\n<li><a href=\"https:\/\/portal.unisepe.com.br\/unifia\/wp-content\/uploads\/sites\/10001\/2023\/11\/O-IMPACTO-DO-ICMS-ST-NA-COMPETITIVIDADE-DAS-EMPRESAS-p\u00e1g-466-\u00e0-482.pdf\" target=\"_blank\" rel=\"noopener noreferrer\">O IMPACTO DO ICMS ST NA COMPETITIVIDADE DAS EMPRESAS<\/a><br \/>\n&#8211; p\u00e1g 466 \u00e0 482<em><br \/>\nSuelen Molossi<br \/>\nIliane Maria Duarte<br \/>\nDiones Kleinibing Bugalho<br \/>\n<\/em><\/li>\n<\/ul>\n<hr \/>\n","protected":false},"excerpt":{"rendered":"<p>Artigos &nbsp; EVOLU\u00c7\u00c3O DA LOG\u00cdSTICA E CADEIA DE SUPRIMENTOS DE PRODUTOS FARMAC\u00caUTICOS: UMA REVIS\u00c3O BIBLIOGR\u00c1FICA &#8211; p\u00e1g 1 \u00e0 15 Herivelton Araujo Marcos Vinicius Carraro Ramos CONTABILIDADE NO FUTEBOL: VANTAGENS TRIBUT\u00c1RIAS DA MUDAN\u00c7A DE UMA ASSOCIA\u00c7\u00c3O SEM FINS LUCRATIVOS PARA UMA SAF &#8211; p\u00e1g 16 \u00e0 60 Iago Dias Oliveira<\/p>\n","protected":false},"author":2,"featured_media":0,"parent":2940,"menu_order":0,"comment_status":"closed","ping_status":"closed","template":"templates\/template-pagina_menu_vertical.php","meta":{"footnotes":""},"categories":[],"tags":[],"class_list":["post-8226","page","type-page","status-publish","hentry"],"_links":{"self":[{"href":"https:\/\/portal.unisepe.com.br\/unifia\/wp-json\/wp\/v2\/pages\/8226","targetHints":{"allow":["GET"]}}],"collection":[{"href":"https:\/\/portal.unisepe.com.br\/unifia\/wp-json\/wp\/v2\/pages"}],"about":[{"href":"https:\/\/portal.unisepe.com.br\/unifia\/wp-json\/wp\/v2\/types\/page"}],"author":[{"embeddable":true,"href":"https:\/\/portal.unisepe.com.br\/unifia\/wp-json\/wp\/v2\/users\/2"}],"replies":[{"embeddable":true,"href":"https:\/\/portal.unisepe.com.br\/unifia\/wp-json\/wp\/v2\/comments?post=8226"}],"version-history":[{"count":35,"href":"https:\/\/portal.unisepe.com.br\/unifia\/wp-json\/wp\/v2\/pages\/8226\/revisions"}],"predecessor-version":[{"id":9447,"href":"https:\/\/portal.unisepe.com.br\/unifia\/wp-json\/wp\/v2\/pages\/8226\/revisions\/9447"}],"up":[{"embeddable":true,"href":"https:\/\/portal.unisepe.com.br\/unifia\/wp-json\/wp\/v2\/pages\/2940"}],"wp:attachment":[{"href":"https:\/\/portal.unisepe.com.br\/unifia\/wp-json\/wp\/v2\/media?parent=8226"}],"wp:term":[{"taxonomy":"category","embeddable":true,"href":"https:\/\/portal.unisepe.com.br\/unifia\/wp-json\/wp\/v2\/categories?post=8226"},{"taxonomy":"post_tag","embeddable":true,"href":"https:\/\/portal.unisepe.com.br\/unifia\/wp-json\/wp\/v2\/tags?post=8226"}],"curies":[{"name":"wp","href":"https:\/\/api.w.org\/{rel}","templated":true}]}}