{"id":8627,"date":"2023-05-02T11:17:19","date_gmt":"2023-05-02T14:17:19","guid":{"rendered":"https:\/\/portal.unisepe.com.br\/unifia\/?page_id=8627"},"modified":"2023-05-02T14:41:47","modified_gmt":"2023-05-02T17:41:47","slug":"ceu","status":"publish","type":"page","link":"https:\/\/portal.unisepe.com.br\/unifia\/empresa-junior\/programas\/ceu\/","title":{"rendered":"CEU"},"content":{"rendered":"<p>O Programa CEU \u2013 Conex\u00e3o Empresa Universidade possibilita o aluno UNIFIA ter visibilidade no mercado de trabalho e ficar mais perto de conseguir seu sonhado emprego. Trabalharemos com um banco de curr\u00edculos dos alunos e um banco de vagas das Empresas cadastradas no Programa, nossa inten\u00e7\u00e3o \u00e9 ligar os curr\u00edculos com as vagas das Empresas, proporcionando uma conex\u00e3o e possivelmente contato com nossos alunos.<\/p>\n<p>FUNCIONAMENTO:<\/p>\n<ol>\n<li>O aluno cadastra seu curr\u00edculo em nosso banco<\/li>\n<li>As empresas cadastram suas vagas em nosso banco<\/li>\n<li>A Empresa J\u00fanior UNIFIA direciona os curr\u00edculos para as empresas<\/li>\n<li>A Empresa entra em contato com os alunos para entrevistas<\/li>\n<\/ol>\n<p>&nbsp;<\/p>\n<p>&nbsp;<\/p>\n<p><a href=\"https:\/\/portal.unisepe.com.br\/unifia\/wp-content\/uploads\/sites\/10001\/2023\/05\/empesajunior-ceu.png\"><img loading=\"lazy\" decoding=\"async\" src=\"https:\/\/portal.unisepe.com.br\/unifia\/wp-content\/uploads\/sites\/10001\/2023\/05\/empesajunior-ceu.png\" alt=\"\" class=\"aligncenter size-full wp-image-8628\" width=\"800\" height=\"600\" \/><\/a><\/p>\n<p>&nbsp;<\/p>\n<p>ALUNO: Cadastre seu Curr\u00edculo <a href=\"https:\/\/forms.gle\/S8b5nti4wVWyze428\">AQUI<\/a> (<a href=\"https:\/\/forms.gle\/S8b5nti4wVWyze428\">https:\/\/forms.gle\/S8b5nti4wVWyze428<\/a>)<\/p>\n<p>EMPRESA: Cadastre sua Vaga <a href=\"https:\/\/forms.gle\/ifX6Pb5Z1Eyhafvw6\">AQUI<\/a> (<a href=\"https:\/\/forms.gle\/ifX6Pb5Z1Eyhafvw6\">https:\/\/forms.gle\/ifX6Pb5Z1Eyhafvw6<\/a>)<\/p>\n","protected":false},"excerpt":{"rendered":"<p>O Programa CEU \u2013 Conex\u00e3o Empresa Universidade possibilita o aluno UNIFIA ter visibilidade no mercado de trabalho e ficar mais perto de conseguir seu sonhado emprego. Trabalharemos com um banco de curr\u00edculos dos alunos e um banco de vagas das Empresas cadastradas no Programa, nossa inten\u00e7\u00e3o \u00e9 ligar os curr\u00edculos<\/p>\n","protected":false},"author":2,"featured_media":0,"parent":8649,"menu_order":0,"comment_status":"closed","ping_status":"closed","template":"templates\/template-pagina_menu_vertical.php","meta":{"footnotes":""},"categories":[],"tags":[],"class_list":["post-8627","page","type-page","status-publish","hentry"],"_links":{"self":[{"href":"https:\/\/portal.unisepe.com.br\/unifia\/wp-json\/wp\/v2\/pages\/8627","targetHints":{"allow":["GET"]}}],"collection":[{"href":"https:\/\/portal.unisepe.com.br\/unifia\/wp-json\/wp\/v2\/pages"}],"about":[{"href":"https:\/\/portal.unisepe.com.br\/unifia\/wp-json\/wp\/v2\/types\/page"}],"author":[{"embeddable":true,"href":"https:\/\/portal.unisepe.com.br\/unifia\/wp-json\/wp\/v2\/users\/2"}],"replies":[{"embeddable":true,"href":"https:\/\/portal.unisepe.com.br\/unifia\/wp-json\/wp\/v2\/comments?post=8627"}],"version-history":[{"count":2,"href":"https:\/\/portal.unisepe.com.br\/unifia\/wp-json\/wp\/v2\/pages\/8627\/revisions"}],"predecessor-version":[{"id":8630,"href":"https:\/\/portal.unisepe.com.br\/unifia\/wp-json\/wp\/v2\/pages\/8627\/revisions\/8630"}],"up":[{"embeddable":true,"href":"https:\/\/portal.unisepe.com.br\/unifia\/wp-json\/wp\/v2\/pages\/8649"}],"wp:attachment":[{"href":"https:\/\/portal.unisepe.com.br\/unifia\/wp-json\/wp\/v2\/media?parent=8627"}],"wp:term":[{"taxonomy":"category","embeddable":true,"href":"https:\/\/portal.unisepe.com.br\/unifia\/wp-json\/wp\/v2\/categories?post=8627"},{"taxonomy":"post_tag","embeddable":true,"href":"https:\/\/portal.unisepe.com.br\/unifia\/wp-json\/wp\/v2\/tags?post=8627"}],"curies":[{"name":"wp","href":"https:\/\/api.w.org\/{rel}","templated":true}]}}