{"id":8631,"date":"2023-05-02T11:19:59","date_gmt":"2023-05-02T14:19:59","guid":{"rendered":"https:\/\/portal.unisepe.com.br\/unifia\/?page_id=8631"},"modified":"2023-05-02T14:43:26","modified_gmt":"2023-05-02T17:43:26","slug":"conceitua-se","status":"publish","type":"page","link":"https:\/\/portal.unisepe.com.br\/unifia\/empresa-junior\/programas\/conceitua-se\/","title":{"rendered":"CONCEITUA-SE"},"content":{"rendered":"<p>O Programa CONCEITUA-SE UNIFIA, proporciona aos alunos do UNIFIA e tamb\u00e9m seguidores das nossas redes sociais, desenrolar sobre conceitos complicados e entender as din\u00e2micas de aplica\u00e7\u00f5es em diversas \u00e1reas. O CONCEITUA-SE vai ao ar toda semana nas nossas redes sociais em Podcast ou V\u00eddeo.<\/p>\n<p>Siga nossas Redes Sociais <a href=\"https:\/\/linktr.ee\/empresajunior_unifia\">AQUI<\/a> (<a href=\"https:\/\/linktr.ee\/empresajunior_unifia\">https:\/\/linktr.ee\/empresajunior_unifia<\/a>)<\/p>\n","protected":false},"excerpt":{"rendered":"<p>O Programa CONCEITUA-SE UNIFIA, proporciona aos alunos do UNIFIA e tamb\u00e9m seguidores das nossas redes sociais, desenrolar sobre conceitos complicados e entender as din\u00e2micas de aplica\u00e7\u00f5es em diversas \u00e1reas. O CONCEITUA-SE vai ao ar toda semana nas nossas redes sociais em Podcast ou V\u00eddeo. Siga nossas Redes Sociais AQUI (https:\/\/linktr.ee\/empresajunior_unifia)<\/p>\n","protected":false},"author":2,"featured_media":0,"parent":8649,"menu_order":2,"comment_status":"closed","ping_status":"closed","template":"templates\/template-pagina_menu_vertical.php","meta":{"footnotes":""},"categories":[],"tags":[],"class_list":["post-8631","page","type-page","status-publish","hentry"],"_links":{"self":[{"href":"https:\/\/portal.unisepe.com.br\/unifia\/wp-json\/wp\/v2\/pages\/8631","targetHints":{"allow":["GET"]}}],"collection":[{"href":"https:\/\/portal.unisepe.com.br\/unifia\/wp-json\/wp\/v2\/pages"}],"about":[{"href":"https:\/\/portal.unisepe.com.br\/unifia\/wp-json\/wp\/v2\/types\/page"}],"author":[{"embeddable":true,"href":"https:\/\/portal.unisepe.com.br\/unifia\/wp-json\/wp\/v2\/users\/2"}],"replies":[{"embeddable":true,"href":"https:\/\/portal.unisepe.com.br\/unifia\/wp-json\/wp\/v2\/comments?post=8631"}],"version-history":[{"count":1,"href":"https:\/\/portal.unisepe.com.br\/unifia\/wp-json\/wp\/v2\/pages\/8631\/revisions"}],"predecessor-version":[{"id":8632,"href":"https:\/\/portal.unisepe.com.br\/unifia\/wp-json\/wp\/v2\/pages\/8631\/revisions\/8632"}],"up":[{"embeddable":true,"href":"https:\/\/portal.unisepe.com.br\/unifia\/wp-json\/wp\/v2\/pages\/8649"}],"wp:attachment":[{"href":"https:\/\/portal.unisepe.com.br\/unifia\/wp-json\/wp\/v2\/media?parent=8631"}],"wp:term":[{"taxonomy":"category","embeddable":true,"href":"https:\/\/portal.unisepe.com.br\/unifia\/wp-json\/wp\/v2\/categories?post=8631"},{"taxonomy":"post_tag","embeddable":true,"href":"https:\/\/portal.unisepe.com.br\/unifia\/wp-json\/wp\/v2\/tags?post=8631"}],"curies":[{"name":"wp","href":"https:\/\/api.w.org\/{rel}","templated":true}]}}