{"id":8639,"date":"2023-05-02T11:24:35","date_gmt":"2023-05-02T14:24:35","guid":{"rendered":"https:\/\/portal.unisepe.com.br\/unifia\/?page_id=8639"},"modified":"2023-05-02T14:46:18","modified_gmt":"2023-05-02T17:46:18","slug":"membros-fundadores","status":"publish","type":"page","link":"https:\/\/portal.unisepe.com.br\/unifia\/empresa-junior\/membros-2\/membros-fundadores\/","title":{"rendered":"MEMBROS FUNDADORES"},"content":{"rendered":"<p>PRESIDENTE: <strong>JOS\u00c9 AUGUSTO GRASSI<\/strong> &#8211; e-mail: <a href=\"mailto:jose.grassi@gmail.com\">jose.grassi@gmail.com<\/a><\/p>\n<p>&nbsp;<\/p>\n<p>VICE-PRESIDENTE: <strong>BIANCA MARIA DE JESUS<\/strong> &#8211; e-mail: <a href=\"mailto:biancadohej17@gmail.com\">biancadohej17@gmail.com<\/a><\/p>\n<p>&nbsp;<\/p>\n<p>SECRET\u00c1RIO: <strong>JHONATAN SIM\u00d5ES<\/strong> &#8211; e-mail: <a href=\"mailto:jhonatansantosrodriguessimoes@gmail.com\">jhonatansantosrodriguessimoes@gmail.com<\/a><\/p>\n<p>&nbsp;<\/p>\n<p>TESOUREIRO: <strong>T\u00c9RCIO DE MIRANDA<\/strong> &#8211; e-mail: <a href=\"mailto:mirandavip@gmail.com\">mirandavip@gmail.com<\/a><\/p>\n<p>&nbsp;<\/p>\n<p>CONSELHEIRO: <strong>F\u00c1BIO GOMES DE ARA\u00daJO<\/strong> &#8211; e-mail: <a href=\"mailto:pra@unifia.edu.br\">pra@unifia.edu.br<\/a><\/p>\n<p>&nbsp;<\/p>\n<p>CONSELHEIRO: <strong>CARMEN APARECIDA GASPARINI<\/strong> &#8211; e-mail: <a href=\"mailto:rh@unifia.edu.br\">rh@unifia.edu.br<\/a><\/p>\n<p>&nbsp;<\/p>\n<p>SECRETARIA<strong>: ANA GABRIELA GOMES VANDERLEI, <\/strong>sob Registro Acad\u00eamico N. 4624129, regularmente matriculada no curso de Log\u00edstica. E-mail: <a href=\"mailto:anna.gabriela1609@gmail.com\">anna.gabriela1609@gmail.com<\/a><\/p>\n<p>&nbsp;<\/p>\n<p>SECRETARIA<strong>: COROLINE SANTOS DO NASCIMENTO <\/strong>sob Registro Acad\u00eamico N. 4624287, regularmente matriculada no curso de Administra\u00e7\u00e3o. E-mail: <a href=\"mailto:carolinesdn2@gmail.com\">carolinesdn2@gmail.com<\/a><\/p>\n<p>&nbsp;<\/p>\n<p>SECRETARIA<strong>: GISONEIDE BATISTA DE OLIVEIRA <\/strong>sob Registro Acad\u00eamico N. 4626742, regularmente matriculada no curso de Administra\u00e7\u00e3o. E-mail: <a href=\"mailto:neideyid@hotmail.com\">neideyid@hotmail.com<\/a><\/p>\n<p>&nbsp;<\/p>\n<p>SECRETARIA<strong>: VIT\u00d3RIA VIGATTO MACEDO <\/strong>sob Registro Acad\u00eamico N. 4628291, regularmente matriculada no curso de Administra\u00e7\u00e3o. E-mail: <a href=\"mailto:vitoriamacedo17@outlook.com\">vitoriamacedo17@outlook.com<\/a><\/p>\n<p>&nbsp;<\/p>\n<p>MARKETING E REDES SOCIAIS:<strong> LARISSA NOVAIS GUIDI <\/strong>sob Registro Acad\u00eamico N. 4627669, regularmente matriculada no curso de Administra\u00e7\u00e3o. E-mail: <a href=\"mailto:larissanovaisguidi689@gmail.com\">larissanovaisguidi689@gmail.com<\/a><\/p>\n<p>&nbsp;<\/p>\n<p>MARKETING E REDES SOCIAIS:<strong> MARIA EDUARDA VOLTANI <\/strong>sob Registro Acad\u00eamico N. 4627616, regularmente matriculada no curso de Administra\u00e7\u00e3o. E-mail: <a href=\"mailto:volltanymaria101@gmail.com\">volltanymaria101@gmail.com<\/a><\/p>\n<p>&nbsp;<\/p>\n<p>MARKETING E REDES SOCIAIS:<strong> RAQUEL RAMOS DE OLIVEIRA <\/strong>sob Registro Acad\u00eamico N. 4625761, regularmente matriculada no curso de Administra\u00e7\u00e3o. E-mail: <a href=\"mailto:rah_oliveira775@outlook.com\">rah_oliveira775@outlook.com<\/a><\/p>\n<p>&nbsp;<\/p>\n<p>MARKETING E REDES SOCIAIS:<strong> BIANCA MARIA DE JESUS <\/strong>sob Registro Acad\u00eamico N. 4625101, regularmente matriculada no curso de Administra\u00e7\u00e3o. E-mail: <a href=\"mailto:biancadohej17@gmail.com\">biancadohej17@gmail.com<\/a><\/p>\n<p>&nbsp;<\/p>\n<p>MARKETING E REDES SOCIAIS:<strong> VANESSA APARECIDA DE SOUZA JUNQUEIRA <\/strong>sob Registro Acad\u00eamico N. 4610961, regularmente matriculada no curso de Administra\u00e7\u00e3o. E-mail: <a href=\"mailto:vanessaappsouza@gmail.com\">vanessaappsouza@gmail.com<\/a><\/p>\n<p>&nbsp;<\/p>\n<p>GEST\u00c3O DE SISTEMAS: <strong>JHONATAN SIM\u00d5ES <\/strong>sob Registro Acad\u00eamico N. 4619625, regularmente matriculada no curso de Log\u00edstica. E-mail: <a href=\"mailto:jhonatansantosrodriguessimoes@gmail.com\">jhonatansantosrodriguessimoes@gmail.com<\/a><\/p>\n<p><strong>\u00a0<\/strong><\/p>\n<p>GEST\u00c3O DE TI: <strong>JHONATAN SIM\u00d5ES <\/strong>sob Registro Acad\u00eamico N. 4619625, regularmente matriculada no curso de Log\u00edstica. E-mail: <a href=\"mailto:jhonatansantosrodriguessimoes@gmail.com\">jhonatansantosrodriguessimoes@gmail.com<\/a><\/p>\n<p>&nbsp;<\/p>\n<p>GEST\u00c3O DE TI: <strong>RODRIGO ALVES BARALDI <\/strong>sob Registro Acad\u00eamico N. 4625344, regularmente matriculada no curso de Administra\u00e7\u00e3o. E-mail: <a href=\"mailto:rodrigo_baraldi@yahoo.com\">rodrigo_baraldi@yahoo.com<\/a><\/p>\n<p>&nbsp;<\/p>\n<p>EQUIPE DE CAMPO: <strong>ANA BEATRIZ MARIANO <\/strong>sob Registro Acad\u00eamico N. 4627537, regularmente matriculada no curso de Administra\u00e7\u00e3o. E-mail: <a href=\"mailto:anabmariano321@gmail.com\">anabmariano321@gmail.com<\/a><\/p>\n<p>&nbsp;<\/p>\n<p>EQUIPE DE CAMPO: <strong>VIT\u00d3RIA VIGATTO MACEDO <\/strong>sob Registro Acad\u00eamico N. 4628291, regularmente matriculada no curso de Administra\u00e7\u00e3o. E-mail: <a href=\"mailto:vitoriamacedo17@outlook.com\">vitoriamacedo17@outlook.com<\/a><\/p>\n<p>&nbsp;<\/p>\n<p>EQUIPE DE CAMPO: <strong>J\u00daLIA FERREIRA DA SILVA <\/strong>sob Registro Acad\u00eamico N. 4627602, regularmente matriculada no curso de Administra\u00e7\u00e3o. E-mail: <a href=\"mailto:jullia.ferreira2010@hotmail.com\">jullia.ferreira2010@hotmail.com<\/a><\/p>\n<p>&nbsp;<\/p>\n<p>GEST\u00c3O DE PROJETOS: <strong>MELL EDUARDA CARMONA <\/strong>sob Registro Acad\u00eamico N. 4627741, regularmente matriculada no curso de Administra\u00e7\u00e3o. E-mail: <a href=\"mailto:mell_carmona@outlook.com\">mell_carmona@outlook.com<\/a><\/p>\n<p>&nbsp;<\/p>\n<p>GEST\u00c3O DE PROJETOS: <strong>BIANCA MARIA DE JESUS <\/strong>sob Registro Acad\u00eamico N. 4625101, regularmente matriculada no curso de Administra\u00e7\u00e3o. E-mail: <a href=\"mailto:biancadohej17@gmail.com\">biancadohej17@gmail.com<\/a><\/p>\n<p>&nbsp;<\/p>\n<p>GEST\u00c3O DE PROJETOS: <strong>RODRIGO ALVES BARALDI <\/strong>sob Registro Acad\u00eamico N. 4625344, regularmente matriculada no curso de Administra\u00e7\u00e3o. E-mail: <a href=\"mailto:rodrigo_baraldi@yahoo.com\">rodrigo_baraldi@yahoo.com<\/a><\/p>\n<p>&nbsp;<\/p>\n<p>GEST\u00c3O DE PROJETOS: <strong>RAQUEL RAMOS DE OLIVEIRA<\/strong> sob Registro Acad\u00eamico N. 4625761, regularmente matriculada no curso de Administra\u00e7\u00e3o. E-mail: <a href=\"mailto:rah_oliveira775@outlook.com\">rah_oliveira775@outlook.com<\/a><\/p>\n<p>&nbsp;<\/p>\n<p>GEST\u00c3O DE PROJETOS: <strong>VANESSA APARECIDA DE SOUZA JUNQUEIRA <\/strong>sob Registro Acad\u00eamico N. 4610961, regularmente matriculada no curso de Administra\u00e7\u00e3o. E-mail: <a href=\"mailto:vanessaappsouza@gmail.com\">vanessaappsouza@gmail.com<\/a><\/p>\n","protected":false},"excerpt":{"rendered":"<p>PRESIDENTE: JOS\u00c9 AUGUSTO GRASSI &#8211; e-mail: jose.grassi@gmail.com &nbsp; VICE-PRESIDENTE: BIANCA MARIA DE JESUS &#8211; e-mail: biancadohej17@gmail.com &nbsp; SECRET\u00c1RIO: JHONATAN SIM\u00d5ES &#8211; e-mail: jhonatansantosrodriguessimoes@gmail.com &nbsp; TESOUREIRO: T\u00c9RCIO DE MIRANDA &#8211; e-mail: mirandavip@gmail.com &nbsp; CONSELHEIRO: F\u00c1BIO GOMES DE ARA\u00daJO &#8211; e-mail: pra@unifia.edu.br &nbsp; CONSELHEIRO: CARMEN APARECIDA GASPARINI &#8211; e-mail: rh@unifia.edu.br &nbsp; SECRETARIA:<\/p>\n","protected":false},"author":2,"featured_media":0,"parent":8653,"menu_order":6,"comment_status":"closed","ping_status":"closed","template":"templates\/template-pagina_menu_vertical.php","meta":{"footnotes":""},"categories":[],"tags":[],"class_list":["post-8639","page","type-page","status-publish","hentry"],"_links":{"self":[{"href":"https:\/\/portal.unisepe.com.br\/unifia\/wp-json\/wp\/v2\/pages\/8639","targetHints":{"allow":["GET"]}}],"collection":[{"href":"https:\/\/portal.unisepe.com.br\/unifia\/wp-json\/wp\/v2\/pages"}],"about":[{"href":"https:\/\/portal.unisepe.com.br\/unifia\/wp-json\/wp\/v2\/types\/page"}],"author":[{"embeddable":true,"href":"https:\/\/portal.unisepe.com.br\/unifia\/wp-json\/wp\/v2\/users\/2"}],"replies":[{"embeddable":true,"href":"https:\/\/portal.unisepe.com.br\/unifia\/wp-json\/wp\/v2\/comments?post=8639"}],"version-history":[{"count":1,"href":"https:\/\/portal.unisepe.com.br\/unifia\/wp-json\/wp\/v2\/pages\/8639\/revisions"}],"predecessor-version":[{"id":8640,"href":"https:\/\/portal.unisepe.com.br\/unifia\/wp-json\/wp\/v2\/pages\/8639\/revisions\/8640"}],"up":[{"embeddable":true,"href":"https:\/\/portal.unisepe.com.br\/unifia\/wp-json\/wp\/v2\/pages\/8653"}],"wp:attachment":[{"href":"https:\/\/portal.unisepe.com.br\/unifia\/wp-json\/wp\/v2\/media?parent=8639"}],"wp:term":[{"taxonomy":"category","embeddable":true,"href":"https:\/\/portal.unisepe.com.br\/unifia\/wp-json\/wp\/v2\/categories?post=8639"},{"taxonomy":"post_tag","embeddable":true,"href":"https:\/\/portal.unisepe.com.br\/unifia\/wp-json\/wp\/v2\/tags?post=8639"}],"curies":[{"name":"wp","href":"https:\/\/api.w.org\/{rel}","templated":true}]}}