{"id":9708,"date":"2024-01-31T18:06:55","date_gmt":"2024-01-31T21:06:55","guid":{"rendered":"https:\/\/portal.unisepe.com.br\/unifia\/?page_id=9708"},"modified":"2024-01-31T18:06:55","modified_gmt":"2024-01-31T21:06:55","slug":"educacao-corporativa","status":"publish","type":"page","link":"https:\/\/portal.unisepe.com.br\/unifia\/educacao-corporativa\/","title":{"rendered":"Educa\u00e7\u00e3o Corporativa"},"content":{"rendered":"<p>Os cursos de Educa\u00e7\u00e3o Corporativa \/ Extens\u00e3o da Unisepe, Centro Universit\u00e1rio Amparense &#8211; UNIFIA, s\u00e3o voltados para o p\u00fablico em geral, com forte presen\u00e7a de acad\u00eamicos dos cursos de gradua\u00e7\u00e3o, mas tamb\u00e9m com participa\u00e7\u00e3o intensa de egressos do ensino superior e de profissionais do mercado em busca de aperfei\u00e7oamento nas mais diversas \u00e1reas.<\/p>\n<p>Os temas dos cursos s\u00e3o de interesse amplo e tratam, sobretudo, de quest\u00f5es atuais ou de t\u00e9cnicas espec\u00edficas de v\u00e1rias \u00e1reas do conhecimento. As aulas s\u00e3o\u00a0 din\u00e2micas e com grande participa\u00e7\u00e3o dos alunos e, ministradas por docentes\u00a0 especializados nos assuntos, com ampla viv\u00eancia profissional.<\/p>\n<p>Aproveite esta oportunidade, n\u00e3o perca tempo!<\/p>\n<p>&nbsp;<\/p>\n<ul>\n<li>Para voc\u00ea aluno busque o aperfei\u00e7oamento profissional na sua pr\u00f3pria institui\u00e7\u00e3o de ensino, fique atualizado;<\/li>\n<li>Para voc\u00ea ex-aluno e sociedade, seja um Profissional Qualificado no Mercado;<\/li>\n<li>Cursos com hor\u00e1rios flex\u00edveis;<\/li>\n<li>Funcionamento por demanda;<\/li>\n<\/ul>\n<p>&nbsp;<\/p>\n<p>para maiores informa\u00e7\u00f5es entre em contato:<br \/>\n<strong><a href=\"mailto:unifia@unifia.edu.br\">unifia@unifia.edu.br<\/a> <\/strong><\/p>\n<p>Conhe\u00e7a nossas P\u00f3s Gradua\u00e7\u00e3o ead\u00a0<strong><a href=\"http:\/\/portal.unisepe.com.br\/ead\/\">http:\/\/portal.unisepe.com.br\/ead\/<\/a><\/strong><\/p>\n","protected":false},"excerpt":{"rendered":"<p>Os cursos de Educa\u00e7\u00e3o Corporativa \/ Extens\u00e3o da Unisepe, Centro Universit\u00e1rio Amparense &#8211; UNIFIA, s\u00e3o voltados para o p\u00fablico em geral, com forte presen\u00e7a de acad\u00eamicos dos cursos de gradua\u00e7\u00e3o, mas tamb\u00e9m com participa\u00e7\u00e3o intensa de egressos do ensino superior e de profissionais do mercado em busca de aperfei\u00e7oamento nas<\/p>\n","protected":false},"author":2,"featured_media":0,"parent":0,"menu_order":0,"comment_status":"closed","ping_status":"closed","template":"","meta":{"footnotes":""},"categories":[],"tags":[],"class_list":["post-9708","page","type-page","status-publish","hentry"],"_links":{"self":[{"href":"https:\/\/portal.unisepe.com.br\/unifia\/wp-json\/wp\/v2\/pages\/9708","targetHints":{"allow":["GET"]}}],"collection":[{"href":"https:\/\/portal.unisepe.com.br\/unifia\/wp-json\/wp\/v2\/pages"}],"about":[{"href":"https:\/\/portal.unisepe.com.br\/unifia\/wp-json\/wp\/v2\/types\/page"}],"author":[{"embeddable":true,"href":"https:\/\/portal.unisepe.com.br\/unifia\/wp-json\/wp\/v2\/users\/2"}],"replies":[{"embeddable":true,"href":"https:\/\/portal.unisepe.com.br\/unifia\/wp-json\/wp\/v2\/comments?post=9708"}],"version-history":[{"count":1,"href":"https:\/\/portal.unisepe.com.br\/unifia\/wp-json\/wp\/v2\/pages\/9708\/revisions"}],"predecessor-version":[{"id":9709,"href":"https:\/\/portal.unisepe.com.br\/unifia\/wp-json\/wp\/v2\/pages\/9708\/revisions\/9709"}],"wp:attachment":[{"href":"https:\/\/portal.unisepe.com.br\/unifia\/wp-json\/wp\/v2\/media?parent=9708"}],"wp:term":[{"taxonomy":"category","embeddable":true,"href":"https:\/\/portal.unisepe.com.br\/unifia\/wp-json\/wp\/v2\/categories?post=9708"},{"taxonomy":"post_tag","embeddable":true,"href":"https:\/\/portal.unisepe.com.br\/unifia\/wp-json\/wp\/v2\/tags?post=9708"}],"curies":[{"name":"wp","href":"https:\/\/api.w.org\/{rel}","templated":true}]}}