{"id":9913,"date":"2024-02-28T18:22:44","date_gmt":"2024-02-28T21:22:44","guid":{"rendered":"https:\/\/portal.unisepe.com.br\/unifia\/?page_id=9913"},"modified":"2024-02-28T18:47:05","modified_gmt":"2024-02-28T21:47:05","slug":"estetica-e-cosmetica-2023","status":"publish","type":"page","link":"https:\/\/portal.unisepe.com.br\/unifia\/biblioteca\/repositorios\/estetica-e-cosmetica\/estetica-e-cosmetica-2023\/","title":{"rendered":"EST\u00c9TICA E COSM\u00c9TICA &#8211; 2023"},"content":{"rendered":"<h2 style=\"text-align: center\"><strong>TCC<\/strong><\/h2>\n<p>&nbsp;<\/p>\n<ul>\n<li><em><strong><a href=\"https:\/\/portal.unisepe.com.br\/unifia\/wp-content\/uploads\/sites\/10001\/2024\/02\/TRATAMENTO-DE-LUZ-INTENSA-PULSADA-PARA-TELANGIECTASIAS-ASSOCIADAS-A-CASTANHA-DA-\u00cdNDIA.pdf\" rel=\"attachment wp-att-6112\">TRATAMENTO DE LUZ INTENSA PULSADA PARA TELANGIECTASIAS ASSOCIADAS A CASTANHA-DA-\u00cdNDIA: REVIS\u00c3O DE LITERATURA.<\/a><\/strong><\/em><\/li>\n<\/ul>\n<hr \/>\n<ul>\n<li><em><strong><a href=\"https:\/\/portal.unisepe.com.br\/unifia\/wp-content\/uploads\/sites\/10001\/2024\/02\/2.-A-TORCIDA-\u00daNICA-NOS-EST\u00c1DIOS-DE-FUTEBOL.pdf\" rel=\"attachment wp-att-6112\">EST\u00c9TICA E PR\u00c1TICAS INTEGRATIVAS AUXILIANDO NO TRATAMENTO DE SOP &#8211; REVIS\u00c3O DE LITERATURA.<\/a><\/strong><\/em><\/li>\n<\/ul>\n<hr \/>\n<ul>\n<li><em><strong><a href=\"https:\/\/portal.unisepe.com.br\/unifia\/wp-content\/uploads\/sites\/10001\/2024\/02\/MUSICOTERAPIA-PARA-O-AUTISMO.pdf\" rel=\"attachment wp-att-6112\">MUSICOTERAPIA PARA O AUTISMO.<\/a><\/strong><\/em><\/li>\n<\/ul>\n<hr \/>\n","protected":false},"excerpt":{"rendered":"<p>TCC &nbsp; TRATAMENTO DE LUZ INTENSA PULSADA PARA TELANGIECTASIAS ASSOCIADAS A CASTANHA-DA-\u00cdNDIA: REVIS\u00c3O DE LITERATURA. EST\u00c9TICA E PR\u00c1TICAS INTEGRATIVAS AUXILIANDO NO TRATAMENTO DE SOP &#8211; REVIS\u00c3O DE LITERATURA. MUSICOTERAPIA PARA O AUTISMO.<\/p>\n","protected":false},"author":2,"featured_media":0,"parent":9911,"menu_order":0,"comment_status":"closed","ping_status":"closed","template":"templates\/template-pagina_menu_vertical.php","meta":{"footnotes":""},"categories":[],"tags":[],"class_list":["post-9913","page","type-page","status-publish","hentry"],"_links":{"self":[{"href":"https:\/\/portal.unisepe.com.br\/unifia\/wp-json\/wp\/v2\/pages\/9913","targetHints":{"allow":["GET"]}}],"collection":[{"href":"https:\/\/portal.unisepe.com.br\/unifia\/wp-json\/wp\/v2\/pages"}],"about":[{"href":"https:\/\/portal.unisepe.com.br\/unifia\/wp-json\/wp\/v2\/types\/page"}],"author":[{"embeddable":true,"href":"https:\/\/portal.unisepe.com.br\/unifia\/wp-json\/wp\/v2\/users\/2"}],"replies":[{"embeddable":true,"href":"https:\/\/portal.unisepe.com.br\/unifia\/wp-json\/wp\/v2\/comments?post=9913"}],"version-history":[{"count":4,"href":"https:\/\/portal.unisepe.com.br\/unifia\/wp-json\/wp\/v2\/pages\/9913\/revisions"}],"predecessor-version":[{"id":9932,"href":"https:\/\/portal.unisepe.com.br\/unifia\/wp-json\/wp\/v2\/pages\/9913\/revisions\/9932"}],"up":[{"embeddable":true,"href":"https:\/\/portal.unisepe.com.br\/unifia\/wp-json\/wp\/v2\/pages\/9911"}],"wp:attachment":[{"href":"https:\/\/portal.unisepe.com.br\/unifia\/wp-json\/wp\/v2\/media?parent=9913"}],"wp:term":[{"taxonomy":"category","embeddable":true,"href":"https:\/\/portal.unisepe.com.br\/unifia\/wp-json\/wp\/v2\/categories?post=9913"},{"taxonomy":"post_tag","embeddable":true,"href":"https:\/\/portal.unisepe.com.br\/unifia\/wp-json\/wp\/v2\/tags?post=9913"}],"curies":[{"name":"wp","href":"https:\/\/api.w.org\/{rel}","templated":true}]}}