{"id":1349,"date":"2017-04-01T10:33:01","date_gmt":"2017-04-01T13:33:01","guid":{"rendered":"\/?page_id=1349"},"modified":"2020-03-19T16:07:33","modified_gmt":"2020-03-19T19:07:33","slug":"estagio-curricular","status":"publish","type":"page","link":"https:\/\/portal.unisepe.com.br\/univr\/enfermagem\/estagio-curricular\/","title":{"rendered":"Est\u00e1gio Curricular"},"content":{"rendered":"<p>O Est\u00e1gio Curricular Supervisionado \u00e9 um componente inerente \u00e0 forma\u00e7\u00e3o acad\u00eamica e profissional do aluno. Faz parte do processo de ensinar e aprender, da articula\u00e7\u00e3o teoria e pr\u00e1tica, bem como, da intera\u00e7\u00e3o entre a institui\u00e7\u00e3o educativa e os estabelecimentos de sa\u00fade. Portanto, a import\u00e2ncia do est\u00e1gio envolve a integra\u00e7\u00e3o do aluno com o mercado de trabalho ou o aprimoramento de habilidades. Trata-se tamb\u00e9m de um elemento fundamental na forma\u00e7\u00e3o como pessoa e no profissional que deseja ser.<\/p>\n<p>As atividades de Est\u00e1gio Curricular Supervisionado do\u00a0<span>Centro Universit\u00e1rio do Vale do Ribeira<\/span> s\u00e3o desenvolvidas nos Estabelecimento de Assist\u00eancia em Sa\u00fade (EAS) de Registro-SP e regi\u00e3o, o que envolve todos os n\u00edveis de complexidade \u2013 Aten\u00e7\u00e3o B\u00e1sica; Atendimento Ambulatorial e Rede Hospitalar, bem como, a cl\u00ednica escola, denominada Policl\u00ednica IESEP mantida pela UNISEPE.<\/p>\n<p>O Est\u00e1gio Curricular Supervisionado \u00e9 realizado no \u00faltimo ano do curso, contempla uma carga hor\u00e1ria total de 820 horas, sendo planejado com a participa\u00e7\u00e3o da coordena\u00e7\u00e3o de curso, dos alunos, docentes supervisores e chefias de Enfermagem dos EAS que disponibilizam os campos de est\u00e1gio. O Est\u00e1gio Curricular Supervisionado est\u00e1 dividido em:<\/p>\n<p>&nbsp;<\/p>\n<ul>\n<li><strong><em>Est\u00e1gio Curricular Supervisionado I (410 horas): <\/em><\/strong>inser\u00e7\u00e3o na pr\u00e1tica profissional do enfermeiro envolvendo o Processo de Trabalho da Enfermagem e da equipe multiprofissional na rede de servi\u00e7os de sa\u00fade do Vale do Ribeira.<\/li>\n<\/ul>\n<p>&nbsp;<\/p>\n<ul>\n<li><strong><em>Est\u00e1gio Curricular Supervisionado II (410 horas): <\/em><\/strong>atua\u00e7\u00e3o nos diferentes cen\u00e1rios da pr\u00e1tica profissional com \u00eanfase na gest\u00e3o dos servi\u00e7os de sa\u00fade do Vale do Ribeira.<\/li>\n<\/ul>\n","protected":false},"excerpt":{"rendered":"<p>O Est\u00e1gio Curricular Supervisionado \u00e9 um componente inerente \u00e0 forma\u00e7\u00e3o acad\u00eamica e profissional do aluno. Faz parte do processo de ensinar e aprender, da articula\u00e7\u00e3o teoria e pr\u00e1tica, bem como, da intera\u00e7\u00e3o entre a institui\u00e7\u00e3o educativa e os estabelecimentos de sa\u00fade. Portanto, a import\u00e2ncia do est\u00e1gio envolve a integra\u00e7\u00e3o do<\/p>\n","protected":false},"author":1,"featured_media":0,"parent":377,"menu_order":0,"comment_status":"closed","ping_status":"closed","template":"templates\/template-curso_menu_vertical.php","meta":{"footnotes":""},"categories":[],"tags":[],"class_list":["post-1349","page","type-page","status-publish","hentry"],"_links":{"self":[{"href":"https:\/\/portal.unisepe.com.br\/univr\/wp-json\/wp\/v2\/pages\/1349","targetHints":{"allow":["GET"]}}],"collection":[{"href":"https:\/\/portal.unisepe.com.br\/univr\/wp-json\/wp\/v2\/pages"}],"about":[{"href":"https:\/\/portal.unisepe.com.br\/univr\/wp-json\/wp\/v2\/types\/page"}],"author":[{"embeddable":true,"href":"https:\/\/portal.unisepe.com.br\/univr\/wp-json\/wp\/v2\/users\/1"}],"replies":[{"embeddable":true,"href":"https:\/\/portal.unisepe.com.br\/univr\/wp-json\/wp\/v2\/comments?post=1349"}],"version-history":[{"count":8,"href":"https:\/\/portal.unisepe.com.br\/univr\/wp-json\/wp\/v2\/pages\/1349\/revisions"}],"predecessor-version":[{"id":4029,"href":"https:\/\/portal.unisepe.com.br\/univr\/wp-json\/wp\/v2\/pages\/1349\/revisions\/4029"}],"up":[{"embeddable":true,"href":"https:\/\/portal.unisepe.com.br\/univr\/wp-json\/wp\/v2\/pages\/377"}],"wp:attachment":[{"href":"https:\/\/portal.unisepe.com.br\/univr\/wp-json\/wp\/v2\/media?parent=1349"}],"wp:term":[{"taxonomy":"category","embeddable":true,"href":"https:\/\/portal.unisepe.com.br\/univr\/wp-json\/wp\/v2\/categories?post=1349"},{"taxonomy":"post_tag","embeddable":true,"href":"https:\/\/portal.unisepe.com.br\/univr\/wp-json\/wp\/v2\/tags?post=1349"}],"curies":[{"name":"wp","href":"https:\/\/api.w.org\/{rel}","templated":true}]}}