{"id":1353,"date":"2017-04-01T10:33:56","date_gmt":"2017-04-01T13:33:56","guid":{"rendered":"\/?page_id=1353"},"modified":"2020-03-19T16:06:26","modified_gmt":"2020-03-19T19:06:26","slug":"pesquisa","status":"publish","type":"page","link":"https:\/\/portal.unisepe.com.br\/univr\/enfermagem\/pesquisa\/","title":{"rendered":"Pesquisa"},"content":{"rendered":"<p style=\"text-align: justify;\">A pesquisa cient\u00edfica representa o alicerce para a evolu\u00e7\u00e3o da sociedade e da educa\u00e7\u00e3o. Por meio dela \u00e9 poss\u00edvel transformar a realidade na qual o indiv\u00edduo est\u00e1 inserido. Neste contexto, o curso de enfermagem do\u00a0<span>Centro Universit\u00e1rio do Vale do Ribeira<\/span> tem como meta formar profissionais pautados no rigor cient\u00edfico e na Pr\u00e1tica Fundamentada em Evid\u00eancias. Os alunos t\u00eam a oportunidade na participa\u00e7\u00e3o de projetos de inicia\u00e7\u00e3o cient\u00edfica em temas vinculados as \u00e1reas de pesquisa dos docentes do curso. A participa\u00e7\u00e3o \u00e9 volunt\u00e1ria e o produto final das pesquisas desenvolvidas \u00e9 divulgado por meio da publica\u00e7\u00e3o cient\u00edfica em peri\u00f3dicos nacionais, internacionais e em anais de eventos.<\/p>\n<p>&nbsp;<\/p>\n<ul>\n<li><a href=\"http:\/\/portal.unisepe.com.br\/univr\/wp-content\/uploads\/sites\/10004\/2019\/03\/Cadastro-Projeto-de-Inicia\u00e7\u00e3o-Cient\u00edfica.doc\" target=\"_blank\" rel=\"noopener\">Cadastro Projeto de Inicia\u00e7\u00e3o Cient\u00edfica<\/a><\/li>\n<li><a href=\"http:\/\/portal.unisepe.com.br\/univr\/wp-content\/uploads\/sites\/10004\/2019\/03\/Declara\u00e7\u00e3o-do-Aluno-de-Inicia\u00e7\u00e3o-Cient\u00edfica-Volunt\u00e1ria.doc\" target=\"_blank\" rel=\"noopener\">Declara\u00e7\u00e3o do Aluno de Inicia\u00e7\u00e3o Cient\u00edfica Volunt\u00e1ria<\/a><\/li>\n<li><a href=\"http:\/\/portal.unisepe.com.br\/univr\/wp-content\/uploads\/sites\/10004\/2018\/11\/Ficha-de-Inscri\u00e7\u00e3o-Inicia\u00e7\u00e3o-Cient\u00edfica.pdf\" target=\"_blank\" rel=\"noopener\">Ficha de Inscri\u00e7\u00e3o &#8211; Inicia\u00e7\u00e3o Cient\u00edfica<\/a><\/li>\n<li><a href=\"http:\/\/portal.unisepe.com.br\/univr\/wp-content\/uploads\/sites\/10004\/2019\/03\/Modelo-de-Relat\u00f3rio-Final.doc\" target=\"_blank\" rel=\"noopener\">Modelo de Relat\u00f3rio Final<\/a><\/li>\n<li><a href=\"http:\/\/portal.unisepe.com.br\/univr\/wp-content\/uploads\/sites\/10004\/2019\/03\/Plano-de-Trabalho-de-Projeto-de-Inicia\u00e7\u00e3o-Cient\u00edfica.doc\" target=\"_blank\" rel=\"noopener\">Plano de Trabalho de Projeto de Inicia\u00e7\u00e3o Cient\u00edfica<\/a><\/li>\n<li><a href=\"http:\/\/portal.unisepe.com.br\/univr\/wp-content\/uploads\/sites\/10004\/2019\/03\/Termo-de-Compromisso-para-Aluno-Bolsista-de-Inicia\u00e7\u00e3o-Cient\u00edfica.pdf\" target=\"_blank\" rel=\"noopener\">Termo de Compromisso de Orienta\u00e7\u00e3o de Aluno Bolsista de Inicia\u00e7\u00e3o Cient\u00edfica<\/a><\/li>\n<li><a href=\"http:\/\/portal.unisepe.com.br\/univr\/wp-content\/uploads\/sites\/10004\/2019\/03\/Termo-de-Compromisso-de-Orienta\u00e7\u00e3o.doc\" target=\"_blank\" rel=\"noopener\">Termo de Compromisso de Orienta\u00e7\u00e3o<\/a><\/li>\n<\/ul>\n<p>&nbsp;<\/p>\n<blockquote>\n<p style=\"text-align: justify;\"><strong><a href=\"http:\/\/portal.unisepe.com.br\/univr\/wp-content\/uploads\/sites\/10004\/2018\/11\/EDITAL-PROGRAMA-DE-INICIA\u00c7\u00c3O-CIENT\u00cdFICA-ENFERMAGEM-2018-2019.pdf\" target=\"_blank\" rel=\"noopener\">EDITAL PROGRAMA DE INICIA\u00c7\u00c3O CIENT\u00cdFICA &#8211; ENFERMAGEM 2018-2019<\/a><\/strong><\/p>\n<\/blockquote>\n<blockquote>\n<p style=\"text-align: justify;\"><strong><a href=\"http:\/\/portal.unisepe.com.br\/univr\/wp-content\/uploads\/sites\/10004\/2019\/02\/RELA\u00c7\u00c3O-DE-APROVADOS-NA-INICIA\u00c7\u00c3O-CIENT\u00cdFICA-DO-CURSO-DE-ENFERMAGEM-EDITAL-2018_2019.pdf\" target=\"_blank\" rel=\"noopener\">RELA\u00c7\u00c3O DE APROVADOS NA INICIA\u00c7\u00c3O CIENT\u00cdFICA DO CURSO DE ENFERMAGEM &#8211; EDITAL 2018_2019<\/a><\/strong><\/p>\n<\/blockquote>\n<p>&nbsp;<\/p>\n","protected":false},"excerpt":{"rendered":"<p>A pesquisa cient\u00edfica representa o alicerce para a evolu\u00e7\u00e3o da sociedade e da educa\u00e7\u00e3o. Por meio dela \u00e9 poss\u00edvel transformar a realidade na qual o indiv\u00edduo est\u00e1 inserido. Neste contexto, o curso de enfermagem do\u00a0Centro Universit\u00e1rio do Vale do Ribeira tem como meta formar profissionais pautados no rigor cient\u00edfico e<\/p>\n","protected":false},"author":1,"featured_media":0,"parent":377,"menu_order":0,"comment_status":"closed","ping_status":"closed","template":"templates\/template-curso_menu_vertical.php","meta":{"footnotes":""},"categories":[],"tags":[],"class_list":["post-1353","page","type-page","status-publish","hentry"],"_links":{"self":[{"href":"https:\/\/portal.unisepe.com.br\/univr\/wp-json\/wp\/v2\/pages\/1353","targetHints":{"allow":["GET"]}}],"collection":[{"href":"https:\/\/portal.unisepe.com.br\/univr\/wp-json\/wp\/v2\/pages"}],"about":[{"href":"https:\/\/portal.unisepe.com.br\/univr\/wp-json\/wp\/v2\/types\/page"}],"author":[{"embeddable":true,"href":"https:\/\/portal.unisepe.com.br\/univr\/wp-json\/wp\/v2\/users\/1"}],"replies":[{"embeddable":true,"href":"https:\/\/portal.unisepe.com.br\/univr\/wp-json\/wp\/v2\/comments?post=1353"}],"version-history":[{"count":11,"href":"https:\/\/portal.unisepe.com.br\/univr\/wp-json\/wp\/v2\/pages\/1353\/revisions"}],"predecessor-version":[{"id":4027,"href":"https:\/\/portal.unisepe.com.br\/univr\/wp-json\/wp\/v2\/pages\/1353\/revisions\/4027"}],"up":[{"embeddable":true,"href":"https:\/\/portal.unisepe.com.br\/univr\/wp-json\/wp\/v2\/pages\/377"}],"wp:attachment":[{"href":"https:\/\/portal.unisepe.com.br\/univr\/wp-json\/wp\/v2\/media?parent=1353"}],"wp:term":[{"taxonomy":"category","embeddable":true,"href":"https:\/\/portal.unisepe.com.br\/univr\/wp-json\/wp\/v2\/categories?post=1353"},{"taxonomy":"post_tag","embeddable":true,"href":"https:\/\/portal.unisepe.com.br\/univr\/wp-json\/wp\/v2\/tags?post=1353"}],"curies":[{"name":"wp","href":"https:\/\/api.w.org\/{rel}","templated":true}]}}