{"id":1803,"date":"2017-11-10T15:06:40","date_gmt":"2017-11-10T17:06:40","guid":{"rendered":"http:\/\/portal.unisepe.com.br\/univr\/?page_id=1803"},"modified":"2019-04-01T16:09:48","modified_gmt":"2019-04-01T19:09:48","slug":"anais-jornada-cientifica","status":"publish","type":"page","link":"https:\/\/portal.unisepe.com.br\/univr\/enfermagem\/anais-jornada-cientifica\/","title":{"rendered":"ANAIS Jornada Cient\u00edfica"},"content":{"rendered":"<ul>\n<li><a href=\"http:\/\/portal.unisepe.com.br\/univr\/wp-content\/uploads\/sites\/10004\/2019\/03\/ANAIS-I-CONGRESSO-DE-CI\u00caNCIAS-DA-SA\u00daDE.pdf\" target=\"_blank\" rel=\"noopener\">ANAIS I Congresso de Ci\u00eancias da Sa\u00fade do Vale do Ribeira (2018)<\/a><\/li>\n<li><a href=\"http:\/\/portal.unisepe.com.br\/univr\/wp-content\/uploads\/sites\/10004\/2017\/11\/ANAIS-I-Jornada-Cient\u00edfica-da-Enfermagem-UNISEPE.pdf\" target=\"_blank\" rel=\"noopener\">ANAIS I Jornada Cient\u00edfica da Enfermagem UNISEPE (2017)<\/a><\/li>\n<\/ul>\n","protected":false},"excerpt":{"rendered":"<p>ANAIS I Congresso de Ci\u00eancias da Sa\u00fade do Vale do Ribeira (2018) ANAIS I Jornada Cient\u00edfica da Enfermagem UNISEPE (2017)<\/p>\n","protected":false},"author":1,"featured_media":0,"parent":377,"menu_order":8,"comment_status":"closed","ping_status":"closed","template":"templates\/template-pagina_menu_vertical.php","meta":{"footnotes":""},"categories":[],"tags":[],"class_list":["post-1803","page","type-page","status-publish","hentry"],"_links":{"self":[{"href":"https:\/\/portal.unisepe.com.br\/univr\/wp-json\/wp\/v2\/pages\/1803","targetHints":{"allow":["GET"]}}],"collection":[{"href":"https:\/\/portal.unisepe.com.br\/univr\/wp-json\/wp\/v2\/pages"}],"about":[{"href":"https:\/\/portal.unisepe.com.br\/univr\/wp-json\/wp\/v2\/types\/page"}],"author":[{"embeddable":true,"href":"https:\/\/portal.unisepe.com.br\/univr\/wp-json\/wp\/v2\/users\/1"}],"replies":[{"embeddable":true,"href":"https:\/\/portal.unisepe.com.br\/univr\/wp-json\/wp\/v2\/comments?post=1803"}],"version-history":[{"count":5,"href":"https:\/\/portal.unisepe.com.br\/univr\/wp-json\/wp\/v2\/pages\/1803\/revisions"}],"predecessor-version":[{"id":3049,"href":"https:\/\/portal.unisepe.com.br\/univr\/wp-json\/wp\/v2\/pages\/1803\/revisions\/3049"}],"up":[{"embeddable":true,"href":"https:\/\/portal.unisepe.com.br\/univr\/wp-json\/wp\/v2\/pages\/377"}],"wp:attachment":[{"href":"https:\/\/portal.unisepe.com.br\/univr\/wp-json\/wp\/v2\/media?parent=1803"}],"wp:term":[{"taxonomy":"category","embeddable":true,"href":"https:\/\/portal.unisepe.com.br\/univr\/wp-json\/wp\/v2\/categories?post=1803"},{"taxonomy":"post_tag","embeddable":true,"href":"https:\/\/portal.unisepe.com.br\/univr\/wp-json\/wp\/v2\/tags?post=1803"}],"curies":[{"name":"wp","href":"https:\/\/api.w.org\/{rel}","templated":true}]}}