{"id":1822,"date":"2017-11-14T09:57:50","date_gmt":"2017-11-14T11:57:50","guid":{"rendered":"http:\/\/portal.unisepe.com.br\/univr\/?page_id=1822"},"modified":"2020-05-12T16:36:38","modified_gmt":"2020-05-12T19:36:38","slug":"matriz-curricular","status":"publish","type":"page","link":"https:\/\/portal.unisepe.com.br\/univr\/biomedicina\/matriz-curricular\/","title":{"rendered":"Matriz Curricular"},"content":{"rendered":"<ul class=\"nav nav-tabs\">\n<li class=\"nav-item\"><a class=\"nav-link active\" href=\"#tab1\" data-toggle=\"tab\">Matriz<\/a><\/li>\n<li class=\"nav-item\"><a class=\"nav-link\" href=\"#tab2\" data-toggle=\"tab\">EAD<\/a><\/li>\n<\/ul>\n<div id=\"myTabContent\" class=\"tab-content\">\n<div id=\"tab1\" class=\"tab-pane fade active show\">\n<ul>\n<li><a href=\"http:\/\/portal.unisepe.com.br\/univr\/wp-content\/uploads\/sites\/10004\/2020\/05\/Matriz_Biomedicina_2020-1.pdf\" target=\"_blank\" rel=\"noopener\">Matriz 2020-1<\/a><\/li>\n<li><a href=\"http:\/\/portal.unisepe.com.br\/univr\/wp-content\/uploads\/sites\/10004\/2017\/11\/Matriz_BIM_20181.pdf\" target=\"_blank\" rel=\"noopener\">Matriz 2018<\/a><\/li>\n<\/ul>\n<\/div>\n<div id=\"tab2\" class=\"tab-pane fade\">\n<p style=\"text-align: center\">art 8. da Portaria 1.428\/2018<\/p>\n<ul>\n<li><a href=\"http:\/\/portal.unisepe.com.br\/univr\/wp-content\/uploads\/sites\/10004\/2019\/09\/2019-2-UNIVR-ART-8-INFORMA\u00c7\u00d5ES-L-P-NBS.pdf\" target=\"_blank\" rel=\"noopener\">2019-2-UNIVR-ART-8-INFORMA\u00c7\u00d5ES L P &#8211; NBS<\/a><\/li>\n<li><a href=\"http:\/\/portal.unisepe.com.br\/univr\/wp-content\/uploads\/sites\/10004\/2019\/09\/2019-2-UNIVR-ART-8-INFORMA\u00c7\u00d5ES-Libras-NBS.pdf\" target=\"_blank\" rel=\"noopener\">2019-2-UNIVR-ART-8-INFORMA\u00c7\u00d5ES Libras NBS<\/a><\/li>\n<li><a href=\"http:\/\/portal.unisepe.com.br\/univr\/wp-content\/uploads\/sites\/10004\/2019\/09\/2019-2-UNIVR-ART-8-INFORMA\u00c7\u00d5ES-metodologia-da-pesq.cient_.-NBS.pdf\" target=\"_blank\" rel=\"noopener\">2019-2-UNIVR-ART-8-INFORMA\u00c7\u00d5ES metodologia da pesq.cient. NBS<\/a><\/li>\n<li><a href=\"http:\/\/portal.unisepe.com.br\/univr\/wp-content\/uploads\/sites\/10004\/2019\/09\/2019-2-UNIVR-ART-8-INFORMA\u00c7\u00d5ES-Nutri\u00e7\u00e3o-B\u00e1sica-NBS.pdf\" target=\"_blank\" rel=\"noopener\">2019-2-UNIVR-ART-8-INFORMA\u00c7\u00d5ES Nutri\u00e7\u00e3o B\u00e1sica NBS<\/a><\/li>\n<li><a href=\"http:\/\/portal.unisepe.com.br\/univr\/wp-content\/uploads\/sites\/10004\/2019\/09\/2019-2-UNIVR-ART-8-INFORMA\u00c7\u00d5ES-Psicologia-NBS.pdf\" target=\"_blank\" rel=\"noopener\">2019-2-UNIVR-ART-8-INFORMA\u00c7\u00d5ES Psicologia NBS<\/a><\/li>\n<li><a href=\"http:\/\/portal.unisepe.com.br\/univr\/wp-content\/uploads\/sites\/10004\/2019\/09\/2019-2-UNIVR-ART-8-INFORMA\u00c7\u00d5ES-Sa\u00fade-Ambiental-NBS.pdf\" target=\"_blank\" rel=\"noopener\">2019-2-UNIVR-ART-8-INFORMA\u00c7\u00d5ES Sa\u00fade Ambiental NBS<\/a><\/li>\n<li><a href=\"http:\/\/portal.unisepe.com.br\/univr\/wp-content\/uploads\/sites\/10004\/2019\/09\/2019-2-UNIVR-ART-8-INFORMA\u00c7\u00d5ES-Sa\u00fade-Coletivas-e-Pol.-P\u00b7b.-NBS.pdf\" target=\"_blank\" rel=\"noopener\">2019-2-UNIVR-ART-8-INFORMA\u00c7\u00d5ES Sa\u00fade Coletivas e Pol. P\u00fab. NBS<\/a><\/li>\n<li><a href=\"http:\/\/portal.unisepe.com.br\/univr\/wp-content\/uploads\/sites\/10004\/2019\/09\/2019-2-UNIVR-ART-8-INFORMA\u00c7\u00d5ES-Sociologia-NBS.pdf\" target=\"_blank\" rel=\"noopener\">2019-2-UNIVR-ART-8-INFORMA\u00c7\u00d5ES Sociologia &#8211; NBS<\/a><\/li>\n<\/ul>\n<\/div>\n<\/div>\n","protected":false},"excerpt":{"rendered":"<p>Matriz EAD Matriz 2020-1 Matriz 2018 art 8. da Portaria 1.428\/2018 2019-2-UNIVR-ART-8-INFORMA\u00c7\u00d5ES L P &#8211; NBS 2019-2-UNIVR-ART-8-INFORMA\u00c7\u00d5ES Libras NBS 2019-2-UNIVR-ART-8-INFORMA\u00c7\u00d5ES metodologia da pesq.cient. NBS 2019-2-UNIVR-ART-8-INFORMA\u00c7\u00d5ES Nutri\u00e7\u00e3o B\u00e1sica NBS 2019-2-UNIVR-ART-8-INFORMA\u00c7\u00d5ES Psicologia NBS 2019-2-UNIVR-ART-8-INFORMA\u00c7\u00d5ES Sa\u00fade Ambiental NBS 2019-2-UNIVR-ART-8-INFORMA\u00c7\u00d5ES Sa\u00fade Coletivas e Pol. P\u00fab. NBS 2019-2-UNIVR-ART-8-INFORMA\u00c7\u00d5ES Sociologia &#8211; NBS<\/p>\n","protected":false},"author":1,"featured_media":0,"parent":1818,"menu_order":0,"comment_status":"closed","ping_status":"closed","template":"templates\/template-curso_menu_vertical.php","meta":{"footnotes":""},"categories":[],"tags":[],"class_list":["post-1822","page","type-page","status-publish","hentry"],"_links":{"self":[{"href":"https:\/\/portal.unisepe.com.br\/univr\/wp-json\/wp\/v2\/pages\/1822","targetHints":{"allow":["GET"]}}],"collection":[{"href":"https:\/\/portal.unisepe.com.br\/univr\/wp-json\/wp\/v2\/pages"}],"about":[{"href":"https:\/\/portal.unisepe.com.br\/univr\/wp-json\/wp\/v2\/types\/page"}],"author":[{"embeddable":true,"href":"https:\/\/portal.unisepe.com.br\/univr\/wp-json\/wp\/v2\/users\/1"}],"replies":[{"embeddable":true,"href":"https:\/\/portal.unisepe.com.br\/univr\/wp-json\/wp\/v2\/comments?post=1822"}],"version-history":[{"count":11,"href":"https:\/\/portal.unisepe.com.br\/univr\/wp-json\/wp\/v2\/pages\/1822\/revisions"}],"predecessor-version":[{"id":4088,"href":"https:\/\/portal.unisepe.com.br\/univr\/wp-json\/wp\/v2\/pages\/1822\/revisions\/4088"}],"up":[{"embeddable":true,"href":"https:\/\/portal.unisepe.com.br\/univr\/wp-json\/wp\/v2\/pages\/1818"}],"wp:attachment":[{"href":"https:\/\/portal.unisepe.com.br\/univr\/wp-json\/wp\/v2\/media?parent=1822"}],"wp:term":[{"taxonomy":"category","embeddable":true,"href":"https:\/\/portal.unisepe.com.br\/univr\/wp-json\/wp\/v2\/categories?post=1822"},{"taxonomy":"post_tag","embeddable":true,"href":"https:\/\/portal.unisepe.com.br\/univr\/wp-json\/wp\/v2\/tags?post=1822"}],"curies":[{"name":"wp","href":"https:\/\/api.w.org\/{rel}","templated":true}]}}