{"id":2056,"date":"2018-03-07T15:21:59","date_gmt":"2018-03-07T18:21:59","guid":{"rendered":"http:\/\/portal.unisepe.com.br\/univr\/?page_id=2056"},"modified":"2019-09-13T08:03:13","modified_gmt":"2019-09-13T11:03:13","slug":"caderno-de-pesquisa-interdisciplinar-em-psicologia-vol-1-2018-1","status":"publish","type":"page","link":"https:\/\/portal.unisepe.com.br\/univr\/caderno-de-pesquisa-interdisciplinar-em-psicologia-vol-1-2018-1\/","title":{"rendered":"Caderno de Pesquisa Interdisciplinar em Psicologia Vol. 1 2018.1"},"content":{"rendered":"<h5><span style=\"color: #3366ff;\">Sum\u00e1rio<\/span><\/h5>\n<hr \/>\n<ul>\n<li style=\"margin: 0cm 12.0pt .0001pt 0cm;\"><a href=\"http:\/\/portal.unisepe.com.br\/univr\/wp-content\/uploads\/sites\/10004\/2018\/03\/Caderno-de-Pesquisa-Interdisciplinar-em-Psicologia-Vol.-1-20181-Apresenta\u00e7\u00e3o.pdf\" target=\"_blank\" rel=\"noopener\">Apresenta\u00e7\u00e3o<\/a><\/li>\n<li>Luciano Fiscina<\/li>\n<\/ul>\n<h5><em><span style=\"color: #3366ff;\">Artigos<\/span><\/em><\/h5>\n<hr \/>\n<table class=\"table table-striped\">\n<thead>\n<tr>\n<th>T\u00edtulo e Autor(es)<\/th>\n<th>Artigo<\/th>\n<\/tr>\n<\/thead>\n<tbody>\n<tr>\n<td><strong>Reflex\u00f5es psicanal\u00edticas acerca do abuso sexual infantil<\/strong><br \/>\nDaniel Vicente da Silva<\/td>\n<td><strong><a href=\"http:\/\/portal.unisepe.com.br\/univr\/wp-content\/uploads\/sites\/10004\/2018\/03\/Caderno-de-Pesquisa-Interdisciplinar-em-Psicologia-Vol.-1-20181-Artigo-1.pdf\" target=\"_blank\" rel=\"noopener\">PDF\/A<\/a><\/strong><\/p>\n<p><strong>1-14<\/strong><\/td>\n<\/tr>\n<tr>\n<td><strong>Atua\u00e7\u00e3o do psic\u00f3logo em atendimento de acompanhantes em grupo de sala de espera em unidade b\u00e1sica de sa\u00fade<\/strong><br \/>\nAna Jakellyne Pecori Viana; Euniceneia Alves de Souza Muniza; &amp; H\u00e9lcio Hiromi Kikuti<\/td>\n<td><a href=\"http:\/\/portal.unisepe.com.br\/univr\/wp-content\/uploads\/sites\/10004\/2018\/03\/Caderno-de-Pesquisa-Interdisciplinar-em-Psicologia-Vol.-1-20181-Artigo-2.pdf\" target=\"_blank\" rel=\"noopener\"><strong>PDF\/A<\/strong><\/a><\/p>\n<p><strong>15-24<\/strong><\/td>\n<\/tr>\n<tr>\n<td><strong>Breves considera\u00e7\u00f5es sobre a obra de Yi \u2013 Fu Tuan<\/strong><br \/>\nAlessandro Aoki<\/td>\n<td><strong><a href=\"http:\/\/portal.unisepe.com.br\/univr\/wp-content\/uploads\/sites\/10004\/2018\/03\/Caderno-de-Pesquisa-Interdisciplinar-em-Psicologia-Vol.-1-20181-Artigo-3.pdf\" target=\"_blank\" rel=\"noopener\">PDF\/A<\/a><\/strong><\/p>\n<p><strong>25-30<\/strong><\/td>\n<\/tr>\n<tr>\n<td><strong>Adolesc\u00eancia em foco: contribui\u00e7\u00f5es de Erikson, Vygotsky e Wallon<\/strong><br \/>\nFrancine Morais de Fran\u00e7a Valente; Luiz Nazareno Cavalcanti Junior; &amp; Ademar Dias de Oliveira.<\/td>\n<td><strong><a href=\"http:\/\/portal.unisepe.com.br\/univr\/wp-content\/uploads\/sites\/10004\/2018\/03\/Caderno-de-Pesquisa-Interdisciplinar-em-Psicologia-Vol.-1-20181-Artigo-4.pdf\" target=\"_blank\" rel=\"noopener\">PDF\/A<\/a><\/strong><\/p>\n<p><strong>31-45<\/strong><\/td>\n<\/tr>\n<tr>\n<td><strong>Processamento visual priorit\u00e1rio de formas geom\u00e9tricas ilus\u00f3rias de diferentes tamanhos<\/strong><br \/>\nDriely Meanda &amp; Mikael Cavallet.<\/td>\n<td><strong><a href=\"http:\/\/portal.unisepe.com.br\/univr\/wp-content\/uploads\/sites\/10004\/2018\/03\/Caderno-de-Pesquisa-Interdisciplinar-em-Psicologia-Vol.-1-20181-Artigo-5.pdf\" target=\"_blank\" rel=\"noopener\">PDF\/A<\/a><\/strong><\/p>\n<p><strong>46-58<\/strong><\/td>\n<\/tr>\n<tr>\n<td><strong>Cannabis sativa: pol\u00edtica proibicionista e o direito \u00e0 sa\u00fade<\/strong><br \/>\nCarlos Eduardo Bernardo; Luiza Valdoski de Lima; &amp; Ademar Dias de Oliveira<\/td>\n<td><a href=\"http:\/\/portal.unisepe.com.br\/univr\/wp-content\/uploads\/sites\/10004\/2018\/03\/Caderno-de-Pesquisa-Interdisciplinar-em-Psicologia-Vol.-1-20181-Artigo-6.pdf\" target=\"_blank\" rel=\"noopener\"><strong>PDF\/A<\/strong><\/a><\/p>\n<p><strong>59-69<\/strong><\/td>\n<\/tr>\n<tr>\n<td><strong>Um olhar sobre a fam\u00edlia e as constru\u00e7\u00f5es sociais relacionadas \u00e0s figuras parentais<\/strong><br \/>\nAna Jakellyne Pecori Viana<\/td>\n<td><a href=\"http:\/\/portal.unisepe.com.br\/univr\/wp-content\/uploads\/sites\/10004\/2018\/03\/Caderno-de-Pesquisa-Interdisciplinar-em-Psicologia-Vol.-1-20181-Artigo-7.pdf\" target=\"_blank\" rel=\"noopener\"><strong>PDF\/A<\/strong><\/a><\/p>\n<p><strong>70-85<\/strong><\/td>\n<\/tr>\n<tr>\n<td><strong>Perfil do uso de subst\u00e2ncias psicoativas e de aspectos funcionais do sono de dependentes qu\u00edmico: um estudo de caso numa comunidade terap\u00eautica<\/strong><br \/>\nJos\u00e9 Martim M. Simas; Eduardo Antonio Mendon\u00e7a da Silva; Isabel Cristina Ferreira de Queiroz; Juliana Gomes F\u00e9lix; Liz Cangussu de Souza; &amp; Thais Muniz Ribeiro<\/td>\n<td><strong><a href=\"http:\/\/portal.unisepe.com.br\/univr\/wp-content\/uploads\/sites\/10004\/2018\/03\/Caderno-de-Pesquisa-Interdisciplinar-em-Psicologia-Vol.-1-20181-Artigo-8.pdf\" target=\"_blank\" rel=\"noopener\">PDF\/A<\/a><\/strong><\/p>\n<p><strong>86-95<\/strong><\/td>\n<\/tr>\n<tr>\n<td><strong>Investiga\u00e7\u00e3o do estresse em jogadores de futebol de campo sub 20<\/strong><br \/>\nLu\u00eds Eduardo d\u2019Almeida Manfrinati<\/td>\n<td><strong><a href=\"http:\/\/portal.unisepe.com.br\/univr\/wp-content\/uploads\/sites\/10004\/2018\/03\/Caderno-de-Pesquisa-Interdisciplinar-em-Psicologia-Vol.-1-20181-Artigo-9.pdf\" target=\"_blank\" rel=\"noopener\">PDF\/A<\/a><\/strong><\/p>\n<p><strong>96-111<\/strong><\/td>\n<\/tr>\n<tr>\n<td><strong>Um ensaio te\u00f3rico sobre os determinantes pol\u00edticos do sofrimento psicol\u00f3gico<\/strong><br \/>\nLuciano Fiscina; Daniel Vicente; &amp;\u00a0Carina Rodrigues<\/td>\n<td><strong><a href=\"http:\/\/portal.unisepe.com.br\/univr\/wp-content\/uploads\/sites\/10004\/2018\/03\/Caderno-de-Pesquisa-Interdisciplinar-em-Psicologia-Vol.-1-20181-Artigo-10.pdf\" target=\"_blank\" rel=\"noopener\">PDF\/A<\/a><\/strong><\/p>\n<p><strong>112-123<\/strong><\/td>\n<\/tr>\n<tr>\n<td><strong>Manuten\u00e7\u00e3o e processamento da val\u00eancia emocional na mem\u00f3ria de trabalho<\/strong><br \/>\nOsmar Masakazu Hanashiro Junior; &amp; Mikael Cavallet<\/td>\n<td><strong><a href=\"http:\/\/portal.unisepe.com.br\/univr\/wp-content\/uploads\/sites\/10004\/2018\/03\/Caderno-de-Pesquisa-Interdisciplinar-em-Psicologia-Vol.-1-20181-Artigo-11.pdf\" target=\"_blank\" rel=\"noopener\">PDF\/A<\/a><\/strong><\/p>\n<p><strong>124-139<\/strong><\/td>\n<\/tr>\n<\/tbody>\n<\/table>\n<p><strong>Cad. de Pesq. Interdisc. em Psicologia, Registro, S\u00e3o Paulo ISBN:\u00a0\u00a0 978-85-66848-18-2<\/strong><\/p>\n","protected":false},"excerpt":{"rendered":"<p>Sum\u00e1rio Apresenta\u00e7\u00e3o Luciano Fiscina Artigos T\u00edtulo e Autor(es) Artigo Reflex\u00f5es psicanal\u00edticas acerca do abuso sexual infantil Daniel Vicente da Silva PDF\/A 1-14 Atua\u00e7\u00e3o do psic\u00f3logo em atendimento de acompanhantes em grupo de sala de espera em unidade b\u00e1sica de sa\u00fade Ana Jakellyne Pecori Viana; Euniceneia Alves de Souza Muniza; &amp;<\/p>\n","protected":false},"author":1,"featured_media":0,"parent":0,"menu_order":0,"comment_status":"closed","ping_status":"closed","template":"templates\/template-fullwidth.php","meta":{"footnotes":""},"categories":[],"tags":[],"class_list":["post-2056","page","type-page","status-publish","hentry"],"_links":{"self":[{"href":"https:\/\/portal.unisepe.com.br\/univr\/wp-json\/wp\/v2\/pages\/2056","targetHints":{"allow":["GET"]}}],"collection":[{"href":"https:\/\/portal.unisepe.com.br\/univr\/wp-json\/wp\/v2\/pages"}],"about":[{"href":"https:\/\/portal.unisepe.com.br\/univr\/wp-json\/wp\/v2\/types\/page"}],"author":[{"embeddable":true,"href":"https:\/\/portal.unisepe.com.br\/univr\/wp-json\/wp\/v2\/users\/1"}],"replies":[{"embeddable":true,"href":"https:\/\/portal.unisepe.com.br\/univr\/wp-json\/wp\/v2\/comments?post=2056"}],"version-history":[{"count":10,"href":"https:\/\/portal.unisepe.com.br\/univr\/wp-json\/wp\/v2\/pages\/2056\/revisions"}],"predecessor-version":[{"id":3410,"href":"https:\/\/portal.unisepe.com.br\/univr\/wp-json\/wp\/v2\/pages\/2056\/revisions\/3410"}],"wp:attachment":[{"href":"https:\/\/portal.unisepe.com.br\/univr\/wp-json\/wp\/v2\/media?parent=2056"}],"wp:term":[{"taxonomy":"category","embeddable":true,"href":"https:\/\/portal.unisepe.com.br\/univr\/wp-json\/wp\/v2\/categories?post=2056"},{"taxonomy":"post_tag","embeddable":true,"href":"https:\/\/portal.unisepe.com.br\/univr\/wp-json\/wp\/v2\/tags?post=2056"}],"curies":[{"name":"wp","href":"https:\/\/api.w.org\/{rel}","templated":true}]}}