{"id":3241,"date":"2019-08-12T15:21:15","date_gmt":"2019-08-12T18:21:15","guid":{"rendered":"http:\/\/portal.unisepe.com.br\/univr\/?page_id=3241"},"modified":"2019-08-20T10:36:25","modified_gmt":"2019-08-20T13:36:25","slug":"monitoria","status":"publish","type":"page","link":"https:\/\/portal.unisepe.com.br\/univr\/estetica-e-cosmetica\/monitoria\/","title":{"rendered":"Monitoria"},"content":{"rendered":"<p><strong><a href=\"http:\/\/portal.unisepe.com.br\/univr\/wp-content\/uploads\/sites\/10004\/2019\/08\/SELE%C3%87%C3%83O-NO-PROGRAMA-DE-MONITORIA-DO-CURSO-DE-EST%C3%89TICA-E-COSM%C3%89TICA.pdf\" target=\"_blank\" rel=\"noopener\">PROGRAMA DE MONITORIA DE EST\u00c9TICA E COSM\u00c9TICA<\/a><\/strong><\/p>\n<p>&nbsp;<\/p>\n<div id=\"responsive-table\">\n<table class=\"table table-striped\" border=\"1\">\n<thead>\n<tr>\n<th>Edital<\/th>\n<th>Resultado<\/th>\n<\/tr>\n<\/thead>\n<tbody>\n<tr>\n<td>\n<ul>\n<li><strong><a href=\"http:\/\/portal.unisepe.com.br\/univr\/wp-content\/uploads\/sites\/10004\/2019\/08\/SELE%C3%87%C3%83O-NO-PROGRAMA-DE-MONITORIA-DO-CURSO-DE-EST%C3%89TICA-E-COSM%C3%89TICA.pdf\" target=\"_blank\" rel=\"noopener\">SELE\u00c7\u00c3O NO PROGRAMA DE MONITORIA DE EST\u00c9TICA E COSM\u00c9TICA2019.2<\/a><br \/>\n<\/strong><\/li>\n<\/ul>\n<\/td>\n<td><strong><a href=\"http:\/\/portal.unisepe.com.br\/univr\/wp-content\/uploads\/sites\/10004\/2019\/08\/Resultado-monitoria.pdf\" target=\"_blank\" rel=\"noopener\">Resultado monitoria<\/a><\/strong><\/td>\n<\/tr>\n<\/tbody>\n<\/table>\n<\/div>\n","protected":false},"excerpt":{"rendered":"<p>PROGRAMA DE MONITORIA DE EST\u00c9TICA E COSM\u00c9TICA &nbsp; Edital Resultado SELE\u00c7\u00c3O NO PROGRAMA DE MONITORIA DE EST\u00c9TICA E COSM\u00c9TICA2019.2 Resultado monitoria<\/p>\n","protected":false},"author":3,"featured_media":0,"parent":391,"menu_order":0,"comment_status":"closed","ping_status":"closed","template":"templates\/template-curso_menu_vertical.php","meta":{"footnotes":""},"categories":[],"tags":[],"class_list":["post-3241","page","type-page","status-publish","hentry"],"_links":{"self":[{"href":"https:\/\/portal.unisepe.com.br\/univr\/wp-json\/wp\/v2\/pages\/3241","targetHints":{"allow":["GET"]}}],"collection":[{"href":"https:\/\/portal.unisepe.com.br\/univr\/wp-json\/wp\/v2\/pages"}],"about":[{"href":"https:\/\/portal.unisepe.com.br\/univr\/wp-json\/wp\/v2\/types\/page"}],"author":[{"embeddable":true,"href":"https:\/\/portal.unisepe.com.br\/univr\/wp-json\/wp\/v2\/users\/3"}],"replies":[{"embeddable":true,"href":"https:\/\/portal.unisepe.com.br\/univr\/wp-json\/wp\/v2\/comments?post=3241"}],"version-history":[{"count":4,"href":"https:\/\/portal.unisepe.com.br\/univr\/wp-json\/wp\/v2\/pages\/3241\/revisions"}],"predecessor-version":[{"id":3324,"href":"https:\/\/portal.unisepe.com.br\/univr\/wp-json\/wp\/v2\/pages\/3241\/revisions\/3324"}],"up":[{"embeddable":true,"href":"https:\/\/portal.unisepe.com.br\/univr\/wp-json\/wp\/v2\/pages\/391"}],"wp:attachment":[{"href":"https:\/\/portal.unisepe.com.br\/univr\/wp-json\/wp\/v2\/media?parent=3241"}],"wp:term":[{"taxonomy":"category","embeddable":true,"href":"https:\/\/portal.unisepe.com.br\/univr\/wp-json\/wp\/v2\/categories?post=3241"},{"taxonomy":"post_tag","embeddable":true,"href":"https:\/\/portal.unisepe.com.br\/univr\/wp-json\/wp\/v2\/tags?post=3241"}],"curies":[{"name":"wp","href":"https:\/\/api.w.org\/{rel}","templated":true}]}}