{"id":366,"date":"2016-07-12T16:08:05","date_gmt":"2016-07-12T19:08:05","guid":{"rendered":"http:\/\/portal.unisepe.com.br\/univr\/?page_id=366"},"modified":"2024-01-18T11:20:15","modified_gmt":"2024-01-18T14:20:15","slug":"matriz-curricular","status":"publish","type":"page","link":"https:\/\/portal.unisepe.com.br\/univr\/educacao-fisica\/matriz-curricular\/","title":{"rendered":"Matriz Curricular"},"content":{"rendered":"<p><strong>Licenciatura em Educa\u00e7\u00e3o F\u00edsica:<\/strong><\/p>\n<ul>\n<li><a href=\"https:\/\/portal.unisepe.com.br\/univr\/wp-content\/uploads\/sites\/10004\/2024\/01\/MATRIZ-CURRICULAR-EDF-LICENCIATURA-2020.pdf\" target=\"_blank\" rel=\"noopener noreferrer\">Matriz EDFL 2020<\/a><\/li>\n<\/ul>\n<p><strong>Bacharelado em Educa\u00e7\u00e3o F\u00edsica:<\/strong><\/p>\n<ul>\n<li><a href=\"https:\/\/portal.unisepe.com.br\/univr\/wp-content\/uploads\/sites\/10004\/2024\/01\/MATRIZ-CURRICULAR-EDF-BACHARELADO-2020.pdf\" target=\"_blank\" rel=\"noopener noreferrer\">Matriz EDFB 2020<\/a><\/li>\n<\/ul>\n<p>&nbsp;<\/p>\n","protected":false},"excerpt":{"rendered":"<p>Licenciatura em Educa\u00e7\u00e3o F\u00edsica: Matriz EDFL 2020 Bacharelado em Educa\u00e7\u00e3o F\u00edsica: Matriz EDFB 2020 &nbsp;<\/p>\n","protected":false},"author":1,"featured_media":0,"parent":360,"menu_order":0,"comment_status":"closed","ping_status":"closed","template":"templates\/template-curso_menu_vertical.php","meta":{"footnotes":""},"categories":[],"tags":[],"class_list":["post-366","page","type-page","status-publish","hentry"],"_links":{"self":[{"href":"https:\/\/portal.unisepe.com.br\/univr\/wp-json\/wp\/v2\/pages\/366","targetHints":{"allow":["GET"]}}],"collection":[{"href":"https:\/\/portal.unisepe.com.br\/univr\/wp-json\/wp\/v2\/pages"}],"about":[{"href":"https:\/\/portal.unisepe.com.br\/univr\/wp-json\/wp\/v2\/types\/page"}],"author":[{"embeddable":true,"href":"https:\/\/portal.unisepe.com.br\/univr\/wp-json\/wp\/v2\/users\/1"}],"replies":[{"embeddable":true,"href":"https:\/\/portal.unisepe.com.br\/univr\/wp-json\/wp\/v2\/comments?post=366"}],"version-history":[{"count":9,"href":"https:\/\/portal.unisepe.com.br\/univr\/wp-json\/wp\/v2\/pages\/366\/revisions"}],"predecessor-version":[{"id":6137,"href":"https:\/\/portal.unisepe.com.br\/univr\/wp-json\/wp\/v2\/pages\/366\/revisions\/6137"}],"up":[{"embeddable":true,"href":"https:\/\/portal.unisepe.com.br\/univr\/wp-json\/wp\/v2\/pages\/360"}],"wp:attachment":[{"href":"https:\/\/portal.unisepe.com.br\/univr\/wp-json\/wp\/v2\/media?parent=366"}],"wp:term":[{"taxonomy":"category","embeddable":true,"href":"https:\/\/portal.unisepe.com.br\/univr\/wp-json\/wp\/v2\/categories?post=366"},{"taxonomy":"post_tag","embeddable":true,"href":"https:\/\/portal.unisepe.com.br\/univr\/wp-json\/wp\/v2\/tags?post=366"}],"curies":[{"name":"wp","href":"https:\/\/api.w.org\/{rel}","templated":true}]}}