{"id":391,"date":"2016-07-12T16:31:30","date_gmt":"2016-07-12T16:31:30","guid":{"rendered":"http:\/\/portal.unisepe.com.br\/univr\/?page_id=391"},"modified":"2023-01-27T16:03:31","modified_gmt":"2023-01-27T19:03:31","slug":"estetica-e-cosmetica","status":"publish","type":"page","link":"https:\/\/portal.unisepe.com.br\/univr\/estetica-e-cosmetica\/","title":{"rendered":"Est\u00e9tica e Cosm\u00e9tica"},"content":{"rendered":"<p style=\"text-align: justify\"><strong><img loading=\"lazy\" decoding=\"async\" class=\"size-full wp-image-251 alignleft\" src=\"http:\/\/portal.unisepe.com.br\/wp-content\/themes\/unisepe\/assets\/images\/cursos\/estetica.png\" alt=\"logo_estetica\" width=\"87\" height=\"100\" \/><\/strong><\/p>\n<p style=\"margin: 0cm;margin-bottom: .0001pt\"><strong><span style=\"font-size: 11.0pt;color: #333333\">Miss\u00e3o<\/span><\/strong><\/p>\n<p style=\"margin: 0cm;margin-bottom: .0001pt\"><strong><span style=\"font-size: 11.0pt;color: #333333\">\u00a0<\/span><\/strong><\/p>\n<p style=\"margin: 0cm;margin-bottom: .0001pt;text-align: justify\"><span style=\"font-size: 11.0pt;color: #333333\">A concep\u00e7\u00e3o da Gradua\u00e7\u00e3o em Tecnologia em Est\u00e9tica e Cosm\u00e9tica est\u00e1 fundamentada em um curso inovador que venha a atender o mercado de trabalho regional, que tem demandado por profissionais da \u00e1rea de Est\u00e9tica e Cosm\u00e9tica, visto a necessidade de um servi\u00e7o especializado. Esta \u00e1rea, est\u00e1 em grande expans\u00e3o e o Tecn\u00f3logo em Est\u00e9tica e Cosm\u00e9tica, visa atuar em uma vis\u00e3o reflexiva, \u00e9tica, humanista e empreendedora, com vistas a atender ao mercado de trabalho regional.<\/span><\/p>\n<p>&nbsp;<\/p>\n<p style=\"margin: 0cm;margin-bottom: .0001pt\"><strong><span style=\"font-size: 11.0pt;color: #333333\">Perfil do Egresso<\/span><\/strong><\/p>\n<p style=\"margin: 0cm;margin-bottom: .0001pt\"><strong><span style=\"font-size: 11.0pt;color: #333333\">\u00a0<\/span><\/strong><\/p>\n<p style=\"margin: 0cm;margin-bottom: .0001pt;text-align: justify\"><span style=\"font-size: 11.0pt;color: #333333\">O egresso do curso Superior de Tecnologia em Est\u00e9tica e Cosm\u00e9tica, deve ter um perfil, generalista, cl\u00ednico, humanista, cr\u00edtico, reflexivo e \u00e9tico, bem como, empreendedor e estrat\u00e9gico para atuar na avalia\u00e7\u00e3o, planejamento e execu\u00e7\u00e3o de tratamentos que visem os cuidados da pele e anexos no campo da est\u00e9tica facial, corporal e capilar, al\u00e9m da aptid\u00e3o para terapias alternativas que promovam o bem-estar e o relaxamento do paciente. No desenvolvimento do Projeto Pedag\u00f3gico de Curso, as compet\u00eancias para o perfil do egresso s\u00e3o contempladas, a partir de intera\u00e7\u00f5es te\u00f3rico-pr\u00e1ticas privilegiadas, permeando todo o curr\u00edculo. Espera-se que o futuro profissional, na vis\u00e3o de uma forma\u00e7\u00e3o continuada permanente, prime por seu cont\u00ednuo aperfei\u00e7oamento, desenvolva pr\u00e1ticas de forma \u00e9tica, atualizada e com rigor cient\u00edfico e saiba atuar em equipes multidisciplinares.<\/span><\/p>\n<p>&nbsp;<\/p>\n<p style=\"margin: 0cm;margin-bottom: .0001pt\"><strong><span style=\"font-size: 11.0pt;color: #333333\">Compet\u00eancias e Habilidades<\/span><\/strong><\/p>\n<p style=\"margin: 0cm;margin-bottom: .0001pt\"><strong><span style=\"font-size: 11.0pt;color: #333333\">\u00a0<\/span><\/strong><\/p>\n<p style=\"margin: 0cm;margin-bottom: .0001pt;text-align: justify\"><strong><span style=\"font-size: 11.0pt;color: #333333;font-weight: normal\">Ao Tecn\u00f3logo em Est\u00e9tica e Cosm\u00e9tica compete atuar em equipes de sa\u00fade, a n\u00edvel tecnol\u00f3gico, nas atividades de bem-estar e aten\u00e7\u00e3o \u00e0 sa\u00fade, sem preju\u00edzo dos exerc\u00edcios das mesmas atividades por outros profissionais igualmente habilitados na forma da legisla\u00e7\u00e3o espec\u00edfica. Em seu exerc\u00edcio profissional, o egresso dever\u00e1 demonstrar compet\u00eancias e habilidades gerais de administra\u00e7\u00e3o e gerenciamento, lideran\u00e7a, tomada de decis\u00e3o e comunica\u00e7\u00e3o, al\u00e9m de compet\u00eancias e habilidades espec\u00edficas desenvolvidas ao longo do curso, como est\u00e9tica facial, corporal, capilar e visagismo.<\/span><\/strong><\/p>\n<p>&nbsp;<\/p>\n<p style=\"margin: 0cm;margin-bottom: .0001pt\"><strong><span style=\"font-size: 11.0pt;color: #333333\">Concep\u00e7\u00e3o do curso<\/span><\/strong><\/p>\n<p style=\"margin: 0cm;margin-bottom: .0001pt\"><strong><span style=\"font-size: 11.0pt;color: #333333\">\u00a0<\/span><\/strong><\/p>\n<p style=\"text-align: justify;background: white;vertical-align: baseline;margin: 9.0pt 0cm 9.0pt 0cm\"><span style=\"font-size: 11.5pt;font-family: 'Segoe UI',sans-serif;color: #373a3c\">O curso objetiva a forma\u00e7\u00e3o de um profissional com compet\u00eancias para atuar na \u00e1rea de est\u00e9tica e cosm\u00e9tica, em tratamentos e procedimentos est\u00e9ticos faciais, corporais e capilares e na gest\u00e3o dos servi\u00e7os da beleza. Tamb\u00e9m capacita o aluno para atuar com visagismo, maquiagem est\u00e9tica e corretiva, na elabora\u00e7\u00e3o de protocolos de tratamentos est\u00e9ticos e na atua\u00e7\u00e3o em equipe multidisciplinar, na \u00e1rea da sa\u00fade. <\/span><\/p>\n<p style=\"text-align: justify;background: white;vertical-align: baseline;margin: 9.0pt 0cm 9.0pt 0cm\"><span style=\"font-size: 11.5pt;font-family: 'Segoe UI',sans-serif;color: #373a3c\">O curso proporciona uma forma\u00e7\u00e3o generalista, com uma perspectiva humanista, cr\u00edtica e reflexiva pautadas nos princ\u00edpios \u00e9ticos e com vistas a um profissional com compet\u00eancias para desempenhar fun\u00e7\u00f5es na \u00e1rea de est\u00e9tica humana, compreendendo cuidados e tratamentos prescritos e especializados e, de tal forma, estar apto a usar corretamente t\u00e9cnicas, produtos e equipamentos cosm\u00e9ticos e est\u00e9ticos.<\/span><\/p>\n<p style=\"text-align: justify;background: white;vertical-align: baseline;margin: 9.0pt 0cm 9.0pt 0cm\"><span style=\"font-size: 11.5pt;font-family: 'Segoe UI',sans-serif;color: #373a3c\">O Laborat\u00f3rio de Est\u00e9tica da institui\u00e7\u00e3o \u00e9 um espa\u00e7o disponibilizado aos acad\u00eamicos de Est\u00e9tica, o qual possibilita a pr\u00e1tica do conhecimento adquirido em outros espa\u00e7os pedag\u00f3gicos, simulando as situa\u00e7\u00f5es que podem ocorrer no cotidiano da profiss\u00e3o. Sendo assim, se configura em um recurso did\u00e1tico para o ensino de t\u00e9cnicas e cuidados para os profissionais em forma\u00e7\u00e3o. O local \u00e9 utilizado por alunos e professores e, muitas vezes, \u00e9 o primeiro contato do estudante com equipamentos e recursos pr\u00f3prios do ensino e da pr\u00e1tica de Est\u00e9tica. Todas as atividades s\u00e3o realizadas conforme a legisla\u00e7\u00e3o vigente, normas de biosseguran\u00e7a e orientadas pelos Manuais de Boas Pr\u00e1ticas.<\/span><\/p>\n<p style=\"text-align: justify;background: white;vertical-align: baseline;margin: 9.0pt 0cm 9.0pt 0cm\"><span style=\"font-size: 11.5pt;font-family: 'Segoe UI',sans-serif;color: #373a3c\">O laborat\u00f3rio \u00e9 equipado com os melhores equipamentos existentes no mercado da est\u00e9tica, proporcionando ao aluno uma viv\u00eancia real com equipamentos de alta tecnologia da \u00e1rea facial, corporal e capilar.<\/span><\/p>\n<p>&nbsp;<\/p>\n<p style=\"margin: 0cm;margin-bottom: .0001pt\"><strong><span style=\"font-size: 11.0pt;color: #333333\">Estrutura<\/span><\/strong><\/p>\n<p style=\"margin: 0cm;margin-bottom: .0001pt\"><strong><span style=\"font-size: 11.0pt;color: #333333\">\u00a0<\/span><\/strong><\/p>\n<p style=\"text-align: justify\">O curso possui 2000 horas de dura\u00e7\u00e3o, distribu\u00eddas ao longo de 3 m\u00f3dulos ou tr\u00eas anos. Nesse per\u00edodo, s\u00e3o trabalhados conte\u00fados b\u00e1sicos para a forma\u00e7\u00e3o de profissionais da sa\u00fade &#8211; est\u00e9tica, no campo das ci\u00eancias biol\u00f3gicas, sociais, humanas e econ\u00f4micas, e espec\u00edficos, tais como: est\u00e9tica corporal e facial, tricologia, visagismo, massoterapia, pr\u00e9 e p\u00f3s-operat\u00f3rio de cirurgia pl\u00e1stica, entre outros.<\/p>\n<p>&nbsp;<\/p>\n<p style=\"margin: 0cm;margin-bottom: .0001pt\"><strong><span style=\"font-size: 11.0pt;color: #333333\">Mercado de trabalho<\/span><\/strong><\/p>\n<p style=\"margin: 0cm;margin-bottom: .0001pt\"><strong><span style=\"font-size: 11.0pt;color: #333333\">\u00a0<\/span><\/strong><\/p>\n<p>O tecn\u00f3logo em Est\u00e9tica encontra as portas abertas em diversos estabelecimentos, como hospitais, cl\u00ednicas de cirurgia pl\u00e1stica e dermatologia, spas, barbearias, academias de gin\u00e1stica ou centros especializados. Em todos os casos, ele realiza ou acompanha os procedimentos faciais, corporais e capilares. O mercado para professor de est\u00e9tica tamb\u00e9m est\u00e1 em alta, h\u00e1 boas oportunidades de empregos tanto em setores tradicionais, quanto em atividades emergentes.<\/p>\n","protected":false},"excerpt":{"rendered":"<p>Miss\u00e3o \u00a0 A concep\u00e7\u00e3o da Gradua\u00e7\u00e3o em Tecnologia em Est\u00e9tica e Cosm\u00e9tica est\u00e1 fundamentada em um curso inovador que venha a atender o mercado de trabalho regional, que tem demandado por profissionais da \u00e1rea de Est\u00e9tica e Cosm\u00e9tica, visto a necessidade de um servi\u00e7o especializado. Esta \u00e1rea, est\u00e1 em grande<\/p>\n","protected":false},"author":1,"featured_media":0,"parent":0,"menu_order":0,"comment_status":"closed","ping_status":"closed","template":"templates\/template-curso_menu_vertical.php","meta":{"footnotes":""},"categories":[143],"tags":[150],"class_list":["post-391","page","type-page","status-publish","hentry","category-cursos-graduacao-presencial","tag-cursos-tecnologo"],"_links":{"self":[{"href":"https:\/\/portal.unisepe.com.br\/univr\/wp-json\/wp\/v2\/pages\/391","targetHints":{"allow":["GET"]}}],"collection":[{"href":"https:\/\/portal.unisepe.com.br\/univr\/wp-json\/wp\/v2\/pages"}],"about":[{"href":"https:\/\/portal.unisepe.com.br\/univr\/wp-json\/wp\/v2\/types\/page"}],"author":[{"embeddable":true,"href":"https:\/\/portal.unisepe.com.br\/univr\/wp-json\/wp\/v2\/users\/1"}],"replies":[{"embeddable":true,"href":"https:\/\/portal.unisepe.com.br\/univr\/wp-json\/wp\/v2\/comments?post=391"}],"version-history":[{"count":14,"href":"https:\/\/portal.unisepe.com.br\/univr\/wp-json\/wp\/v2\/pages\/391\/revisions"}],"predecessor-version":[{"id":5160,"href":"https:\/\/portal.unisepe.com.br\/univr\/wp-json\/wp\/v2\/pages\/391\/revisions\/5160"}],"wp:attachment":[{"href":"https:\/\/portal.unisepe.com.br\/univr\/wp-json\/wp\/v2\/media?parent=391"}],"wp:term":[{"taxonomy":"category","embeddable":true,"href":"https:\/\/portal.unisepe.com.br\/univr\/wp-json\/wp\/v2\/categories?post=391"},{"taxonomy":"post_tag","embeddable":true,"href":"https:\/\/portal.unisepe.com.br\/univr\/wp-json\/wp\/v2\/tags?post=391"}],"curies":[{"name":"wp","href":"https:\/\/api.w.org\/{rel}","templated":true}]}}