{"id":397,"date":"2016-07-12T16:36:24","date_gmt":"2016-07-12T19:36:24","guid":{"rendered":"http:\/\/portal.unisepe.com.br\/univr\/?page_id=397"},"modified":"2024-01-22T17:15:27","modified_gmt":"2024-01-22T20:15:27","slug":"matriz-curricular","status":"publish","type":"page","link":"https:\/\/portal.unisepe.com.br\/univr\/estetica-e-cosmetica\/matriz-curricular\/","title":{"rendered":"Matriz Curricular"},"content":{"rendered":"<ul class=\"nav nav-tabs\">\n<li class=\"nav-item\"><a class=\"nav-link active\" href=\"#tab1\" data-toggle=\"tab\">Matriz<\/a><\/li>\n<li class=\"nav-item\"><a class=\"nav-link\" href=\"#tab2\" data-toggle=\"tab\">EAD<\/a><\/li>\n<\/ul>\n<div id=\"myTabContent\" class=\"tab-content\">\n<div id=\"tab1\" class=\"tab-pane fade active show\">\n<ul>\n<li><strong><a href=\"https:\/\/portal.unisepe.com.br\/univr\/wp-content\/uploads\/sites\/10004\/2024\/01\/MATRIZ-EST\u00c9TICA-E-COSM\u00c9TICA-EAD-1.pdf\" target=\"_blank\" rel=\"noopener noreferrer\">Matriz 2020<\/a><\/strong><\/li>\n<li><strong><a href=\"http:\/\/portal.unisepe.com.br\/univr\/wp-content\/uploads\/sites\/10004\/2019\/07\/Matriz_COS_2019.pdf\" target=\"_blank\" rel=\"noopener noreferrer\">Matriz 2019<\/a><\/strong><\/li>\n<li><strong><a href=\"http:\/\/portal.unisepe.com.br\/univr\/wp-content\/uploads\/sites\/10004\/2019\/07\/Matriz_COS_2017.pdf\" target=\"_blank\" rel=\"noopener noreferrer\">Matriz 2017<\/a><\/strong><\/li>\n<\/ul>\n<\/div>\n<div id=\"tab2\" class=\"tab-pane fade\">\n<p style=\"text-align: center\">art 8. da Portaria 1.428\/2018<\/p>\n<ul>\n<li><a href=\"http:\/\/portal.unisepe.com.br\/univr\/wp-content\/uploads\/sites\/10004\/2020\/01\/2020-1-UNIVR-ART-8-L\u00cdNGUA-PORTUGUESA-EST.pdf\" target=\"_blank\" rel=\"noopener noreferrer\">2020-1-UNIVR-ART 8-L\u00cdNGUA PORTUGUESA<\/a><\/li>\n<li><a href=\"http:\/\/portal.unisepe.com.br\/univr\/wp-content\/uploads\/sites\/10004\/2020\/01\/2020-2-UNIVR-ART-8-BIOSSEGURAN\u00c7A-BIO\u00c9TICA-E-LEGISLA\u00c7\u00c3O-EST.pdf\" target=\"_blank\" rel=\"noopener noreferrer\">2020-1-UNIVR-ART 8-BIOSSEGURAN\u00c7A, BIO\u00c9TICA E LEGISLA\u00c7\u00c3O<\/a><\/li>\n<li><a href=\"http:\/\/portal.unisepe.com.br\/univr\/wp-content\/uploads\/sites\/10004\/2020\/01\/2021-1-UNIVR-ART-8-LINGUA-BRASILEIRA-DE-SINAIS-LIBRAS-EST.pdf\" target=\"_blank\" rel=\"noopener noreferrer\">2020-1-UNIVR-ART 8-LINGUA BRASILEIRA DE SINAIS LIBRAS<\/a><\/li>\n<li><a href=\"http:\/\/portal.unisepe.com.br\/univr\/wp-content\/uploads\/sites\/10004\/2020\/01\/2021-2-UNIVR-ART-8-SA\u00daDE-AMBIENTAL-EST.pdf\" target=\"_blank\" rel=\"noopener noreferrer\">2020-1-UNIVR-ART 8-SA\u00daDE AMBIENTAL<\/a><\/li>\n<li><a href=\"http:\/\/portal.unisepe.com.br\/univr\/wp-content\/uploads\/sites\/10004\/2020\/01\/2022-1-UNIVR-ART-8-SOCIOLOGIA-EST.pdf\" target=\"_blank\" rel=\"noopener noreferrer\">2020-1-UNIVR-ART 8-SOCIOLOGIA<\/a><\/li>\n<\/ul>\n<\/div>\n<\/div>\n","protected":false},"excerpt":{"rendered":"<p>Matriz EAD Matriz 2020 Matriz 2019 Matriz 2017 art 8. da Portaria 1.428\/2018 2020-1-UNIVR-ART 8-L\u00cdNGUA PORTUGUESA 2020-1-UNIVR-ART 8-BIOSSEGURAN\u00c7A, BIO\u00c9TICA E LEGISLA\u00c7\u00c3O 2020-1-UNIVR-ART 8-LINGUA BRASILEIRA DE SINAIS LIBRAS 2020-1-UNIVR-ART 8-SA\u00daDE AMBIENTAL 2020-1-UNIVR-ART 8-SOCIOLOGIA<\/p>\n","protected":false},"author":1,"featured_media":0,"parent":391,"menu_order":0,"comment_status":"closed","ping_status":"closed","template":"templates\/template-curso_menu_vertical.php","meta":{"footnotes":""},"categories":[],"tags":[],"class_list":["post-397","page","type-page","status-publish","hentry"],"_links":{"self":[{"href":"https:\/\/portal.unisepe.com.br\/univr\/wp-json\/wp\/v2\/pages\/397","targetHints":{"allow":["GET"]}}],"collection":[{"href":"https:\/\/portal.unisepe.com.br\/univr\/wp-json\/wp\/v2\/pages"}],"about":[{"href":"https:\/\/portal.unisepe.com.br\/univr\/wp-json\/wp\/v2\/types\/page"}],"author":[{"embeddable":true,"href":"https:\/\/portal.unisepe.com.br\/univr\/wp-json\/wp\/v2\/users\/1"}],"replies":[{"embeddable":true,"href":"https:\/\/portal.unisepe.com.br\/univr\/wp-json\/wp\/v2\/comments?post=397"}],"version-history":[{"count":22,"href":"https:\/\/portal.unisepe.com.br\/univr\/wp-json\/wp\/v2\/pages\/397\/revisions"}],"predecessor-version":[{"id":6148,"href":"https:\/\/portal.unisepe.com.br\/univr\/wp-json\/wp\/v2\/pages\/397\/revisions\/6148"}],"up":[{"embeddable":true,"href":"https:\/\/portal.unisepe.com.br\/univr\/wp-json\/wp\/v2\/pages\/391"}],"wp:attachment":[{"href":"https:\/\/portal.unisepe.com.br\/univr\/wp-json\/wp\/v2\/media?parent=397"}],"wp:term":[{"taxonomy":"category","embeddable":true,"href":"https:\/\/portal.unisepe.com.br\/univr\/wp-json\/wp\/v2\/categories?post=397"},{"taxonomy":"post_tag","embeddable":true,"href":"https:\/\/portal.unisepe.com.br\/univr\/wp-json\/wp\/v2\/tags?post=397"}],"curies":[{"name":"wp","href":"https:\/\/api.w.org\/{rel}","templated":true}]}}