{"id":4952,"date":"2021-09-21T18:57:23","date_gmt":"2021-09-21T21:57:23","guid":{"rendered":"https:\/\/portal.unisepe.com.br\/univr\/?page_id=4952"},"modified":"2021-09-22T17:56:49","modified_gmt":"2021-09-22T20:56:49","slug":"e0006","status":"publish","type":"page","link":"https:\/\/portal.unisepe.com.br\/univr\/bosque-registro\/e0006\/","title":{"rendered":"Figueira"},"content":{"rendered":"<div class=\"text-center\"><img decoding=\"async\" style=\"padding: 0;border: 1px solid #000;border-radius: 5px\" src=\"https:\/\/portal.unisepe.com.br\/univr\/wp-content\/uploads\/sites\/10004\/2021\/09\/figueira-2.jpg\" alt=\"\" class=\"main-image\" \/><span><\/span>\n<\/div>\n<h3 class=\"title mt-1\" style=\"text-align: center\">Figueira<\/h3>\n<h5 class=\"scientific-name\" style=\"text-align: center;font-weight: normal;margin-top: 0\">Ficus sp<\/h5>\n<div class=\"mt-3 text-center\">\n<table class=\" aligncenter\">\n<tbody class=\"border\">\n<tr>\n<th colspan=\"2\">Classifica\u00e7\u00e3o Cient\u00edfica<\/th>\n<\/tr>\n<tr>\n<td>Reino:<\/td>\n<td>Plantae<\/td>\n<\/tr>\n<tr>\n<td>Divis\u00e3o:<\/td>\n<td><\/td>\n<\/tr>\n<tr>\n<td>Classe:<\/td>\n<td><\/td>\n<\/tr>\n<tr>\n<td>Ordem:<\/td>\n<td>Rosales<\/td>\n<\/tr>\n<tr>\n<td>Fam\u00edlia:<\/td>\n<td>Moraceae<\/td>\n<\/tr>\n<tr>\n<td>G\u00eanero:<\/td>\n<td>Ficus<\/td>\n<\/tr>\n<tr>\n<td>Esp\u00e9cie:<\/td>\n<td>sp<\/td>\n<\/tr>\n<\/tbody>\n<\/table>\n<\/div>\n<div class=\"description\">\n<p style=\"text-align: justify\"><b>CARACTER\u00cdSTICAS:<\/b><span>\u00a0<\/span>As figueiras s\u00e3o normalmente \u00e1rvores, embora algumas esp\u00e9cies n\u00e3o cres\u00e7am muito e permane\u00e7am como arbustos. Outras s\u00e3o trepadeiras, como o Ficus pumila, havendo ainda esp\u00e9cies rasteiras. Em todos os casos s\u00e3o plantas lenhosas, muitas com caule de forma irregular ou escultural, com raizes advent\u00edcias e superficiais. As folhas s\u00e3o alternas, usualmente providas de l\u00e1tex. Nas extremidades dos galhos ocorrem est\u00edpulas. As flores s\u00e3o diminutas, unissexuais, reunidas em infloresc\u00eancias especiais denominadas sic\u00f3nios, que consistem em um recept\u00e1culo fechado, com as flores inseridas no lado de dentro, e um orif\u00edcio de sa\u00edda no \u00e1pice, ou ost\u00edolo. N\u00e3o identificamos apenas g\u00eanero n\u00e3o epiteto especifico, uma vez que existem diversas esp\u00e9cies pelo globo e sua identifica\u00e7\u00e3o quando se encontram por ocorr\u00eancia natural n\u00e3o estando em est\u00e1gio reprodutivo apresenta grande incerteza.<\/p>\n<p style=\"text-align: justify\"><b>DISTRIBUI\u00c7\u00c3O:<\/b><span>\u00a0<\/span>As figueiras ocorrem em todos os continentes, com exce\u00e7\u00e3o da Ant\u00e1rtica.<\/p>\n<div class=\"text-center\"><img decoding=\"async\" class=\"img-fluid\" src=\"https:\/\/portal.unisepe.com.br\/univr\/wp-content\/uploads\/sites\/10004\/2021\/09\/mapaFigueira.png\" alt=\"Mapa Mundi\" \/><br \/>\n<strong class=\"image-description\" style=\"text-align: center\"><b>Figura 1.<\/b><span>\u00a0<\/span>Distribui\u00e7\u00e3o cosmopolita.<\/strong><br \/>\n<strong class=\"font-info\" style=\"text-align: center\"><b>Fonte:<\/b><span>\u00a0<\/span><a href=\"https:\/\/pt.wikipedia.org\/wiki\/Figueira\" target=\"_blank\" rel=\"noopener noreferrer\">Wikipedia<\/a><\/strong>\n<\/div>\n<\/div>\n","protected":false},"excerpt":{"rendered":"<p>Figueira Ficus sp Classifica\u00e7\u00e3o Cient\u00edfica Reino: Plantae Divis\u00e3o: Classe: Ordem: Rosales Fam\u00edlia: Moraceae G\u00eanero: Ficus Esp\u00e9cie: sp CARACTER\u00cdSTICAS:\u00a0As figueiras s\u00e3o normalmente \u00e1rvores, embora algumas esp\u00e9cies n\u00e3o cres\u00e7am muito e permane\u00e7am como arbustos. Outras s\u00e3o trepadeiras, como o Ficus pumila, havendo ainda esp\u00e9cies rasteiras. Em todos os casos s\u00e3o plantas lenhosas,<\/p>\n","protected":false},"author":10,"featured_media":4860,"parent":4761,"menu_order":0,"comment_status":"closed","ping_status":"closed","template":"templates\/template-pagina_menu_vertical.php","meta":{"footnotes":""},"categories":[142],"tags":[],"class_list":["post-4952","page","type-page","status-publish","has-post-thumbnail","hentry","category-bosque-registro"],"_links":{"self":[{"href":"https:\/\/portal.unisepe.com.br\/univr\/wp-json\/wp\/v2\/pages\/4952","targetHints":{"allow":["GET"]}}],"collection":[{"href":"https:\/\/portal.unisepe.com.br\/univr\/wp-json\/wp\/v2\/pages"}],"about":[{"href":"https:\/\/portal.unisepe.com.br\/univr\/wp-json\/wp\/v2\/types\/page"}],"author":[{"embeddable":true,"href":"https:\/\/portal.unisepe.com.br\/univr\/wp-json\/wp\/v2\/users\/10"}],"replies":[{"embeddable":true,"href":"https:\/\/portal.unisepe.com.br\/univr\/wp-json\/wp\/v2\/comments?post=4952"}],"version-history":[{"count":8,"href":"https:\/\/portal.unisepe.com.br\/univr\/wp-json\/wp\/v2\/pages\/4952\/revisions"}],"predecessor-version":[{"id":5071,"href":"https:\/\/portal.unisepe.com.br\/univr\/wp-json\/wp\/v2\/pages\/4952\/revisions\/5071"}],"up":[{"embeddable":true,"href":"https:\/\/portal.unisepe.com.br\/univr\/wp-json\/wp\/v2\/pages\/4761"}],"wp:featuredmedia":[{"embeddable":true,"href":"https:\/\/portal.unisepe.com.br\/univr\/wp-json\/wp\/v2\/media\/4860"}],"wp:attachment":[{"href":"https:\/\/portal.unisepe.com.br\/univr\/wp-json\/wp\/v2\/media?parent=4952"}],"wp:term":[{"taxonomy":"category","embeddable":true,"href":"https:\/\/portal.unisepe.com.br\/univr\/wp-json\/wp\/v2\/categories?post=4952"},{"taxonomy":"post_tag","embeddable":true,"href":"https:\/\/portal.unisepe.com.br\/univr\/wp-json\/wp\/v2\/tags?post=4952"}],"curies":[{"name":"wp","href":"https:\/\/api.w.org\/{rel}","templated":true}]}}