{"id":5007,"date":"2021-09-22T14:27:52","date_gmt":"2021-09-22T17:27:52","guid":{"rendered":"https:\/\/portal.unisepe.com.br\/univr\/?page_id=5007"},"modified":"2021-09-22T17:49:44","modified_gmt":"2021-09-22T20:49:44","slug":"e0009","status":"publish","type":"page","link":"https:\/\/portal.unisepe.com.br\/univr\/bosque-registro\/e0009\/","title":{"rendered":"Taro"},"content":{"rendered":"<div class=\"text-center\">\n<img decoding=\"async\" style=\"padding: 0;border-radius: 5px\" src=\"https:\/\/portal.unisepe.com.br\/univr\/wp-content\/uploads\/sites\/10004\/2021\/09\/taro.jpg\" alt=\"\" \/>\n<\/div>\n<h3 class=\"title mt-1\" style=\"text-align: center\">Taro<\/h3>\n<h5 class=\"scientific-name\" style=\"text-align: center;font-weight: normal;margin-top: 0\">Colocasia esculenta<\/h5>\n<p style=\"text-align: center\">(<strong>L<\/strong>)\u00a0<strong>Schott<\/strong><\/p>\n<div class=\"mt-3 text-center\">\n<table class=\"aligncenter\">\n<tbody class=\"border\">\n<tr>\n<th colspan=\"2\">Classifica\u00e7\u00e3o Cient\u00edfica<\/th>\n<\/tr>\n<tr>\n<td>Reino:<\/td>\n<td>Plantae<\/td>\n<\/tr>\n<tr>\n<td>Divis\u00e3o:<\/td>\n<td>Magnoliophyta<\/td>\n<\/tr>\n<tr>\n<td>Classe:<\/td>\n<td>Liliopsida<\/td>\n<\/tr>\n<tr>\n<td>Ordem:<\/td>\n<td>Alismatales<\/td>\n<\/tr>\n<tr>\n<td>Fam\u00edlia:<\/td>\n<td>Arecaceae<\/td>\n<\/tr>\n<tr>\n<td>G\u00eanero:<\/td>\n<td>Colocasia<\/td>\n<\/tr>\n<tr>\n<td>Esp\u00e9cie:<\/td>\n<td>Colocasia esculenta<\/td>\n<\/tr>\n<\/tbody>\n<\/table>\n<\/div>\n<p style=\"text-align: justify\"><b>CARACTER\u00cdSTICAS: <\/b><span>\u00c9 uma planta herb\u00e1cea vivaz, caracterizada pelo seu rizoma tuberoso, que forma um cormo de aspeto escamoso e de grossura vari\u00e1vel, de onde nascem em roseta, na extremidade de longos pec\u00edolos, grandes folhas peltadas que podem atingir 70 cm de comprimento por 60 cm de largura. O limbo \u00e9 cordiforme ou ligeiramente sagitado, de cor verde mais ou menos carregado.<\/span><\/p>\n<p style=\"text-align: justify\"><b>DISTRIBUI\u00c7\u00c3O: <\/b><span>A planta parece ser origin\u00e1ria da \u00c1sia, provavelmente da \u00cdndia, mas expandiu-se em tempos pr\u00e9-hist\u00f3ricos por toda a Oceania e por partes da Am\u00e9rica Central. Foi introduzida muito tardiamente em \u00c1frica. Atualmente \u00e9 cultivada em todas as regi\u00f5es tropicais e subtropicais h\u00famidas, sendo provavelmente uma das primeiras plantas em entrar em cultivo.<\/span><\/p>\n<div class=\"text-center\">\n<p><img decoding=\"async\" class=\"img-fluid\" src=\"https:\/\/portal.unisepe.com.br\/univr\/wp-content\/uploads\/sites\/10004\/2021\/09\/mapaTaro.png\" alt=\" \" width=\"40%\" \/><\/p>\n<p><strong>Figura<\/strong>. Poss\u00edvel centro de origem da esp\u00e9cie.<\/p>\n<\/div>\n","protected":false},"excerpt":{"rendered":"<p>Taro Colocasia esculenta (L)\u00a0Schott Classifica\u00e7\u00e3o Cient\u00edfica Reino: Plantae Divis\u00e3o: Magnoliophyta Classe: Liliopsida Ordem: Alismatales Fam\u00edlia: Arecaceae G\u00eanero: Colocasia Esp\u00e9cie: Colocasia esculenta CARACTER\u00cdSTICAS: \u00c9 uma planta herb\u00e1cea vivaz, caracterizada pelo seu rizoma tuberoso, que forma um cormo de aspeto escamoso e de grossura vari\u00e1vel, de onde nascem em roseta, na extremidade<\/p>\n","protected":false},"author":10,"featured_media":0,"parent":4761,"menu_order":0,"comment_status":"closed","ping_status":"closed","template":"templates\/template-pagina_menu_vertical.php","meta":{"footnotes":""},"categories":[142],"tags":[],"class_list":["post-5007","page","type-page","status-publish","hentry","category-bosque-registro"],"_links":{"self":[{"href":"https:\/\/portal.unisepe.com.br\/univr\/wp-json\/wp\/v2\/pages\/5007","targetHints":{"allow":["GET"]}}],"collection":[{"href":"https:\/\/portal.unisepe.com.br\/univr\/wp-json\/wp\/v2\/pages"}],"about":[{"href":"https:\/\/portal.unisepe.com.br\/univr\/wp-json\/wp\/v2\/types\/page"}],"author":[{"embeddable":true,"href":"https:\/\/portal.unisepe.com.br\/univr\/wp-json\/wp\/v2\/users\/10"}],"replies":[{"embeddable":true,"href":"https:\/\/portal.unisepe.com.br\/univr\/wp-json\/wp\/v2\/comments?post=5007"}],"version-history":[{"count":30,"href":"https:\/\/portal.unisepe.com.br\/univr\/wp-json\/wp\/v2\/pages\/5007\/revisions"}],"predecessor-version":[{"id":5069,"href":"https:\/\/portal.unisepe.com.br\/univr\/wp-json\/wp\/v2\/pages\/5007\/revisions\/5069"}],"up":[{"embeddable":true,"href":"https:\/\/portal.unisepe.com.br\/univr\/wp-json\/wp\/v2\/pages\/4761"}],"wp:attachment":[{"href":"https:\/\/portal.unisepe.com.br\/univr\/wp-json\/wp\/v2\/media?parent=5007"}],"wp:term":[{"taxonomy":"category","embeddable":true,"href":"https:\/\/portal.unisepe.com.br\/univr\/wp-json\/wp\/v2\/categories?post=5007"},{"taxonomy":"post_tag","embeddable":true,"href":"https:\/\/portal.unisepe.com.br\/univr\/wp-json\/wp\/v2\/tags?post=5007"}],"curies":[{"name":"wp","href":"https:\/\/api.w.org\/{rel}","templated":true}]}}