{"id":6223,"date":"2024-02-24T09:31:26","date_gmt":"2024-02-24T12:31:26","guid":{"rendered":"https:\/\/portal.unisepe.com.br\/univr\/?page_id=6223"},"modified":"2024-02-24T09:47:58","modified_gmt":"2024-02-24T12:47:58","slug":"orientacao-profissional-e-vocacional","status":"publish","type":"page","link":"https:\/\/portal.unisepe.com.br\/univr\/pad\/orientacao-profissional-e-vocacional\/","title":{"rendered":"Orienta\u00e7\u00e3o profissional e vocacional"},"content":{"rendered":"<p style=\"text-align: justify\">A <strong>Orienta\u00e7\u00e3o Profissional e Vocacional<\/strong>, tem como objetivo favorecer a compreens\u00e3o do aluno sobre o ensino superior, plano de carreira e possibilidades de atua\u00e7\u00e3o ap\u00f3s o t\u00e9rmino da gradua\u00e7\u00e3o.<\/p>\n<p>&nbsp;<\/p>\n<p><strong>Quando procurar?<\/strong><\/p>\n<ol style=\"list-style-type: lower-alpha;margin: 0\">\n<li>Para orienta\u00e7\u00e3o de plano de carreira;<\/li>\n<li>Mediante d\u00favidas sobre a profiss\u00e3o;<\/li>\n<li>Mediante d\u00favidas sobre o ensino superior.<\/li>\n<\/ol>\n","protected":false},"excerpt":{"rendered":"<p>A Orienta\u00e7\u00e3o Profissional e Vocacional, tem como objetivo favorecer a compreens\u00e3o do aluno sobre o ensino superior, plano de carreira e possibilidades de atua\u00e7\u00e3o ap\u00f3s o t\u00e9rmino da gradua\u00e7\u00e3o. &nbsp; Quando procurar? Para orienta\u00e7\u00e3o de plano de carreira; Mediante d\u00favidas sobre a profiss\u00e3o; Mediante d\u00favidas sobre o ensino superior.<\/p>\n","protected":false},"author":10,"featured_media":0,"parent":4553,"menu_order":30,"comment_status":"closed","ping_status":"closed","template":"templates\/template-pagina_menu_vertical.php","meta":{"footnotes":""},"categories":[],"tags":[],"class_list":["post-6223","page","type-page","status-publish","hentry"],"_links":{"self":[{"href":"https:\/\/portal.unisepe.com.br\/univr\/wp-json\/wp\/v2\/pages\/6223","targetHints":{"allow":["GET"]}}],"collection":[{"href":"https:\/\/portal.unisepe.com.br\/univr\/wp-json\/wp\/v2\/pages"}],"about":[{"href":"https:\/\/portal.unisepe.com.br\/univr\/wp-json\/wp\/v2\/types\/page"}],"author":[{"embeddable":true,"href":"https:\/\/portal.unisepe.com.br\/univr\/wp-json\/wp\/v2\/users\/10"}],"replies":[{"embeddable":true,"href":"https:\/\/portal.unisepe.com.br\/univr\/wp-json\/wp\/v2\/comments?post=6223"}],"version-history":[{"count":2,"href":"https:\/\/portal.unisepe.com.br\/univr\/wp-json\/wp\/v2\/pages\/6223\/revisions"}],"predecessor-version":[{"id":6226,"href":"https:\/\/portal.unisepe.com.br\/univr\/wp-json\/wp\/v2\/pages\/6223\/revisions\/6226"}],"up":[{"embeddable":true,"href":"https:\/\/portal.unisepe.com.br\/univr\/wp-json\/wp\/v2\/pages\/4553"}],"wp:attachment":[{"href":"https:\/\/portal.unisepe.com.br\/univr\/wp-json\/wp\/v2\/media?parent=6223"}],"wp:term":[{"taxonomy":"category","embeddable":true,"href":"https:\/\/portal.unisepe.com.br\/univr\/wp-json\/wp\/v2\/categories?post=6223"},{"taxonomy":"post_tag","embeddable":true,"href":"https:\/\/portal.unisepe.com.br\/univr\/wp-json\/wp\/v2\/tags?post=6223"}],"curies":[{"name":"wp","href":"https:\/\/api.w.org\/{rel}","templated":true}]}}

Orientação profissional e vocacional

<p style="text-align: justify">A <strong>Orientação Profissional e Vocacional</strong>, tem como objetivo favorecer a compreensão do aluno sobre o ensino superior, plano de carreira e possibilidades de atuação após o término da graduação.</p>
<p>&nbsp;</p>
<p><strong>Quando procurar?</strong></p>
<ol style="list-style-type: lower-alpha;margin: 0">
<li>Para orientação de plano de carreira;</li>
<li>Mediante dúvidas sobre a profissão;</li>
<li>Mediante dúvidas sobre o ensino superior.</li>
</ol>

<p>A Orientação Profissional e Vocacional, tem como objetivo favorecer a compreensão do aluno sobre o ensino superior, plano de carreira e possibilidades de atuação após o término da graduação. &nbsp; Quando procurar? Para orientação de plano de carreira; Mediante dúvidas sobre a profissão; Mediante dúvidas sobre o ensino superior.</p>
