{"id":666,"date":"2016-07-14T00:56:34","date_gmt":"2016-07-14T00:56:34","guid":{"rendered":"http:\/\/portal.unisepe.com.br\/univr\/?page_id=666"},"modified":"2017-02-02T09:49:16","modified_gmt":"2017-02-02T11:49:16","slug":"escola-da-familia","status":"publish","type":"page","link":"https:\/\/portal.unisepe.com.br\/univr\/bolsas-e-financiamento\/escola-da-familia\/","title":{"rendered":"Escola da Fam\u00edlia"},"content":{"rendered":"<p><strong>Hist\u00f3rico:<\/strong><br \/>\nO Programa Escola da Fam\u00edlia \u00e9 um conv\u00eanio que foi estabelecido entre o Governo do Estado de S\u00e3o Paulo e as Institui\u00e7\u00f5es de Ensino Superior, por meio da\u00a0Secretaria de Estado da Educa\u00e7\u00e3o.<br \/>\nO estudante contemplado receber\u00e1 bolsa integral de seu curso \u2013 a Secretaria de Estado da Educa\u00e7\u00e3o arca com 50% do valor da mensalidade, com teto de R$ 500,00, e a institui\u00e7\u00e3o de ensino completa o restante do valor da mensalidade.<br \/>\nEm contrapartida, ir\u00e1 atuar como educador universit\u00e1rio em uma escola participante do Programa Escola da Fam\u00edlia, que abre unidades escolares aos s\u00e1bados e domingos para a comunidade.<br \/>\nAs atividades desenvolvidas nas escolas poder\u00e3o ser organizadas nos quatro eixos de atua\u00e7\u00e3o do Programa Escola da Fam\u00edlia: Esporte, Cultura, Sa\u00fade e Trabalho.<\/p>\n<p><strong>Como se inscrever no Programa Bolsa Universidade \u2013 Escola da Fam\u00edlia?<\/strong><br \/>\nPara se candidatar ao Programa Escola da Fam\u00edlia, o universit\u00e1rio dever\u00e1 preencher o formul\u00e1rio de inscri\u00e7\u00e3o, on-line, no site<a href=\"http:\/\/escoladafamilia.fde.sp.gov.br\/\">http:\/\/escoladafamilia.fde.sp.gov.br<\/a><br \/>\nPode candidatar-se a Educador Universit\u00e1rio do Programa Escola da Fam\u00edlia, o estudante que atenda aos seguintes requisitos:<br \/>\n1. Estar regularmente matriculado em curso de gradua\u00e7\u00e3o, em turma apta a ser iniciada, imediatamente, ou em exerc\u00edcio, de Institui\u00e7\u00e3o Privada de Ensino Superior conveniada com a SEE\/FDE;<br \/>\n2. Ter interesse e disponibilidade para desenvolver as atividades do Programa junto \u00e0s Escolas P\u00fablicas Estaduais ou Municipais, cumprindo a carga hor\u00e1ria de 8 (oito) horas aos finais de semana.<br \/>\n3. N\u00e3o possuir n\u00edvel superior completo;<\/p>\n<ul>\n<li>(A inscri\u00e7\u00e3o para candidato que j\u00e1 possua n\u00edvel superior completo \u00e9 poss\u00edvel quando a bolsa pleiteada for para curso de licenciatura).<\/li>\n<\/ul>\n<p>Para maiores informa\u00e7\u00f5es acesse o link: <a href=\"http:\/\/escoladafamilia.fde.sp.gov.br\/v2\/Arquivos\/REGULAMENTO-2014.pdf\">http:\/\/escoladafamilia.fde.sp.gov.br\/v2\/Arquivos\/REGULAMENTO-2014.pdf<\/a><br \/>\nPara se candidatar ao Programa Escola da Fam\u00edlia, o universit\u00e1rio dever\u00e1 preencher o formul\u00e1rio de inscri\u00e7\u00e3o, on-line, no site<a href=\"http:\/\/escoladafamilia.fde.sp.gov.br\/\">http:\/\/escoladafamilia.fde.sp.gov.br<\/a><\/p>\n<p><strong>IMPORTANTE<\/strong><br \/>\nSe o candidato j\u00e1 houver iniciado um cadastro, dever\u00e1 acessar o mesmo com seu CPF e senha, nos campos indicados (caso n\u00e3o tenha alterado a senha, ser\u00e1 o n\u00ba do CPF).<br \/>\nO PROTOCOLO DE INSCRI\u00c7\u00c3O somente ficar\u00e1 dispon\u00edvel se todo o cadastro estiver completamente preenchido (nenhum campo pode ficar em branco) e durante o per\u00edodo de inscri\u00e7\u00f5es. Ap\u00f3s esse per\u00edodo o acesso ao cadastro \u00e9 bloqueado e ser\u00e1 reaberto somente no pr\u00f3ximo per\u00edodo de inscri\u00e7\u00e3o.<\/p>\n<p><strong>Obs.: Caso seja contemplado com a bolsa do Programa, e n\u00e3o houver vaga nas escolas indicadas, o candidato dever\u00e1 escolher escolas em que haja vagas no momento; caso n\u00e3o aceite nenhuma das op\u00e7\u00f5es, o mesmo dever\u00e1 ser desclassificado e consequentemente n\u00e3o iniciar\u00e1 suas atividades no Programa, pois n\u00e3o \u00e9 permitido ficar aguardando surgirem vagas nas escolas indicadas.<\/strong><\/p>\n<p><strong>Ap\u00f3s o encaminhamento para in\u00edcio das atividades na escola o aluno dever\u00e1 comparecer a IES munido do protocolo de encaminhamento entregue pela diretoria de ensino que dever\u00e1 estar devidamente assinado, para preencher o requerimento de solicita\u00e7\u00e3o de inclus\u00e3o na bolsa.<\/strong><br \/>\n<strong>Caso o aluno possua mensalidades em atraso o mesmo dever\u00e1 regularizar a situa\u00e7\u00e3o financeira junto a Faculdade para efetiva\u00e7\u00e3o da inclus\u00e3o da bolsa.<\/strong><br \/>\n<strong>A bolsa do Programa Escola da Fam\u00edlia n\u00e3o \u00e9 acumulativa com outros benef\u00edcios.<\/strong><\/p>\n<p><strong>Portarias (Decretos):<\/strong><\/p>\n<ul>\n<li><a href=\"\/wp-content\/uploads\/sites\/10003\/2016\/12\/escola_da_familia_Decreto_n%C2%BA48.781.pdf\" target=\"_blank\">Decreto n\u00ba 48.781<\/a><\/li>\n<li><a href=\"\/wp-content\/uploads\/sites\/10003\/2016\/12\/escola_da_familia_Resolu%C3%A7%C3%A3o_SE_24_2005_Escola_em_Parceria.pdf\" target=\"_blank\">Resolu\u00e7\u00e3o SE 24 2005 Escola em Parceria<\/a><\/li>\n<li><a href=\"\/wp-content\/uploads\/sites\/10003\/2016\/12\/escola_da_familia_Resolu%C3%A7%C3%A3o_SE_n%C2%BA18_2010.pdf\" target=\"_blank\">Resolu\u00e7\u00e3o SE n\u00ba 18 2010<\/a><\/li>\n<\/ul>\n<p><strong>Regulamento:<\/strong><\/p>\n<ul>\n<li><a href=\"\/wp-content\/uploads\/sites\/10003\/2016\/12\/escola_da_familia_REGULAMENTO_DA_ESCOLA_DA_FAM%C3%8DLIA_2015.pdf\" target=\"_blank\">Regulamento 2015<\/a><\/li>\n<li><a href=\"\/wp-content\/uploads\/sites\/10003\/2016\/12\/escola_da_familia_REGULAMENTO_DA_ESCOLA_DA_FAM%C3%8DLIA_2014.pdf\" target=\"_blank\">Regulamento 2014<\/a><\/li>\n<\/ul>\n<p><strong>Passo a Passo de Inscri\u00e7\u00e3o:<\/strong><\/p>\n<ul>\n<li><a href=\"\/wp-content\/uploads\/sites\/10003\/2016\/12\/escola_da_familia_Passo_a_Passo_de_Inscricao.pdf\" target=\"_blank\">Inscri\u00e7\u00e3o<\/a><\/li>\n<\/ul>\n<p><strong>Passo a Passo de Rematr\u00edcula:<\/strong><\/p>\n<ul>\n<li><a href=\"\/wp-content\/uploads\/sites\/10003\/2016\/12\/escola_da_familia_Passo_a_Passo_de_rematricula.pdf\" target=\"_blank\">Rematr\u00edcula<\/a><\/li>\n<\/ul>\n","protected":false},"excerpt":{"rendered":"<p>Hist\u00f3rico: O Programa Escola da Fam\u00edlia \u00e9 um conv\u00eanio que foi estabelecido entre o Governo do Estado de S\u00e3o Paulo e as Institui\u00e7\u00f5es de Ensino Superior, por meio da\u00a0Secretaria de Estado da Educa\u00e7\u00e3o. O estudante contemplado receber\u00e1 bolsa integral de seu curso \u2013 a Secretaria de Estado da Educa\u00e7\u00e3o arca<\/p>\n","protected":false},"author":1,"featured_media":0,"parent":647,"menu_order":0,"comment_status":"closed","ping_status":"closed","template":"templates\/template-pagina_menu_vertical.php","meta":{"footnotes":""},"categories":[],"tags":[],"class_list":["post-666","page","type-page","status-publish","hentry"],"_links":{"self":[{"href":"https:\/\/portal.unisepe.com.br\/univr\/wp-json\/wp\/v2\/pages\/666","targetHints":{"allow":["GET"]}}],"collection":[{"href":"https:\/\/portal.unisepe.com.br\/univr\/wp-json\/wp\/v2\/pages"}],"about":[{"href":"https:\/\/portal.unisepe.com.br\/univr\/wp-json\/wp\/v2\/types\/page"}],"author":[{"embeddable":true,"href":"https:\/\/portal.unisepe.com.br\/univr\/wp-json\/wp\/v2\/users\/1"}],"replies":[{"embeddable":true,"href":"https:\/\/portal.unisepe.com.br\/univr\/wp-json\/wp\/v2\/comments?post=666"}],"version-history":[{"count":1,"href":"https:\/\/portal.unisepe.com.br\/univr\/wp-json\/wp\/v2\/pages\/666\/revisions"}],"predecessor-version":[{"id":1270,"href":"https:\/\/portal.unisepe.com.br\/univr\/wp-json\/wp\/v2\/pages\/666\/revisions\/1270"}],"up":[{"embeddable":true,"href":"https:\/\/portal.unisepe.com.br\/univr\/wp-json\/wp\/v2\/pages\/647"}],"wp:attachment":[{"href":"https:\/\/portal.unisepe.com.br\/univr\/wp-json\/wp\/v2\/media?parent=666"}],"wp:term":[{"taxonomy":"category","embeddable":true,"href":"https:\/\/portal.unisepe.com.br\/univr\/wp-json\/wp\/v2\/categories?post=666"},{"taxonomy":"post_tag","embeddable":true,"href":"https:\/\/portal.unisepe.com.br\/univr\/wp-json\/wp\/v2\/tags?post=666"}],"curies":[{"name":"wp","href":"https:\/\/api.w.org\/{rel}","templated":true}]}}