{"id":81,"date":"2015-07-28T12:24:00","date_gmt":"2015-07-28T12:24:00","guid":{"rendered":"http:\/\/www.fasupi.com.br\/site\/?page_id=81"},"modified":"2022-04-19T11:15:19","modified_gmt":"2022-04-19T14:15:19","slug":"a-instituicao","status":"publish","type":"page","link":"https:\/\/portal.unisepe.com.br\/univr\/a-instituicao\/","title":{"rendered":"A Institui\u00e7\u00e3o"},"content":{"rendered":"<div style=\"text-align: justify\"><span><strong>Centro Universit\u00e1rio do Vale do Ribeira &#8211; UNIVR (C\u00f3d.1554)<\/strong><\/span><\/div>\n<div style=\"text-align: justify\"><\/div>\n<div>\n<p style=\"text-align: justify\">Hist\u00f3rico de implanta\u00e7\u00e3o e desenvolvimento da institui\u00e7\u00e3o<\/p>\n<p style=\"text-align: justify\">1.Cria\u00e7\u00e3o e trajet\u00f3ria<\/p>\n<p style=\"text-align: justify\">Hist\u00f3rico institucional \u2013 1972 at\u00e9 2020<\/p>\n<p style=\"text-align: justify\">Do marco inicial em 1972 com as Faculdade de Filosofia, Ci\u00eancias e Letras de Registro at\u00e9 os dias atuais com as Faculdades Integradas do Vale do Ribeira \u2013 FIVR e a solicita\u00e7\u00e3o para transforma\u00e7\u00e3o da organiza\u00e7\u00e3o acad\u00eamica da \u201cfaculdade\u201d para \u201cCentro Universit\u00e1rio\u201d (2018) com a denomina\u00e7\u00e3o de UNIVR \u2013 Centro Universit\u00e1rio do Vale do Ribeira.<\/p>\n<p style=\"text-align: justify\">1.1. A Sociedade de Cultura e Educa\u00e7\u00e3o do Litoral Sul Ltda. \u2013 SCELISUL \u2013 (C\u00f3d.184) foi mantenedora das Faculdades Integradas do Vale do Ribeira \u2013 FIVR \u2013 (C\u00f3d.1554) criada pela Portaria MEC n\u00ba1. 325 publicada no dia 28\/08\/2000. O credenciamento das Faculdades Integradas do Vale do Ribeira ocorreu atrav\u00e9s do Parecer CNE\/CES 699\/2000, em 8\/8\/2000, por unifica\u00e7\u00e3o da Faculdade de Filosofia, Ci\u00eancias e Letras de Registro, autorizada pelo Decreto 70.476 de 4 maio de 1972, publicado no DOU em 5 de maio de 1972 e da Faculdade de Ci\u00eancias Administrativas e Cont\u00e1beis do Vale do Ribeira, autorizada pelo Decreto 90.689 de 12 de dezembro de 1984, publicado no DOU em 13 de dezembro de 1984.<\/p>\n<p style=\"text-align: justify\">A Sociedade de Cultura e Educa\u00e7\u00e3o do Litoral Sul Ltda. \u2013 SCELISUL \u2013 (C\u00f3d.184) tamb\u00e9m foi mantenedora da Faculdade de Tecnologia do Vale do Ribeira \u2013 FTVR \u2013 (C\u00f3d.3676) criada pela Portaria MEC n\u00ba3.322 publicada no dia 13\/11\/2003.<\/p>\n<p style=\"text-align: justify\">1.2 A Sociedade Acad\u00eamica Amparense \u2013 SAA \u2013 (C\u00f3d. 715) e a cria\u00e7\u00e3o da Faculdade do Litoral Sul \u2013 FASUL \u2013 (C\u00f3d. 2797).<\/p>\n<p style=\"text-align: justify\">Por meio da Portaria n\u00ba. 4.392, de 29 de dezembro de 2004, foi criada a Faculdade do Litoral Sul \u2013 FASUL \u2013 (C\u00f3d. 2797) mantida pela a Sociedade Acad\u00eamica Amparense \u2013 SAA \u2013 (C\u00f3d. 715).<\/p>\n<p style=\"text-align: justify\">1.3 Como ficou a situa\u00e7\u00e3o do \u201cCampus Massao Sugano\u201d<\/p>\n<p style=\"text-align: justify\">A Sociedade Acad\u00eamica Amparense \u2013 SAA \u2013 (C\u00f3d. 715) e a Sociedade de Cultura e Educa\u00e7\u00e3o do Litoral Sul Ltda. \u2013 SCELISUL \u2013 (C\u00f3d.184) eram constitu\u00eddas pelos mesmos s\u00f3cios-propriet\u00e1rios, assim o \u201cCampus Massao Sugano\u201d passou a ter em sua \u00e1rea, tr\u00eas institui\u00e7\u00f5es mantidas, por duas mantenedoras.<\/p>\n<p style=\"text-align: justify\">Mantenedora 1: Sociedade de Cultura e Educa\u00e7\u00e3o do Litoral Sul Ltda. \u2013 SCELISUL \u2013 (C\u00f3d.184): mantenedora das institui\u00e7\u00f5es Faculdades Integradas do Vale do Ribeira \u2013 FIVR \u2013 (C\u00f3d.1554) e a Faculdade de Tecnologia do Vale do Ribeira \u2013 FTVR \u2013 (C\u00f3d.3676);<\/p>\n<p style=\"text-align: justify\">Mantenedora 2: Sociedade Acad\u00eamica Amparense \u2013 SAA \u2013 (C\u00f3d. 715): mantenedora da Faculdade do Litoral Sul \u2013 FASUL \u2013 (c\u00f3d. 2797).<\/p>\n<p style=\"text-align: justify\">1.4 A Transfer\u00eancia de Manten\u00e7a das Faculdades Integradas do Vale do Ribeira \u2013 FIVR e da Faculdade de Tecnologia do Vale do Ribeira \u2013 FTVR para a Sociedade Acad\u00eamica Amparense \u2013 SAA (C\u00f3d. 715).<\/p>\n<p style=\"text-align: justify\">Por meio da Portaria n\u00ba. 889, de 18 de outubro de 2007, as Faculdades Integradas do Vale do Ribeira \u2013 FIVR \u2013 e a Faculdade de Tecnologia do Vale do Ribeira &#8211; FTVR, ambas mantidas pela Sociedade de Cultura e Educa\u00e7\u00e3o do Litoral Sul \u2013 SCELISUL \u2013 (C\u00f3d.184) passaram a ser mantidas pela Sociedade Acad\u00eamica Amparense S\/C Ltda. (C\u00f3d. 715).<\/p>\n<p style=\"text-align: justify\">1.5 Unifica\u00e7\u00e3o de mantidas: a Faculdade do Litoral Sul \u2013 FASUL (C\u00f3d. 2797) se unifica com as Faculdades Integradas do Vale do Ribeira \u2013 FIVR (C\u00f3d.1554), mantendo o nome de Faculdades Integradas do Vale do Ribeira \u2013 FIVR (C\u00f3d.1554).<\/p>\n<p style=\"text-align: justify\">Por meio da Portaria n\u00ba423, de 6 de junho de 2008, a Faculdade do Litoral Sul \u2013 FASUL \u2013 (C\u00f3d. 2797) se unificou com as Faculdades Integradas do Vale do Ribeira \u2013 FIVR (C\u00f3d.1554). A partir da Portaria n\u00ba423, a Faculdade do Litoral Sul \u2013 FASUL \u2013 (C\u00f3d. 2797), foi declarada extinta, ficando a responsabilidade dos cursos para as Faculdades Integradas do Vale do Ribeira &#8211; FIVR (C\u00f3d.1554).<\/p>\n<p style=\"text-align: justify\">1.6 Unifica\u00e7\u00e3o de mantidas: a Faculdade de Tecnologia do Vale do Ribeira \u2013 FTVR (C\u00f3d. 3676) se unificou com as Faculdades Integradas do Vale do Ribeira \u2013 FIVR (C\u00f3d.1554), mantendo o nome de Faculdades Integradas do Vale do Ribeira \u2013 FIVR (C\u00f3d.1554).<\/p>\n<p style=\"text-align: justify\">Por meio da Portaria n\u00ba839 de 14 de novembro de 2008 a Faculdade de Tecnologia do Vale do Ribeira \u2013 FTVR (C\u00f3d. 3676) se unificou com as Faculdades Integradas do Vale do Ribeira \u2013 FIVR (C\u00f3d.1554). A partir da Portaria n\u00ba839, a Faculdade de Tecnologia do Vale do Ribeira \u2013 FTVR (C\u00f3d. 3676), foi declarada extinta, ficando a responsabilidade de seus cursos para as Faculdades Integradas do Vale do Ribeira &#8211; FIVR (C\u00f3d.1554).<\/p>\n<p style=\"text-align: justify\">1.7 Mudan\u00e7a da Raz\u00e3o Social da Mantenedora \u2013 UNISEP(E).<\/p>\n<p style=\"text-align: justify\">A Sociedade Acad\u00eamica Amparense S\/C Ltda. (c\u00f3d. 715), ap\u00f3s a publica\u00e7\u00e3o da Portaria n\u00ba. 889, de 18 de outubro de 2007, passou a ser composta pela Sociedade de Cultura e Educa\u00e7\u00e3o do Litoral Sul, que mantinha as Faculdades Integradas do Vale do Ribeira do munic\u00edpio de Registro-SP; pela Sociedade Sul Mineira de Educa\u00e7\u00e3o e Cultura Ltda., que mantinha as Faculdades Asmec do munic\u00edpio de Ouro Fino-MG e pela Sociedade Educacional Santa Marta Ltda., que mantinha a Faculdade de S\u00e3o Louren\u00e7o do munic\u00edpio de S\u00e3o Louren\u00e7o-MG.<\/p>\n<p style=\"text-align: justify\">Em janeiro de 2008, a Sociedade Acad\u00eamica Amparense S\/C Ltda. (c\u00f3d. 715) mudou sua raz\u00e3o social para Uni\u00e3o das Institui\u00e7\u00f5es de Servi\u00e7os, Ensino e Pesquisa Ltda. \u2013 UNISEP (C\u00f3d. 715), registrando a sua Logomarca como UNISEPE. Em 2010 tamb\u00e9m foi solicitada a transfer\u00eancia de manten\u00e7a do Instituto de Educa\u00e7\u00e3o Superior de Pouso Alegre \u2013 IES de Pouso Alegre (C\u00f3d.3823), mantida pela Sociedade Sul Mineira de Educa\u00e7\u00e3o e Cultura Ltda. (C\u00f3d.364), da Faculdade Peru\u00edbe \u2013 FPBE (C\u00f3d.4185), mantida pela Sociedade de Cultura e Educa\u00e7\u00e3o do Litoral Sul Ltda.\u2013 SCELISUL (C\u00f3d.184) para a Uni\u00e3o das Institui\u00e7\u00f5es de Servi\u00e7os, Ensino e Pesquisa Ltda. \u2013 UNISEP (C\u00f3d. 715), com posterior acr\u00e9scimo da letra \u201ce\u201d, passando a se denominar UNISEPE.<\/p>\n<p style=\"text-align: justify\">1.8. As Faculdades Integradas do Vale do Ribeira (C\u00f3d.1554), credenciamento para o ensino a dist\u00e2ncia.<\/p>\n<p style=\"text-align: justify\">As Faculdades Integradas do Vale do Ribeira \u2013 FIVR \u2013 (C\u00f3d.1554) teve a publica\u00e7\u00e3o do credenciamento da IES para a modalidade a dist\u00e2ncia, por meio da Portaria n\u00ba5 de 5 de janeiro de 2018, publicada no D.O.U. de 8\/1\/2018.<\/p>\n<p style=\"text-align: justify\">1.9. No segundo semestre de 2019 atrav\u00e9s da Portaria N\u00ba 1.331, de 12 de julho de 2019 as Faculdades Integradas do Vale do Ribeira (C\u00f3d.1554), teve sua transforma\u00e7\u00e3o da organiza\u00e7\u00e3o acad\u00eamica de &#8220;faculdade&#8221; para<span>\u00a0<\/span><span><strong>&#8220;centro universit\u00e1rio&#8221;<\/strong><\/span>, passando a ser denominada Centro Universit\u00e1rio do Vale do Ribeira &#8211; UNIVR (C\u00f3d.1554).<\/p>\n<\/div>\n","protected":false},"excerpt":{"rendered":"<p>Centro Universit\u00e1rio do Vale do Ribeira &#8211; UNIVR (C\u00f3d.1554) Hist\u00f3rico de implanta\u00e7\u00e3o e desenvolvimento da institui\u00e7\u00e3o 1.Cria\u00e7\u00e3o e trajet\u00f3ria Hist\u00f3rico institucional \u2013 1972 at\u00e9 2020 Do marco inicial em 1972 com as Faculdade de Filosofia, Ci\u00eancias e Letras de Registro at\u00e9 os dias atuais com as Faculdades Integradas do Vale<\/p>\n","protected":false},"author":1,"featured_media":0,"parent":0,"menu_order":0,"comment_status":"open","ping_status":"open","template":"templates\/template-pagina_menu_vertical.php","meta":{"footnotes":""},"categories":[],"tags":[],"class_list":["post-81","page","type-page","status-publish","hentry"],"_links":{"self":[{"href":"https:\/\/portal.unisepe.com.br\/univr\/wp-json\/wp\/v2\/pages\/81","targetHints":{"allow":["GET"]}}],"collection":[{"href":"https:\/\/portal.unisepe.com.br\/univr\/wp-json\/wp\/v2\/pages"}],"about":[{"href":"https:\/\/portal.unisepe.com.br\/univr\/wp-json\/wp\/v2\/types\/page"}],"author":[{"embeddable":true,"href":"https:\/\/portal.unisepe.com.br\/univr\/wp-json\/wp\/v2\/users\/1"}],"replies":[{"embeddable":true,"href":"https:\/\/portal.unisepe.com.br\/univr\/wp-json\/wp\/v2\/comments?post=81"}],"version-history":[{"count":8,"href":"https:\/\/portal.unisepe.com.br\/univr\/wp-json\/wp\/v2\/pages\/81\/revisions"}],"predecessor-version":[{"id":6404,"href":"https:\/\/portal.unisepe.com.br\/univr\/wp-json\/wp\/v2\/pages\/81\/revisions\/6404"}],"wp:attachment":[{"href":"https:\/\/portal.unisepe.com.br\/univr\/wp-json\/wp\/v2\/media?parent=81"}],"wp:term":[{"taxonomy":"category","embeddable":true,"href":"https:\/\/portal.unisepe.com.br\/univr\/wp-json\/wp\/v2\/categories?post=81"},{"taxonomy":"post_tag","embeddable":true,"href":"https:\/\/portal.unisepe.com.br\/univr\/wp-json\/wp\/v2\/tags?post=81"}],"curies":[{"name":"wp","href":"https:\/\/api.w.org\/{rel}","templated":true}]}}