{"id":91,"date":"2015-07-28T12:25:48","date_gmt":"2015-07-28T12:25:48","guid":{"rendered":"http:\/\/www.fasupi.com.br\/site\/?page_id=91"},"modified":"2015-07-28T12:25:48","modified_gmt":"2015-07-28T12:25:48","slug":"mantenedora","status":"publish","type":"page","link":"https:\/\/portal.unisepe.com.br\/univr\/a-instituicao\/mantenedora\/","title":{"rendered":"Mantenedora"},"content":{"rendered":"<p style=\"text-align: justify;\"><strong>Entidade Mantenedora<\/strong><\/p>\n<p style=\"text-align: justify;\">Uni\u00e3o das Institui\u00e7\u00f5es de Servi\u00e7os, Ensino e Pesquisa Ltda \u2013 UNISEPE \u00e9 mantenedora das Faculdades Integradas do Vale do Ribeira \u2013 FIVR e do Instituto T\u00e9cnico do Vale do Ribeira \u2013 ITEC.<\/p>\n<p style=\"text-align: justify;\">A Raz\u00e3o Social: UNISEP \u2013 Uni\u00e3o das Institui\u00e7\u00f5es de Servi\u00e7o, Ensino e Pesquisa Ltda foi Registrada na Junta Comercial do Estado de S\u00e3o Paulo \u2013 JUCESP sob o n\u00famero 462.028\/07-0 em 12\/12\/2007.<\/p>\n<p style=\"text-align: justify;\"><strong>Observa\u00e7\u00f5es importantes:<\/strong><\/p>\n<p style=\"text-align: justify;\">1. Sobre a Faculdade do Litoral Sul \u2013 FASUL:<\/p>\n<p style=\"text-align: justify;\">A Portaria n\u00ba423 de 6 de junho de 2008, publicada no D.O.U. de 9 de junho de 2008 em seu artigo 1\u00ba: \u201cArt. 1\u00ba Aprovar a unifica\u00e7\u00e3o da Faculdade do Litoral Sul (2797), \u00e0s Faculdades Integradas do Vale do Ribeira (1554), situada sediada \u00e0 Rua Oscar Yoshiaki Mag\u00e1rio, s\/n &#8211; Bairro Jardim das Palmeiras &#8211; CEP 11900-000 &#8211; REGISTRO &#8211; SP, ambas mantidas pela Uni\u00e3o das Institui\u00e7\u00f5es de Servi\u00e7os, Ensino e Pesquisa Ltda. (715), CNPJ 67.172.676\/0001-33, na forma de aditamento aos seus atos de credenciamento, nos termos do \u00a7 4\u00ba do art. 10 do Decreto n. 5.773\/2006.\u201d<\/p>\n<p style=\"text-align: justify;\">2. Sobre a Faculdade de Tecnologia do Vale do Ribeira \u2013 FTVR:<\/p>\n<p style=\"text-align: justify;\">A Portaria n\u00ba839 de 14 de novembro de 2008, publicada no D.O.U. de 17 de novembro de 2008 em seu artigo 1\u00ba: \u201cArt. 1\u00ba Aprovar a unifica\u00e7\u00e3o da Faculdade de Tecnologia do Vale do Ribeira &#8211; FIVR (3676), \u00e0s Faculdades Integradas do Vale do Ribeira (1554), situada sediada \u00e0 Rua Oscar Yoshiaki Mag\u00e1rio, s\/n &#8211; Bairro Jardim das Palmeiras &#8211; CEP 11900-000 &#8211; REGISTRO &#8211; SP, ambas mantidas pela Uni\u00e3o das Institui\u00e7\u00f5es de Servi\u00e7os, Ensino e Pesquisa Ltda. (715), CNPJ 67.172.676\/0001-33, na forma de aditamento aos seus atos de credenciamento, nos termos do \u00a7 4\u00ba do art. 10 do Decreto n. 5.773\/2006.\u201d<\/p>\n","protected":false},"excerpt":{"rendered":"<p>Entidade Mantenedora Uni\u00e3o das Institui\u00e7\u00f5es de Servi\u00e7os, Ensino e Pesquisa Ltda \u2013 UNISEPE \u00e9 mantenedora das Faculdades Integradas do Vale do Ribeira \u2013 FIVR e do Instituto T\u00e9cnico do Vale do Ribeira \u2013 ITEC. A Raz\u00e3o Social: UNISEP \u2013 Uni\u00e3o das Institui\u00e7\u00f5es de Servi\u00e7o, Ensino e Pesquisa Ltda foi Registrada<\/p>\n","protected":false},"author":1,"featured_media":0,"parent":81,"menu_order":0,"comment_status":"open","ping_status":"open","template":"templates\/template-pagina_menu_vertical.php","meta":{"footnotes":""},"categories":[],"tags":[],"class_list":["post-91","page","type-page","status-publish","hentry"],"_links":{"self":[{"href":"https:\/\/portal.unisepe.com.br\/univr\/wp-json\/wp\/v2\/pages\/91","targetHints":{"allow":["GET"]}}],"collection":[{"href":"https:\/\/portal.unisepe.com.br\/univr\/wp-json\/wp\/v2\/pages"}],"about":[{"href":"https:\/\/portal.unisepe.com.br\/univr\/wp-json\/wp\/v2\/types\/page"}],"author":[{"embeddable":true,"href":"https:\/\/portal.unisepe.com.br\/univr\/wp-json\/wp\/v2\/users\/1"}],"replies":[{"embeddable":true,"href":"https:\/\/portal.unisepe.com.br\/univr\/wp-json\/wp\/v2\/comments?post=91"}],"version-history":[{"count":0,"href":"https:\/\/portal.unisepe.com.br\/univr\/wp-json\/wp\/v2\/pages\/91\/revisions"}],"up":[{"embeddable":true,"href":"https:\/\/portal.unisepe.com.br\/univr\/wp-json\/wp\/v2\/pages\/81"}],"wp:attachment":[{"href":"https:\/\/portal.unisepe.com.br\/univr\/wp-json\/wp\/v2\/media?parent=91"}],"wp:term":[{"taxonomy":"category","embeddable":true,"href":"https:\/\/portal.unisepe.com.br\/univr\/wp-json\/wp\/v2\/categories?post=91"},{"taxonomy":"post_tag","embeddable":true,"href":"https:\/\/portal.unisepe.com.br\/univr\/wp-json\/wp\/v2\/tags?post=91"}],"curies":[{"name":"wp","href":"https:\/\/api.w.org\/{rel}","templated":true}]}}